000
CXUS54 KEWX 011110
CF6UVA
PRELIMINARY LOCAL CLIMATOLOGICAL DATA (WS FORM: F-6)
STATION: UVALDE
MONTH: DECEMBER
YEAR: 2023
LATITUDE: 29 12 N
LONGITUDE: 99 44 W
TEMPERATURE IN F: :PCPN: SNOW: WIND :SUNSHINE: SKY :PK WND
================================================================================
1 2 3 4 5 6A 6B 7 8 9 10 11 12 13 14 15 16 17 18
12Z AVG MX 2MIN
DY MAX MIN AVG DEP HDD CDD WTR SNW DPTH SPD SPD DIR MIN PSBL S-S WX SPD DR
================================================================================
1 77 49 63 M 2 0 0.00 M M 5.2 12 10 M M 1 1 18 10
2 73 46 60 M 5 0 0.00 M M 4.8 18 280 M M 0 22 280
3 74 40 57 M 8 0 0.00 M M 2.0 10 220 M M 0 M M
4 73 42 58 M 7 0 0.02 M M 5.3 14 50 M M 0 18 50
5 72 44 58 M 7 0 0.00 M M 4.0 8 60 M M 2 M M
6 71 47 59 M 6 0 0.00 M M 6.1 9 140 M M 0 17 100
7 70 46 58 M 7 0 0.00 M M 5.8 12 160 M M 7 M M
8 72 57 65 M 0 0 0.00 M M 4.0 7 30 M M 6 M M
9 80 51 66 M 0 1 0.00 M M 7.0 17 360 M M 3 22 330
10 61 32 47 M 18 0 0.00 M M 6.0 13 310 M M 0 18 360
11 67 30 49 M 16 0 0.00 M M 3.6 9 150 M M 0 M M
12 64 39 52 M 13 0 0.00 M M 8.5 14 120 M M 8 23 120
13 59 52 56 M 9 0 0.00 M M 12.3 16 70 M M 10 1 24 80
14 60 49 55 M 10 0 0.00 M M 9.5 14 70 M M 10 20 70
15 64 51 58 M 7 0 0.00 M M 4.5 13 360 M M 5 17 360
16 69 41 55 M 10 0 0.00 M M 4.8 9 330 M M 0 17 310
17 71 36 54 M 11 0 0.00 M M 2.3 9 200 M M 0 M M
18 73 40 57 M 8 0 0.00 M M 3.3 9 110 M M 0 M M
19 68 42 55 M 10 0 0.00 0.0 M 7.8 14 170 M M 0 17 160
20 61 49 55 M 10 0 0.00 M M 6.3 9 100 M M 7 1 M M
21 66 59 63 M 2 0 0.00 M M 5.6 9 150 M M 6 M M
22 69 60 65 M 0 0 0.00 M M 3.4 7 180 M M 7 M M
23 67 61 64 M 1 0 0.01 M M 7.9 13 150 M M 8 1 17 120
24 73 52 63 M 2 0 0.00 M M 8.2 20 300 M M 5 28 300
25 57 41 49 M 16 0 0.00 M M 4.8 10 350 M M 0 M M
26 59 35 47 M 18 0 0.00 M M 3.9 8 220 M M 2 M M
27 69 35 52 M 13 0 0.00 M M 4.2 10 300 M M 0 12 300
28 64 33 49 M 16 0 0.00 M M 2.3 8 40 M M 0 M M
29 63 30 47 M 18 0 0.00 M M 5.0 13 270 M M 0 20 270
30 69 29 49 M 16 0 0.00 M M 3.1 9 200 M M 0 M M
31 73 36 55 M 10 0 0.00 M M 3.7 8 170 M M 0 M M
================================================================================
SM 2108 1354 276 1 0.03 0.0 165.4 M 87
================================================================================
AV 68.0 43.7 5.3 FASTST M M 3 MAX(MPH)
MISC ----> 20 300 28 300
================================================================================
NOTES:
# LAST OF SEVERAL OCCURRENCES
COLUMN 17 PEAK WIND IN M.P.H.
PRELIMINARY LOCAL CLIMATOLOGICAL DATA (WS FORM: F-6) , PAGE 2
STATION: UVALDE
MONTH: DECEMBER
YEAR: 2023
LATITUDE: 29 12 N
LONGITUDE: 99 44 W
[TEMPERATURE DATA] [PRECIPITATION DATA] SYMBOLS USED IN COLUMN 16
AVERAGE MONTHLY: 55.8 TOTAL FOR MONTH: 0.03 1 = FOG OR MIST
DPTR FM NORMAL: 0.0 DPTR FM NORMAL: M 2 = FOG REDUCING VISIBILITY
HIGHEST: 80 ON 9 GRTST 24HR 0.02 ON 4- 4 TO 1/4 MILE OR LESS
LOWEST: 29 ON 30 3 = THUNDER
SNOW, ICE PELLETS, HAIL 4 = ICE PELLETS
TOTAL MONTH: 0.0 INCH 5 = HAIL
GRTST 24HR 0.0 6 = FREEZING RAIN OR DRIZZLE
GRTST DEPTH: M ON M 7 = DUSTSTORM OR SANDSTORM:
VSBY 1/2 MILE OR LESS
8 = SMOKE OR HAZE
[NO. OF DAYS WITH] [WEATHER - DAYS WITH] 9 = BLOWING SNOW
X = TORNADO
MAX 32 OR BELOW: 0 0.01 INCH OR MORE: 2
MAX 90 OR ABOVE: 0 0.10 INCH OR MORE: 0
MIN 32 OR BELOW: 4 0.50 INCH OR MORE: 0
MIN 0 OR BELOW: 0 1.00 INCH OR MORE: 0
[HDD (BASE 65) ]
TOTAL THIS MO. 276 CLEAR (SCALE 0-3) 20
DPTR FM NORMAL M PTCLDY (SCALE 4-7) 8
TOTAL FM JUL 1 497 CLOUDY (SCALE 8-10) 3
DPTR FM NORMAL M
[CDD (BASE 65) ]
TOTAL THIS MO. 1
DPTR FM NORMAL M [PRESSURE DATA]
TOTAL FM JAN 1 3477 HIGHEST SLP M ON M
DPTR FM NORMAL M LOWEST SLP M ON M
[REMARKS]
#FINAL-12-23#