000
CXUS55 KGJT 010910
CF6VEL
PRELIMINARY LOCAL CLIMATOLOGICAL DATA (WS FORM: F-6)
STATION: VERNAL UT
MONTH: JUNE
YEAR: 2023
LATITUDE: 40 27 N
LONGITUDE: 109 31 W
TEMPERATURE IN F: :PCPN: SNOW: WIND :SUNSHINE: SKY :PK WND
================================================================================
1 2 3 4 5 6A 6B 7 8 9 10 11 12 13 14 15 16 17 18
12Z AVG MX 2MIN
DY MAX MIN AVG DEP HDD CDD WTR SNW DPTH SPD SPD DIR MIN PSBL S-S WX SPD DR
================================================================================
1 75 55 65 2 0 0 T M M 7.7 23 340 M M 4 33 220
2 60 51 56 -7 9 0 0.18 M M 3.5 9 20 M M 9 1 12 20
3 73 49 61 -2 4 0 0.57 M M 5.6 18 360 M M 6 3 33 20
4 79 46 63 -1 2 0 0.00 M M 5.1 25 280 M M 0 35 280
5 82 48 65 1 0 0 0.00 M M 4.9 17 20 M M 0 23 360
6 81 50 66 2 0 1 T M M 5.2 23 240 M M 2 3 32 240
7 77 52 65 0 0 0 T M M 3.9 20 260 M M 3 28 260
8 79 48 64 -1 1 0 T M M 4.9 21 240 M M 1 8 28 250
9 82 47 65 0 0 0 0.00 M M 5.1 17 350 M M 0 25 240
10 80 53 67 1 0 2 T M M 5.5 20 210 M M 2 30 290
11 79 53 66 0 0 1 T M M 6.6 22 260 M M 1 3 30 70
12 77 51 64 -2 1 0 0.00 M M 7.0 18 10 M M 2 26 20
13 75 52 64 -2 1 0 0.00 M M 5.0 17 240 M M 2 24 230
14 77 48 63 -4 2 0 0.08 M M 6.1 28 270 M M 5 3 44 270
15 68 51 60 -7 5 0 0.24 M M 5.3 22 270 M M 4 13 28 270
16 70 45 58 -9 7 0 T M M 5.3 17 350 M M 2 24 340
17 77 48 63 -5 2 0 0.00 M M 4.8 18 250 M M 3 24 250
18 85 50 68 0 0 3 T M M 6.3 26 230 M M 3 33 210
19 87 50 69 1 0 4 0.00 M M 11.6 32 200 M M 0 43 210
20 84 54 69 1 0 4 0.00 M M 9.8 30 210 M M 2 39 210
21 84 55 70 1 0 5 0.00 M M 7.8 20 280 M M 0 27 260
22 85 49 67 -2 0 2 T M M 6.3 21 280 M M 1 27 230
23 82 52 67 -2 0 2 0.00 M M 11.7 33 200 M M 0 47 210
24 82 43 63 -7 2 0 0.00 M M 4.0 13 240 M M 0 20 240
25 88 51 70 0 0 5 0.00 M M 4.2 14 250 M M 0 19 250
26 88 47 68 -2 0 3 0.00 M M 5.7 20 230 M M 0 27 250
27 86 48 67 -3 0 2 0.00 M M 7.2 24 210 M M 0 33 200
28 85 61 73 2 0 8 0.00 M M 8.7 20 30 M M 0 28 20
29 82 52 67 -4 0 2 0.00 M M 6.9 28 330 M M 0 3 38 330
30 83 51 67 -4 0 2 0.00 M M 4.7 13 260 M M 1 17 360
================================================================================
SM 2392 1510 36 46 1.07 M 186.4 M 53
================================================================================
AV 79.7 50.3 6.2 FASTST M M 2 MAX(MPH)
MISC ----> 33 200 47 210
================================================================================
NOTES:
# LAST OF SEVERAL OCCURRENCES
COLUMN 17 PEAK WIND IN M.P.H.
PRELIMINARY LOCAL CLIMATOLOGICAL DATA (WS FORM: F-6) , PAGE 2
STATION: VERNAL UT
MONTH: JUNE
YEAR: 2023
LATITUDE: 40 27 N
LONGITUDE: 109 31 W
[TEMPERATURE DATA] [PRECIPITATION DATA] SYMBOLS USED IN COLUMN 16
AVERAGE MONTHLY: 65.0 TOTAL FOR MONTH: 1.07 1 = FOG OR MIST
DPTR FM NORMAL: -2.1 DPTR FM NORMAL: 0.57 2 = FOG REDUCING VISIBILITY
HIGHEST: 88 ON 26,25 GRTST 24HR 0.57 ON 3- 3 TO 1/4 MILE OR LESS
LOWEST: 43 ON 24 3 = THUNDER
SNOW, ICE PELLETS, HAIL 4 = ICE PELLETS
TOTAL MONTH: M 5 = HAIL
GRTST 24HR M ON M 6 = FREEZING RAIN OR DRIZZLE
GRTST DEPTH: M ON M 7 = DUSTSTORM OR SANDSTORM:
VSBY 1/2 MILE OR LESS
8 = SMOKE OR HAZE
[NO. OF DAYS WITH] [WEATHER - DAYS WITH] 9 = BLOWING SNOW
X = TORNADO
MAX 32 OR BELOW: 0 0.01 INCH OR MORE: 4
MAX 90 OR ABOVE: 0 0.10 INCH OR MORE: 3
MIN 32 OR BELOW: 0 0.50 INCH OR MORE: 1
MIN 0 OR BELOW: 0 1.00 INCH OR MORE: 0
[HDD (BASE 65) ]
TOTAL THIS MO. 36 CLEAR (SCALE 0-3) 25
DPTR FM NORMAL -20 PTCLDY (SCALE 4-7) 4
TOTAL FM JUL 1 8500 CLOUDY (SCALE 8-10) 1
DPTR FM NORMAL 1590
[CDD (BASE 65) ]
TOTAL THIS MO. 46
DPTR FM NORMAL -73 [PRESSURE DATA]
TOTAL FM JAN 1 46 HIGHEST SLP M ON M
DPTR FM NORMAL -88 LOWEST SLP 29.54 ON 18
[REMARKS]
#FINAL-06-23#