000
CXUS55 KGJT 011010
CF6VEL
PRELIMINARY LOCAL CLIMATOLOGICAL DATA (WS FORM: F-6)
STATION: VERNAL UT
MONTH: DECEMBER
YEAR: 2022
LATITUDE: 40 27 N
LONGITUDE: 109 31 W
TEMPERATURE IN F: :PCPN: SNOW: WIND :SUNSHINE: SKY :PK WND
================================================================================
1 2 3 4 5 6A 6B 7 8 9 10 11 12 13 14 15 16 17 18
12Z AVG MX 2MIN
DY MAX MIN AVG DEP HDD CDD WTR SNW DPTH SPD SPD DIR MIN PSBL S-S WX SPD DR
================================================================================
1 28 6 17 -10 48 0 0.00 M M 1.6 7 300 M M 3 7 290
2 36 11 24 -3 41 0 0.03 M M 5.9 17 70 M M 5 1 24 80
3 30 8 19 -7 46 0 0.00 M M 2.1 7 340 M M 2 8 170
4 34 18 26 0 39 0 0.00 M M 0.6 6 120 M M 8 7 140
5 33 24 29 3 36 0 0.13 M M 2.2 8 270 M M 9 1 10 280
6 32 10 21 -4 44 0 T M M 2.8 9 340 M M 7 12 10 340
7 26 3 15 -10 50 0 0.02 M M 1.9 7 270 M M 7 1 8 140
8 30 5 18 -6 47 0 T M M 2.3 7 300 M M 7 12 8 290
9 23 14 19 -5 46 0 0.00 M M 1.2 7 360 M M 10 12 8 310
10 20 12 16 -8 49 0 0.00 M M 1.5 7 300 M M 10 128 8 120
11 21 12 17 -6 48 0 0.00 M M 1.6 10 40 M M 8 12 13 230
12 29 13 21 -2 44 0 0.11 M M 3.3 13 250 M M 9 12 15 240
13 24 8 16 -6 49 0 T M M 1.4 8 170 M M 9 1 10 180
14 18 6 12 -10 53 0 T M M 1.8 8 360 M M 10 12 9 360
15 17 -9 4 -18 61 0 T M M 1.7 9 80 M M 7 1 13 50
16 12 -9 2 -20 63 0 T M M 0.9 7 290 M M 5 128 8 350
17 4 -15 -5 -26 70 0 0.00 M M 1.3 7 270 M M 3 128 7 280
18 4 -17 -6 -27 71 0 0.00 M M 1.1 7 280 M M 2 128 7 280
19 6 -16 -5 -26 70 0 0.00 M M 1.1 6 300 M M 1 128 7 70
20 11 -6 3 -18 62 0 0.00 M M 1.6 8 280 M M 3 18 9 280
21 24 -9 8 -12 57 0 T M M 2.9 9 260 M M 3 18 12 80
22 24 0 12 -8 53 0 T M M 8.4 23 20 M M 2 1 33 10
23 17 1 9 -11 56 0 0.00 M M 0.9 7 100 M M 3 8 80
24 22 1 12 -8 53 0 0.00 M M 2.0 8 90 M M 3 10 90
25 26 3 15 -5 50 0 0.00 M M 3.4 10 360 M M 3 13 350
26 22 5 14 -6 51 0 0.00 M M 1.2 9 10 M M 0 1 11 10
27 25 5 15 -4 50 0 0.11 M M 1.2 8 280 M M 6 128 8 280
28 30 20 25 6 40 0 0.08 M M 3.0 9 210 M M 10 1 11 360
29 25 5 15 -4 50 0 T M M 2.2 9 330 M M 6 12 10 320
30 25 5 15 -4 50 0 T M M 0.3 5 140 M M 10 1 6 60
31 33 19 26 7 39 0 0.25 M M 3.2 9 350 M M 10 1 11 330
================================================================================
SM 711 133 1586 0 0.73 M 66.6 M 181
================================================================================
AV 22.9 4.3 2.1 FASTST M M 6 MAX(MPH)
MISC ----> 23 20 33 10
================================================================================
NOTES:
# LAST OF SEVERAL OCCURRENCES
COLUMN 17 PEAK WIND IN M.P.H.
PRELIMINARY LOCAL CLIMATOLOGICAL DATA (WS FORM: F-6) , PAGE 2
STATION: VERNAL UT
MONTH: DECEMBER
YEAR: 2022
LATITUDE: 40 27 N
LONGITUDE: 109 31 W
[TEMPERATURE DATA] [PRECIPITATION DATA] SYMBOLS USED IN COLUMN 16
AVERAGE MONTHLY: 13.6 TOTAL FOR MONTH: 0.73 1 = FOG OR MIST
DPTR FM NORMAL: -8.6 DPTR FM NORMAL: 0.18 2 = FOG REDUCING VISIBILITY
HIGHEST: 36 ON 2 GRTST 24HR 0.25 ON 31-31 TO 1/4 MILE OR LESS
LOWEST: -17 ON 18 3 = THUNDER
SNOW, ICE PELLETS, HAIL 4 = ICE PELLETS
TOTAL MONTH: M 5 = HAIL
GRTST 24HR M ON M 6 = FREEZING RAIN OR DRIZZLE
GRTST DEPTH: M ON M 7 = DUSTSTORM OR SANDSTORM:
VSBY 1/2 MILE OR LESS
8 = SMOKE OR HAZE
[NO. OF DAYS WITH] [WEATHER - DAYS WITH] 9 = BLOWING SNOW
X = TORNADO
MAX 32 OR BELOW: 27 0.01 INCH OR MORE: 7
MAX 90 OR ABOVE: 0 0.10 INCH OR MORE: 4
MIN 32 OR BELOW: 31 0.50 INCH OR MORE: 0
MIN 0 OR BELOW: 8 1.00 INCH OR MORE: 0
[HDD (BASE 65) ]
TOTAL THIS MO. 1586 CLEAR (SCALE 0-3) 9
DPTR FM NORMAL 260 PTCLDY (SCALE 4-7) 13
TOTAL FM JUL 1 3099 CLOUDY (SCALE 8-10) 9
DPTR FM NORMAL 235
[CDD (BASE 65) ]
TOTAL THIS MO. 0
DPTR FM NORMAL 0 [PRESSURE DATA]
TOTAL FM JAN 1 968 HIGHEST SLP 30.77 ON 24
DPTR FM NORMAL 298 LOWEST SLP 29.62 ON 12
[REMARKS]
#FINAL-12-22#