000
CXUS53 KGJT 011548
CLAVEL
CLIMATE REPORT
NATIONAL WEATHER SERVICE GRAND JUNCTION CO
848 AM MST SAT JAN 01 2022
...................................
...THE VERNAL UT CLIMATE SUMMARY FOR THE YEAR OF 2021...
CLIMATE NORMAL PERIOD 1991 TO 2020
CLIMATE RECORD PERIOD 9999 TO 9999
WEATHER OBSERVED NORMAL DEPART LAST YEAR`S
VALUE DATE(S) VALUE FROM VALUE DATE(S)
NORMAL
................................................................
TEMPERATURE (F)
RECORD
HIGH MM MM
LOW MM MM
HIGHEST 104 07/09 MM MM 101 08/03
LOWEST -6 01/04 MM MM -5 02/04
AVG. MAXIMUM 63.1 61.2 1.9 62.2
AVG. MINIMUM 35.0 34.4 0.6 32.6
MEAN 49.0 47.8 1.2 47.4
DAYS MAX >= 90 60 41.8 18.2 68
DAYS MAX <= 32 41 47.9 -6.9 63
DAYS MIN <= 32 168 173.3 -5.3 176
DAYS MIN <= 0 9 14.2 -5.2 15
PRECIPITATION (INCHES)
RECORD
MAXIMUM MM MM
MINIMUM MM MM
TOTALS 9.60 8.63 0.97 4.75
DAILY AVG. 0.03 0.02 0.01 T
DAYS >= .01 57 67.8 -10.8 48
DAYS >= .10 27 23.8 3.2 15
DAYS >= .50 3 2.5 0.5 1
DAYS >= 1.00 1 0.3 0.7 0
GREATEST
24 HR. TOTAL 1.58 MM 0.81
STORM TOTAL 1.21 0.38
(MM/DD(HH)) MM
SNOWFALL (INCHES)
RECORDS
TOTAL MM MM
24 HR TOTAL MM
SNOW DEPTH MM MM
TOTALS MM MM MM MM
LIQUID EQUIV MM MM MM MM
SINCE 7/1 MM MM MM MM
LIQUID 7/1 MM MM MM MM
SNOWDEPTH AVG. MM MM
DAYS >= TRACE MM MM MM MM
DAYS >= 1.0 MM MM MM MM
GREATEST
SNOW DEPTH MM MM MM
24 HR TOTAL MM MM
STORM TOTAL MM MM
(MM/DD(HH)) MM
DEGREE DAYS
HEATING TOTAL 6657 6910 -253 7196
SINCE 7/1 2601 2864 -263 3013
COOLING TOTAL 960 670 290 874
SINCE 1/1 960 670 290 874
FREEZE DATES
RECORD
EARLIEST MM
LATEST MM
EARLIEST 10/14
LATEST 04/24
................................................................
WIND (MPH)
AVERAGE WIND SPEED 5.2
RESULTANT WIND SPEED/DIRECTION 1/290
HIGHEST WIND SPEED/DIRECTION 41/260 DATE 03/29
HIGHEST GUST SPEED/DIRECTION 56/230 DATE 03/20
SKY COVER
POSSIBLE SUNSHINE (PERCENT) MM
AVERAGE SKY COVER 0.21
NUMBER OF DAYS FAIR 271
NUMBER OF DAYS PC 72
NUMBER OF DAYS CLOUDY 22
AVERAGE RH (PERCENT) 52
WEATHER CONDITIONS. NUMBER OF DAYS WITH
THUNDERSTORM 27 MIXED PRECIP 0
HEAVY RAIN 8 RAIN 20
LIGHT RAIN 79 FREEZING RAIN 1
LT FREEZING RAIN 2 HAIL 0
HEAVY SNOW 2 SNOW 11
LIGHT SNOW 40 SLEET 0
FOG 69 FOG W/VIS <= 1/4 MILE 8
HAZE 43
- INDICATES NEGATIVE NUMBERS.
R INDICATES RECORD WAS SET OR TIED.
MM INDICATES DATA IS MISSING.
T INDICATES TRACE AMOUNT.
$$