000
CXUS53 KSGF 010710
CF6VIH
PRELIMINARY LOCAL CLIMATOLOGICAL DATA (WS FORM: F-6)
STATION: VICHY-ROLLA MO
MONTH: MARCH
YEAR: 2022
LATITUDE: 38 7 N
LONGITUDE: 91 46 W
TEMPERATURE IN F: :PCPN: SNOW: WIND :SUNSHINE: SKY :PK WND
================================================================================
1 2 3 4 5 6A 6B 7 8 9 10 11 12 13 14 15 16 17 18
12Z AVG MX 2MIN
DY MAX MIN AVG DEP HDD CDD WTR SNW DPTH SPD SPD DIR MIN PSBL S-S WX SPD DR
================================================================================
1 71 38 55 15 10 0 0.00 M M 11.8 23 260 M M 0 33 250
2 77 41 59 18 6 0 0.00 M M 10.6 23 230 M M 0 28 240
3 60 38 49 8 16 0 0.00 M M 11.1 18 50 M M 0 18 25 50
4 71 33 52 10 13 0 0.00 M M 11.3 22 200 M M 0 8 29 200
5 71 56 64 22 1 0 0.05 M M 17.4 32 180 M M 8 13 42 210
6 57 38 48 6 17 0 2.12 M M 9.2 20 90 M M 9 13 26 90
7 39 29 34 -8 31 0 0.01 M M 12.0 24 310 M M 10 1 32 310
8 42 27 35 -8 30 0 0.00 M M 2.2 10 180 M M 6 13 180
9 50 28 39 -4 26 0 M M M 5.7 10 60 M M 3 M M
10 46 25 36 -8 29 0 0.00 M M 9.8 16 360 M M 7 21 360
11 31 20 26 -18 39 0 0.04 M M 10.5 20 330 M M 7 1 34 350
12 33 11 22 -22 43 0 0.00 M M 10.9 21 190 M M 0 29 200
13 67 32 50 5 15 0 0.00 M M 16.1 22 220 M M 2 31 230
14 63 41 52 7 13 0 M M M 14.0 18 190 M M 4 31 190
15 67 42 55 10 10 0 0.00 M M 2.9 12 190 M M 6 15 120
16 73 43 58 12 7 0 0.00 M M 8.9 17 180 M M 1 27 190
17 75 50 63 17 2 0 0.00 M M 10.6 18 160 M M 0 26 140
18 62 38 50 4 15 0 0.44 M M 12.1 24 260 M M 10 1 31 270
19 56 36 46 -1 19 0 0.08 M M 11.6 23 280 M M 4 1 32 280
20 71 35 53 6 12 0 0.00 M M 10.1 17 170 M M 0 24 170
21 72 50 61 14 4 0 0.73 M M 12.1 25 180 M M 3 1 34 160
22 59 50 55 7 10 0 0.27 M M 11.2 29 140 M M 8 1 45 140
23 50 37 44 -4 21 0 0.10 M M 11.8 21 270 M M 10 1 28 260
24 41 35 38 -10 27 0 0.17 M M 9.4 16 250 M M 10 1 23 260
25 53 38 46 -3 19 0 0.00 M M 13.0 24 300 M M 5 34 270
26 53 36 45 -4 20 0 0.00 M M 12.1 23 340 M M 0 36 320
27 45 30 38 -11 27 0 0.00 M M 4.8 14 30 M M 2 18 360
28 56 31 44 -6 21 0 0.00 M M 11.5 20 100 M M 2 8 26 90
29 69 42 56 6 9 0 T M M 18.4 30 180 M M 5 42 170
30 66 37 52 2 13 0 1.63 M M 12.2 24 250 M M 10 1 40 240
31 38 30 34 -17 31 0 0.01 M M 11.7 22 270 M M 10 1 31 260
================================================================================
SM 1784 1117 556 0 5.65 M 337.0 M 142
================================================================================
AV 57.5 36.0 10.9 FASTST M M 5 MAX(MPH)
MISC ----> 32 180 45 140
================================================================================
NOTES:
# LAST OF SEVERAL OCCURRENCES
COLUMN 17 PEAK WIND IN M.P.H.
PRELIMINARY LOCAL CLIMATOLOGICAL DATA (WS FORM: F-6) , PAGE 2
STATION: VICHY-ROLLA MO
MONTH: MARCH
YEAR: 2022
LATITUDE: 38 7 N
LONGITUDE: 91 46 W
[TEMPERATURE DATA] [PRECIPITATION DATA] SYMBOLS USED IN COLUMN 16
AVERAGE MONTHLY: 46.8 TOTAL FOR MONTH: 5.65 1 = FOG OR MIST
DPTR FM NORMAL: 1.2 DPTR FM NORMAL: 2.25 2 = FOG REDUCING VISIBILITY
HIGHEST: 77 ON 2 GRTST 24HR 2.13 ON 5- 6 TO 1/4 MILE OR LESS
LOWEST: 11 ON 12 3 = THUNDER
SNOW, ICE PELLETS, HAIL 4 = ICE PELLETS
TOTAL MONTH: M 5 = HAIL
GRTST 24HR M ON M 6 = FREEZING RAIN OR DRIZZLE
GRTST DEPTH: M ON M 7 = DUSTSTORM OR SANDSTORM:
VSBY 1/2 MILE OR LESS
8 = SMOKE OR HAZE
[NO. OF DAYS WITH] [WEATHER - DAYS WITH] 9 = BLOWING SNOW
X = TORNADO
MAX 32 OR BELOW: 1 0.01 INCH OR MORE: 12
MAX 90 OR ABOVE: 0 0.10 INCH OR MORE: 7
MIN 32 OR BELOW: 10 0.50 INCH OR MORE: 3
MIN 0 OR BELOW: 0 1.00 INCH OR MORE: 2
[HDD (BASE 65) ]
TOTAL THIS MO. 556 CLEAR (SCALE 0-3) 14
DPTR FM NORMAL -50 PTCLDY (SCALE 4-7) 9
TOTAL FM JUL 1 3601 CLOUDY (SCALE 8-10) 8
DPTR FM NORMAL -703
[CDD (BASE 65) ]
TOTAL THIS MO. 0
DPTR FM NORMAL -5 [PRESSURE DATA]
TOTAL FM JAN 1 0 HIGHEST SLP M ON M
DPTR FM NORMAL -5 LOWEST SLP 29.25 ON 30
[REMARKS]
#FINAL-03-22#