000
CXUS56 KLOX 011155
CF6VNY
PRELIMINARY LOCAL CLIMATOLOGICAL DATA (WS FORM: F-6)
STATION: VAN NUYS AIRPORT CA
MONTH: OCTOBER
YEAR: 2021
LATITUDE: 34 13 N
LONGITUDE: 118 29 W
TEMPERATURE IN F: :PCPN: SNOW: WIND :SUNSHINE: SKY :PK WND
================================================================================
1 2 3 4 5 6A 6B 7 8 9 10 11 12 13 14 15 16 17 18
12Z AVG MX 2MIN
DY MAX MIN AVG DEP HDD CDD WTR SNW DPTH SPD SPD DIR MIN PSBL S-S WX SPD DR
================================================================================
1 94 59 77 4 0 12 0.00 M M 2.5 14 170 M M 0 16 160
2 96 58 77 4 0 12 0.00 M M 2.9 12 300 M M 0 17 300
3 98 60 79 7 0 14 0.00 M M 3.2 14 180 M M 0 19 150
4 94 66 80 8 0 15 0.13 M M 5.1 26 180 M M 2 3 37 170
5 82 65 74 2 0 9 T M M 4.9 17 180 M M 2 22 170
6 78 60 69 -3 0 4 0.00 M M 4.4 12 160 M M 1 18 16 150
7 71 61 66 -6 0 1 0.00 M M 5.4 15 160 M M 10 8 17 180
8 72 58 65 -6 0 0 0.00 M M 4.9 14 170 M M 7 18 180
9 79 52 66 -5 0 1 0.00 M M 3.2 14 160 M M 0 20 140
10 85 52 69 -2 0 4 0.00 M M 3.8 14 180 M M 0 16 300
11 74 53 64 -7 1 0 0.00 M M 9.4 31 350 M M 3 78 44 350
12 73 53 63 -7 2 0 0.00 M M 9.3 24 360 M M 0 7 31 360
13 78 47 63 -7 2 0 0.00 M M 3.0 14 310 M M 0 18 160
14 80 49 65 -5 0 0 0.00 M M 2.9 12 140 M M 0 16 140
15 89 55 72 2 0 7 0.00 M M 8.7 21 20 M M 0 26 30
16 90 57 74 4 0 9 0.00 M M 3.1 12 180 M M 0 16 120
17 80 52 66 -4 0 1 0.00 M M 5.3 17 140 M M 0 22 120
18 69 53 61 -8 4 0 0.01 M M 5.4 14 140 M M 7 1 16 140
19 74 48 61 -8 4 0 0.00 M M 2.3 10 170 M M 0 14 150
20 80 50 65 -4 0 0 0.00 M M 2.5 10 170 M M 0 14 160
21 86 51 69 0 0 4 0.00 M M 1.2 10 160 M M 0 14 160
22 74 52 63 -5 2 0 0.00 M M 4.5 13 150 M M 2 18 17 130
23 71 59 65 -3 0 0 0.03 M M 4.5 13 180 M M 8 18 17 180
24 72 56 64 -4 1 0 0.00 M M 2.8 12 170 M M 5 14 170
25 61 52 57 -11 8 0 0.47 M M 6.7 21 150 M M 7 18 27 170
26 72 48 60 -8 5 0 0.00 M M 8.0 24 350 M M 0 29 350
27 87 53 70 2 0 5 0.00 M M 4.4 16 350 M M 0 22 340
28 95 60 78 11 0 13 0.00 M M 4.1 17 350 M M 0 29 30
29 90 59 75 8 0 10 0.00 M M 2.9 13 130 M M 0 17 150
30 77 57 67 0 0 2 0.00 M M 4.3 12 140 M M 1 18 15 150
31 71 58 65 -2 0 0 0.00 M M 2.9 10 170 M M 5 18 12 160
================================================================================
SM 2492 1713 29 123 0.64 M 138.5 M 60
================================================================================
AV 80.4 55.3 4.5 FASTST M M 2 MAX(MPH)
MISC ----> 31 350 44 350
================================================================================
NOTES:
# LAST OF SEVERAL OCCURRENCES
COLUMN 17 PEAK WIND IN M.P.H.
PRELIMINARY LOCAL CLIMATOLOGICAL DATA (WS FORM: F-6) , PAGE 2
STATION: VAN NUYS AIRPORT CA
MONTH: OCTOBER
YEAR: 2021
LATITUDE: 34 13 N
LONGITUDE: 118 29 W
[TEMPERATURE DATA] [PRECIPITATION DATA] SYMBOLS USED IN COLUMN 16
AVERAGE MONTHLY: 67.8 TOTAL FOR MONTH: 0.64 1 = FOG OR MIST
DPTR FM NORMAL: -2.0 DPTR FM NORMAL: 0.16 2 = FOG REDUCING VISIBILITY
HIGHEST: 98 ON 3 GRTST 24HR 0.47 ON 25-25 TO 1/4 MILE OR LESS
LOWEST: 47 ON 13 3 = THUNDER
SNOW, ICE PELLETS, HAIL 4 = ICE PELLETS
TOTAL MONTH: M 5 = HAIL
GRTST 24HR M ON M 6 = FREEZING RAIN OR DRIZZLE
GRTST DEPTH: M ON M 7 = DUSTSTORM OR SANDSTORM:
VSBY 1/2 MILE OR LESS
8 = SMOKE OR HAZE
[NO. OF DAYS WITH] [WEATHER - DAYS WITH] 9 = BLOWING SNOW
X = TORNADO
MAX 32 OR BELOW: 0 0.01 INCH OR MORE: 4
MAX 90 OR ABOVE: 7 0.10 INCH OR MORE: 2
MIN 32 OR BELOW: 0 0.50 INCH OR MORE: 0
MIN 0 OR BELOW: 0 1.00 INCH OR MORE: 0
[HDD (BASE 65) ]
TOTAL THIS MO. 29 CLEAR (SCALE 0-3) 24
DPTR FM NORMAL 4 PTCLDY (SCALE 4-7) 5
TOTAL FM JUL 1 29 CLOUDY (SCALE 8-10) 2
DPTR FM NORMAL 3
[CDD (BASE 65) ]
TOTAL THIS MO. 123
DPTR FM NORMAL -50 [PRESSURE DATA]
TOTAL FM JAN 1 2104 HIGHEST SLP 30.16 ON 27
DPTR FM NORMAL 315 LOWEST SLP 29.60 ON 11
[REMARKS]
#FINAL-10-21#