000
CXUS52 KFFC 011110
CF6VPC
PRELIMINARY LOCAL CLIMATOLOGICAL DATA (WS FORM: F-6)
STATION: CARTERSVILLE
MONTH: DECEMBER
YEAR: 2022
LATITUDE: 34 7 N
LONGITUDE: 84 51 W
TEMPERATURE IN F: :PCPN: SNOW: WIND :SUNSHINE: SKY :PK WND
================================================================================
1 2 3 4 5 6A 6B 7 8 9 10 11 12 13 14 15 16 17 18
12Z AVG MX 2MIN
DY MAX MIN AVG DEP HDD CDD WTR SNW DPTH SPD SPD DIR MIN PSBL S-S WX SPD DR
================================================================================
1 54 34 44 -3 21 0 0.00 M M 1.3 6 99 M M 0 18 99
2 63 36 50 3 15 0 0.00 M M 6.4 12 120 M M 6 17 120
3 63 50 57 11 8 0 0.10 M M 2.7 8 120 M M 9 1 14 120
4 55 39 47 1 18 0 0.00 M M 1.0 7 270 M M 7 M M
5 50 46 48 2 17 0 1.91 M M 5.5 15 100 M M 10 1 21 110
6 54 46 50 4 15 0 0.28 M M 8.5 12 100 M M 10 1 20 90
7 72 54 63 17 2 0 0.31 M M 2.6 8 80 M M 10 12 M M
8 75 59 67 21 0 2 0.01 M M 1.9 12 230 M M 9 12 21 250
9 64 57 61 16 4 0 0.80 M M 2.4 9 100 M M 10 12 12 90
10 59 54 57 12 8 0 0.03 M M 5.8 10 M M M 10 12 M
11 54 52 53 8 12 0 0.48 M M 3.8 8 80 M M 10 1 12 90
12 61 46 54 9 11 0 0.01 M M 0.7 5 99 M M 7 1 M M
13 54 48 51 6 14 0 0.00 M M 8.2 15 90 M M 10 22 90
14 50 45 48 4 17 0 0.61 M M 11.1 17 110 M M 10 18 25 110
15 57 36 47 3 18 0 0.64 M M 6.2 17 110 M M 4 1 25 110
16 50 32 41 -3 24 0 0.00 M M 3.3 17 280 M M 2 24 280
17 48 32 40 -4 25 0 0.00 M M 3.8 15 280 M M 5 16 280
18 45 28 37 -7 28 0 0.00 M M 3.8 15 280 M M 0 21 280
19 50 25 38 -6 27 0 0.00 M M 0.5 5 99 M M 2 M M
20 45 39 42 -2 23 0 0.06 M M 5.4 10 80 M M 10 1 15 70
21 52 39 46 3 19 0 0.00 M M 5.8 14 100 M M 9 18 100
22 48 41 45 2 20 0 0.01 M M 4.2 9 100 M M 10 1 15 110
23 50 10 30 -13 35 0 0.05 M M 15.8 23 280 M M 5 35 260
24 23 7 15 -28 50 0 0.00 M M 10.2 17 270 M M 3 25 280
25 34 16 25 -18 40 0 0.00 M M 6.0 10 270 M M 0 16 99
26 36 14 25 -18 40 0 0.00 M M 0.7 5 20 M M 3 M M
27 50 25 38 -5 27 0 0.00 M M 0.3 7 280 M M 3 M M
28 59 23 41 -1 24 0 0.00 M M 3.2 9 150 M M 2 15 160
29 68 45 57 15 8 0 0.00 M M 6.7 9 170 M M 4 16 130
30 63 43 53 11 12 0 0.01 M M 6.5 13 100 M M 3 25 110
31 64 52 58 16 7 0 0.30 M M 0.1 4 110 M M 4 M M
================================================================================
SM 1670 1173 589 2 5.61 M 144.4 M 187
================================================================================
AV 53.9 37.8 4.7 FASTST M M 6 MAX(MPH)
MISC ----> 23 280 35 260
================================================================================
NOTES:
# LAST OF SEVERAL OCCURRENCES
COLUMN 17 PEAK WIND IN M.P.H.
PRELIMINARY LOCAL CLIMATOLOGICAL DATA (WS FORM: F-6) , PAGE 2
STATION: CARTERSVILLE
MONTH: DECEMBER
YEAR: 2022
LATITUDE: 34 7 N
LONGITUDE: 84 51 W
[TEMPERATURE DATA] [PRECIPITATION DATA] SYMBOLS USED IN COLUMN 16
AVERAGE MONTHLY: 45.9 TOTAL FOR MONTH: 5.61 1 = FOG OR MIST
DPTR FM NORMAL: 1.6 DPTR FM NORMAL: 1.12 2 = FOG REDUCING VISIBILITY
HIGHEST: 75 ON 8 GRTST 24HR 1.91 ON 5- 5 TO 1/4 MILE OR LESS
LOWEST: 7 ON 24 3 = THUNDER
SNOW, ICE PELLETS, HAIL 4 = ICE PELLETS
TOTAL MONTH: M 5 = HAIL
GRTST 24HR M ON M 6 = FREEZING RAIN OR DRIZZLE
GRTST DEPTH: M ON M 7 = DUSTSTORM OR SANDSTORM:
VSBY 1/2 MILE OR LESS
8 = SMOKE OR HAZE
[NO. OF DAYS WITH] [WEATHER - DAYS WITH] 9 = BLOWING SNOW
X = TORNADO
MAX 32 OR BELOW: 1 0.01 INCH OR MORE: 16
MAX 90 OR ABOVE: 0 0.10 INCH OR MORE: 8
MIN 32 OR BELOW: 10 0.50 INCH OR MORE: 4
MIN 0 OR BELOW: 0 1.00 INCH OR MORE: 1
[HDD (BASE 65) ]
TOTAL THIS MO. 589 CLEAR (SCALE 0-3) 9
DPTR FM NORMAL -55 PTCLDY (SCALE 4-7) 9
TOTAL FM JUL 1 1126 CLOUDY (SCALE 8-10) 13
DPTR FM NORMAL -118
[CDD (BASE 65) ]
TOTAL THIS MO. 2
DPTR FM NORMAL 1 [PRESSURE DATA]
TOTAL FM JAN 1 1913 HIGHEST SLP M ON M
DPTR FM NORMAL 284 LOWEST SLP M ON M
[REMARKS]
#FINAL-12-22#