000
CXUS52 KFFC 011010
CF6VPC
PRELIMINARY LOCAL CLIMATOLOGICAL DATA (WS FORM: F-6)
STATION: CARTERSVILLE
MONTH: AUGUST
YEAR: 2022
LATITUDE: 34 7 N
LONGITUDE: 84 51 W
TEMPERATURE IN F: :PCPN: SNOW: WIND :SUNSHINE: SKY :PK WND
================================================================================
1 2 3 4 5 6A 6B 7 8 9 10 11 12 13 14 15 16 17 18
12Z AVG MX 2MIN
DY MAX MIN AVG DEP HDD CDD WTR SNW DPTH SPD SPD DIR MIN PSBL S-S WX SPD DR
================================================================================
1 81 72 77 -2 0 12 0.01 M M 1.2 6 99 M M 5 1 12 99
2 90 70 80 1 0 15 0.00 M M 2.5 7 270 M M 6 18 13 270
3 91 72 82 3 0 17 0.08 M M 2.7 17 180 M M 2 8 25 180
4 91 70 81 2 0 16 0.01 M M 3.5 7 170 M M 2 13 180
5 93 72 83 4 0 18 0.35 M M 3.1 16 270 M M 2 13 27 270
6 91 72 82 3 0 17 0.01 M M 2.7 10 100 M M 3 1 17 100
7 91 70 81 2 0 16 0.00 M M 1.4 6 100 M M 2 M M
8 88 72 80 1 0 15 0.00 M M 0.8 5 99 M M 1 12 99
9 84 70 77 -2 0 12 0.72 M M 1.0 7 170 M M 4 13 15 0
10 82 72 77 -2 0 12 0.35 M M 1.3 12 160 M M 7 1 20 160
11 86 70 78 -1 0 13 0.03 M M 1.0 10 170 M M 6 12 M M
12 86 72 79 0 0 14 0.00 M M 2.2 9 330 M M 5 18 330
13 86 70 78 -1 0 13 0.00 M M 4.1 12 130 M M 5 15 120
14 88 66 77 -1 0 12 0.00 M M 2.2 8 180 M M 2 12 99
15 90 70 80 2 0 15 0.00 M M 2.9 9 260 M M 3 21 0
16 84 68 76 -2 0 11 0.00 M M 1.6 9 280 M M 3 13 99
17 82 72 77 -1 0 12 0.00 M M 1.5 6 110 M M 7 12 0
18 86 72 79 1 0 14 0.27 M M 2.0 15 270 M M 7 1 21 270
19 81 70 76 -2 0 11 0.04 M M 2.9 8 100 M M 6 1 16 99
20 86 72 79 1 0 14 0.46 M M 2.3 7 180 M M 8 12 27 90
21 84 72 78 0 0 13 0.10 M M 2.2 9 280 M M 5 M M
22 84 73 79 1 0 14 0.03 M M 2.1 8 270 M M 5 M M
23 86 72 79 1 0 14 0.08 M M 1.2 6 20 M M 5 M M
24 84 72 78 0 0 13 0.14 M M 1.0 9 180 M M 8 1 18 180
25 86 72 79 2 0 14 0.00 M M 1.2 10 180 M M 5 12 180
26 88 70 79 2 0 14 0.00 M M 0.7 5 99 M M 5 12 M M
27 91 70 81 4 0 16 0.00 M M 0.9 6 280 M M 3 12 14 50
28 93 70 82 5 0 17 0.03 M M 3.0 10 130 M M 1 15 100
29 91 70 81 4 0 16 0.00 M M 0.9 7 99 M M 2 M M
30 90 72 81 4 0 16 0.21 M M 2.3 15 290 M M 5 123 22 290
31 88 66 77 1 0 12 0.00 M M 2.2 7 40 M M 2 12 13 30
================================================================================
SM 2702 2193 0 438 2.92 M 60.6 M 132
================================================================================
AV 87.2 70.7 2.0 FASTST M M 4 MAX(MPH)
MISC ----> 17 180 # 27 270
================================================================================
NOTES:
# LAST OF SEVERAL OCCURRENCES
COLUMN 17 PEAK WIND IN M.P.H.
PRELIMINARY LOCAL CLIMATOLOGICAL DATA (WS FORM: F-6) , PAGE 2
STATION: CARTERSVILLE
MONTH: AUGUST
YEAR: 2022
LATITUDE: 34 7 N
LONGITUDE: 84 51 W
[TEMPERATURE DATA] [PRECIPITATION DATA] SYMBOLS USED IN COLUMN 16
AVERAGE MONTHLY: 79.0 TOTAL FOR MONTH: 2.92 1 = FOG OR MIST
DPTR FM NORMAL: 0.9 DPTR FM NORMAL: -0.52 2 = FOG REDUCING VISIBILITY
HIGHEST: 93 ON 28, 5 GRTST 24HR 0.72 ON 9- 9 TO 1/4 MILE OR LESS
LOWEST: 66 ON 31,14 3 = THUNDER
SNOW, ICE PELLETS, HAIL 4 = ICE PELLETS
TOTAL MONTH: M 5 = HAIL
GRTST 24HR M ON M 6 = FREEZING RAIN OR DRIZZLE
GRTST DEPTH: M ON M 7 = DUSTSTORM OR SANDSTORM:
VSBY 1/2 MILE OR LESS
8 = SMOKE OR HAZE
[NO. OF DAYS WITH] [WEATHER - DAYS WITH] 9 = BLOWING SNOW
X = TORNADO
MAX 32 OR BELOW: 0 0.01 INCH OR MORE: 17
MAX 90 OR ABOVE: 11 0.10 INCH OR MORE: 7
MIN 32 OR BELOW: 0 0.50 INCH OR MORE: 1
MIN 0 OR BELOW: 0 1.00 INCH OR MORE: 0
[HDD (BASE 65) ]
TOTAL THIS MO. 0 CLEAR (SCALE 0-3) 11
DPTR FM NORMAL 0 PTCLDY (SCALE 4-7) 20
TOTAL FM JUL 1 0 CLOUDY (SCALE 8-10) 0
DPTR FM NORMAL 0
[CDD (BASE 65) ]
TOTAL THIS MO. 438
DPTR FM NORMAL 30 [PRESSURE DATA]
TOTAL FM JAN 1 1647 HIGHEST SLP M ON M
DPTR FM NORMAL 310 LOWEST SLP M ON M
[REMARKS]
#FINAL-08-22#