000
CXUS52 KFFC 011010
CF6VPC
PRELIMINARY LOCAL CLIMATOLOGICAL DATA (WS FORM: F-6)
STATION: CARTERSVILLE
MONTH: SEPTEMBER
YEAR: 2023
LATITUDE: 34 7 N
LONGITUDE: 84 51 W
TEMPERATURE IN F: :PCPN: SNOW: WIND :SUNSHINE: SKY :PK WND
================================================================================
1 2 3 4 5 6A 6B 7 8 9 10 11 12 13 14 15 16 17 18
12Z AVG MX 2MIN
DY MAX MIN AVG DEP HDD CDD WTR SNW DPTH SPD SPD DIR MIN PSBL S-S WX SPD DR
================================================================================
1 84 73 79 3 0 14 0.01 M M 7.1 14 110 M M 6 23 100
2 84 68 76 0 0 11 0.00 M M 3.7 8 100 M M 3 14 80
3 88 64 76 0 0 11 0.09 M M 1.0 5 99 M M 1 M M
4 90 66 78 2 0 13 0.18 M M 1.1 7 100 M M 2 M M
5 88 68 78 3 0 13 0.03 M M 0.5 5 99 M M 2 1 M M
6 90 68 79 4 0 14 0.00 M M 1.7 7 99 M M 1 13 99
7 88 70 79 4 0 14 0.00 M M 3.7 14 280 M M 3 16 280
8 84 63 74 -1 0 9 0.00 M M 1.2 6 99 M M 3 M M
9 82 63 73 -1 0 8 0.03 M M 1.7 14 180 M M 2 1 20 90
10 88 66 77 3 0 12 0.00 M M 0.8 6 20 M M 3 12 0
11 91 68 80 6 0 15 0.21 M M 0.9 7 70 M M 4 1 M M
12 90 70 80 6 0 15 0.11 M M 2.6 7 120 M M 4 1 21 99
13 84 70 77 4 0 12 0.09 M M 2.3 7 360 M M 7 1 M M
14 79 66 73 0 0 8 0.01 M M 1.6 7 20 M M 8 M M
15 79 70 75 2 0 10 0.00 M M 4.8 16 110 M M 8 23 110
16 70 66 68 -4 0 3 0.01 M M 4.2 9 110 M M 10 1 16 110
17 81 63 72 0 0 7 0.03 M M 3.2 13 280 M M 6 1 18 99
18 81 57 69 -3 0 4 0.00 M M 2.2 9 280 M M 2 1 16 280
19 82 54 68 -4 0 3 0.00 M M 1.4 6 150 M M 4 12 13 150
20 84 61 73 2 0 8 0.00 M M 2.0 8 150 M M 4 13 99
21 82 61 72 1 0 7 0.00 M 0 2.9 9 120 M M 3 14 110
22 82 59 71 0 0 6 0.00 M M 2.0 8 70 M M 2 1 14 90
23 82 57 70 0 0 5 0.00 M M 3.2 12 20 M M 1 2 20 99
24 84 54 69 -1 0 4 0.00 M M 1.4 8 310 M M 0 13 280
25 84 57 71 1 0 6 0.00 M M 1.1 7 10 M M 0 12 0
26 86 63 75 6 0 10 0.00 M M 2.3 8 80 M M 3 14 80
27 73 64 69 0 0 4 0.00 M M 5.0 9 100 M M 9 17 100
28 79 59 69 0 0 4 0.00 M M 1.9 8 110 M M 3 13 0
29 86 59 73 5 0 8 0.00 M 0 0.7 5 280 M M 2 1 M M
30 88 59 74 6 0 9 0.00 M M 0.1 3 100 M M 4 12 M M
================================================================================
SM 2513 1906 0 267 0.80 M 68.4 M 110
================================================================================
AV 83.8 63.5 2.3 FASTST M M 4 MAX(MPH)
MISC ----> 16 110 # 23 100
================================================================================
NOTES:
# LAST OF SEVERAL OCCURRENCES
COLUMN 17 PEAK WIND IN M.P.H.
PRELIMINARY LOCAL CLIMATOLOGICAL DATA (WS FORM: F-6) , PAGE 2
STATION: CARTERSVILLE
MONTH: SEPTEMBER
YEAR: 2023
LATITUDE: 34 7 N
LONGITUDE: 84 51 W
[TEMPERATURE DATA] [PRECIPITATION DATA] SYMBOLS USED IN COLUMN 16
AVERAGE MONTHLY: 73.7 TOTAL FOR MONTH: 0.80 1 = FOG OR MIST
DPTR FM NORMAL: 1.2 DPTR FM NORMAL: -2.83 2 = FOG REDUCING VISIBILITY
HIGHEST: 91 ON 11 GRTST 24HR 0.21 ON 11-11 TO 1/4 MILE OR LESS
LOWEST: 54 ON 24,19 3 = THUNDER
SNOW, ICE PELLETS, HAIL 4 = ICE PELLETS
TOTAL MONTH: M 5 = HAIL
GRTST 24HR M ON M 6 = FREEZING RAIN OR DRIZZLE
GRTST DEPTH: 0 7 = DUSTSTORM OR SANDSTORM:
VSBY 1/2 MILE OR LESS
8 = SMOKE OR HAZE
[NO. OF DAYS WITH] [WEATHER - DAYS WITH] 9 = BLOWING SNOW
X = TORNADO
MAX 32 OR BELOW: 0 0.01 INCH OR MORE: 11
MAX 90 OR ABOVE: 4 0.10 INCH OR MORE: 3
MIN 32 OR BELOW: 0 0.50 INCH OR MORE: 0
MIN 0 OR BELOW: 0 1.00 INCH OR MORE: 0
[HDD (BASE 65) ]
TOTAL THIS MO. 0 CLEAR (SCALE 0-3) 14
DPTR FM NORMAL -12 PTCLDY (SCALE 4-7) 13
TOTAL FM JUL 1 0 CLOUDY (SCALE 8-10) 3
DPTR FM NORMAL -10
[CDD (BASE 65) ]
TOTAL THIS MO. 267
DPTR FM NORMAL 31 [PRESSURE DATA]
TOTAL FM JAN 1 1748 HIGHEST SLP M ON M
DPTR FM NORMAL 175 LOWEST SLP M ON M
[REMARKS]
#FINAL-09-23#