000
CXUS52 KMLB 010626
CF6VRB
PRELIMINARY LOCAL CLIMATOLOGICAL DATA (WS FORM: F-6)
STATION: VERO BEACH
MONTH: OCTOBER
YEAR: 2021
LATITUDE: 27 39 N
LONGITUDE: 80 25 W
TEMPERATURE IN F: :PCPN: SNOW: WIND :SUNSHINE: SKY :PK WND
================================================================================
1 2 3 4 5 6A 6B 7 8 9 10 11 12 13 14 15 16 17 18
12Z AVG MX 2MIN
DY MAX MIN AVG DEP HDD CDD WTR SNW DPTH SPD SPD DIR MIN PSBL S-S WX SPD DR
================================================================================
1 90 80 85 5 0 20 0.00 0.0 0 10.1 17 120 M M 3 23 110
2 89 77 83 3 0 18 T 0.0 0 11.4 21 110 M M 3 3 26 120
3 89 70 80 1 0 15 0.00 0.0 0 7.2 14 110 M M 2 18 90
4 89 68 79 0 0 14 0.00 0.0 0 4.2 13 90 M M 0 17 110
5 90 69 80 1 0 15 0.00 0.0 0 5.8 15 120 M M 2 1 20 100
6 91 73 82 3 0 17 0.00 0.0 0 6.4 15 100 M M 2 8 19 100
7 92 74 83 4 0 18 T 0.0 0 5.9 17 100 M M 2 138 21 100
8 91 74 83 4 0 18 0.78 0.0 0 4.2 20 50 M M 4 138 25 30
9 87 73 80 2 0 15 0.01 0.0 0 6.5 16 20 M M 4 13 20 30
10 88 69 79 1 0 14 0.00 0.0 0 6.7 16 30 M M 1 13 22 30
11 88 72 80 2 0 15 T 0.0 0 4.2 14 120 M M 2 19 70
12 88 72 80 2 0 15 0.00 0.0 0 4.6 13 90 M M 3 15 70
13 89 72 81 3 0 16 T 0.0 0 6.3 14 70 M M 3 1 17 70
14 89 71 80 2 0 15 0.00 0.0 0 5.8 14 70 M M 2 1 20 30
15 89 72 81 4 0 16 0.02 0.0 0 6.0 14 40 M M 4 18 19 30
16 90 70 80 3 0 15 0.00 0.0 0 5.3 14 30 M M 2 18 40
17 87 70 79 2 0 14 0.00 0.0 0 9.7 18 360 M M 3 23 350
18 85 73 79 2 0 14 0.00 0.0 0 9.2 16 30 M M 3 21 70
19 86 75 81 5 0 16 0.00 0.0 0 9.9 18 50 M M 3 22 60
20 86 74 80 4 0 15 0.00 0.0 0 9.3 16 80 M M 3 21 70
21 88 77 83 7 0 18 0.00 0.0 0 8.8 16 90 M M 3 21 90
22 88 67 78 2 0 13 0.00 0.0 0 4.4 20 150 M M 3 24 140
23 88 71 80 4 0 15 0.03 0.0 0 5.3 14 50 M M 4 1 20 350
24 89 77 83 8 0 18 0.22 0.0 0 6.9 16 100 M M 4 18 22 120
25 89 78 84 9 0 19 0.19 0.0 0 7.7 25 280 M M 6 138 31 280
26 92 69 81 6 0 16 0.00 0.0 0 9.8 21 280 M M 4 27 260
27 86 62 74 0 0 9 0.00 0.0 0 4.9 16 270 M M 0 1 20 300
28 91 66 79 5 0 14 0.08 0.0 0 8.7 21 210 M M 3 13 28 220
29 88 72 80 6 0 15 0.00 0.0 0 11.4 26 260 M M 7 32 250
30 80 61 71 -3 0 6 0.04 0.0 0 7.0 25 290 M M 6 1 32 290
31 81 58 70 -4 0 5 0.00 0.0 0 4.5 13 280 M M 3 16 270
================================================================================
SM 2733 2206 0 463 1.37 0.0 218.1 M 94
================================================================================
AV 88.2 71.2 7.0 FASTST M M 3 MAX(MPH)
MISC ----> 26 260 # 32 250
================================================================================
NOTES:
# LAST OF SEVERAL OCCURRENCES
COLUMN 17 PEAK WIND IN M.P.H.
PRELIMINARY LOCAL CLIMATOLOGICAL DATA (WS FORM: F-6) , PAGE 2
STATION: VERO BEACH
MONTH: OCTOBER
YEAR: 2021
LATITUDE: 27 39 N
LONGITUDE: 80 25 W
[TEMPERATURE DATA] [PRECIPITATION DATA] SYMBOLS USED IN COLUMN 16
AVERAGE MONTHLY: 79.7 TOTAL FOR MONTH: 1.37 1 = FOG OR MIST
DPTR FM NORMAL: 2.8 DPTR FM NORMAL: -3.96 2 = FOG REDUCING VISIBILITY
HIGHEST: 92 ON 26, 7 GRTST 24HR 0.79 ON 8- 9 TO 1/4 MILE OR LESS
LOWEST: 58 ON 31 3 = THUNDER
SNOW, ICE PELLETS, HAIL 4 = ICE PELLETS
TOTAL MONTH: 0.0 INCH 5 = HAIL
GRTST 24HR 0.0 6 = FREEZING RAIN OR DRIZZLE
GRTST DEPTH: 0 7 = DUSTSTORM OR SANDSTORM:
VSBY 1/2 MILE OR LESS
8 = SMOKE OR HAZE
[NO. OF DAYS WITH] [WEATHER - DAYS WITH] 9 = BLOWING SNOW
X = TORNADO
MAX 32 OR BELOW: 0 0.01 INCH OR MORE: 8
MAX 90 OR ABOVE: 8 0.10 INCH OR MORE: 3
MIN 32 OR BELOW: 0 0.50 INCH OR MORE: 1
MIN 0 OR BELOW: 0 1.00 INCH OR MORE: 0
[HDD (BASE 65) ]
TOTAL THIS MO. 0 CLEAR (SCALE 0-3) 18
DPTR FM NORMAL -3 PTCLDY (SCALE 4-7) 13
TOTAL FM JUL 1 0 CLOUDY (SCALE 8-10) 0
DPTR FM NORMAL 0
[CDD (BASE 65) ]
TOTAL THIS MO. 463
DPTR FM NORMAL 91 [PRESSURE DATA]
TOTAL FM JAN 1 3590 HIGHEST SLP M ON M
DPTR FM NORMAL 334 LOWEST SLP 29.68 ON 29
[REMARKS]
#FINAL-10-21#