000
CXUS52 KMLB 010631
CF6VRB
PRELIMINARY LOCAL CLIMATOLOGICAL DATA (WS FORM: F-6)
STATION: VERO BEACH
MONTH: AUGUST
YEAR: 2021
LATITUDE: 27 39 N
LONGITUDE: 80 25 W
TEMPERATURE IN F: :PCPN: SNOW: WIND :SUNSHINE: SKY :PK WND
================================================================================
1 2 3 4 5 6A 6B 7 8 9 10 11 12 13 14 15 16 17 18
12Z AVG MX 2MIN
DY MAX MIN AVG DEP HDD CDD WTR SNW DPTH SPD SPD DIR MIN PSBL S-S WX SPD DR
================================================================================
1 94 77 86 4 0 21 0.00 0.0 0 8.6 21 150 M M 2 3 24 140
2 93 73 83 1 0 18 0.90 0.0 0 8.1 25 140 M M 3 138 31 140
3 90 75 83 1 0 18 1.52 0.0 0 6.8 24 190 M M 4 138 32 210
4 87 74 81 -1 0 16 0.08 0.0 0 7.5 30 240 M M 3 13 37 240
5 93 74 84 2 0 19 0.00 0.0 0 5.7 16 130 M M 2 3 20 220
6 92 74 83 1 0 18 0.00 0.0 0 6.0 18 120 M M 2 3 22 130
7 88 73 81 -1 0 16 0.99 0.0 0 4.6 23 150 M M 2 123 25 150
8 92 74 83 1 0 18 0.00 0.0 0 3.3 16 270 M M 2 3 21 270
9 88 75 82 0 0 17 0.00 0.0 0 4.4 14 140 M M 1 13 18 130
10 91 75 83 1 0 18 0.00 0.0 0 5.5 13 100 M M 2 18 110
11 91 76 84 2 0 19 0.00 0.0 0 6.4 15 60 M M 1 20 50
12 92 76 84 2 0 19 T 0.0 0 8.5 16 40 M M 2 22 90
13 92 75 84 2 0 19 1.57 0.0 0 9.2 20 10 M M 4 123 29 20
14 89 77 83 1 0 18 0.07 0.0 0 8.7 24 160 M M 3 138 32 150
15 90 78 84 2 0 19 0.44 0.0 0 9.6 25 100 M M 3 18 44 110
16 90 80 85 3 0 20 T 0.0 0 8.4 16 150 M M 4 3 22 140
17 92 76 84 2 0 19 0.00 0.0 0 8.7 20 130 M M 2 3 25 140
18 92 77 85 3 0 20 0.00 0.0 0 6.8 16 110 M M 2 24 120
19 91 74 83 1 0 18 0.00 0.0 0 4.5 12 130 M M 2 1 15 110
20 95 73 84 2 0 19 0.00 0.0 0 4.5 10 120 M M 1 13 14 110
21 93 76 85 3 0 20 0.00 0.0 0 6.5 17 130 M M 3 3 21 140
22 94 76 85 3 0 20 0.00 0.0 0 7.1 17 150 M M 1 21 140
23 91 75 83 1 0 18 0.24 0.0 0 5.3 22 240 M M 2 138 28 250
24 90 76 83 1 0 18 0.00 0.0 0 5.8 21 140 M M 0 27 140
25 91 74 83 1 0 18 0.47 0.0 0 8.4 31 70 M M 2 13 40 70
26 90 76 83 1 0 18 0.10 0.0 0 9.5 17 80 M M 3 13 23 70
27 85 79 82 0 0 17 0.10 0.0 0 7.5 16 110 M M 4 13 23 100
28 89 77 83 1 0 18 0.11 0.0 0 9.2 22 130 M M 2 38 27 120
29 90 80 85 3 0 20 0.00 0.0 0 7.9 16 120 M M 2 20 110
30 90 75 83 1 0 18 0.00 0.0 0 4.6 14 70 M M 1 17 80
31 93 74 84 2 0 19 0.00 0.0 0 5.0 15 120 M M 2 3 20 120
================================================================================
SM 2818 2344 0 573 6.59 0.0 212.6 M 69
================================================================================
AV 90.9 75.6 6.9 FASTST M M 2 MAX(MPH)
MISC ----> 31 70 44 110
================================================================================
NOTES:
# LAST OF SEVERAL OCCURRENCES
COLUMN 17 PEAK WIND IN M.P.H.
PRELIMINARY LOCAL CLIMATOLOGICAL DATA (WS FORM: F-6) , PAGE 2
STATION: VERO BEACH
MONTH: AUGUST
YEAR: 2021
LATITUDE: 27 39 N
LONGITUDE: 80 25 W
[TEMPERATURE DATA] [PRECIPITATION DATA] SYMBOLS USED IN COLUMN 16
AVERAGE MONTHLY: 83.3 TOTAL FOR MONTH: 6.59 1 = FOG OR MIST
DPTR FM NORMAL: 1.2 DPTR FM NORMAL: -0.76 2 = FOG REDUCING VISIBILITY
HIGHEST: 95 ON 20 GRTST 24HR 1.64 ON 13-14 TO 1/4 MILE OR LESS
LOWEST: 73 ON 20, 7 3 = THUNDER
SNOW, ICE PELLETS, HAIL 4 = ICE PELLETS
TOTAL MONTH: 0.0 INCH 5 = HAIL
GRTST 24HR 0.0 6 = FREEZING RAIN OR DRIZZLE
GRTST DEPTH: 0 7 = DUSTSTORM OR SANDSTORM:
VSBY 1/2 MILE OR LESS
8 = SMOKE OR HAZE
[NO. OF DAYS WITH] [WEATHER - DAYS WITH] 9 = BLOWING SNOW
X = TORNADO
MAX 32 OR BELOW: 0 0.01 INCH OR MORE: 12
MAX 90 OR ABOVE: 25 0.10 INCH OR MORE: 10
MIN 32 OR BELOW: 0 0.50 INCH OR MORE: 4
MIN 0 OR BELOW: 0 1.00 INCH OR MORE: 2
[HDD (BASE 65) ]
TOTAL THIS MO. 0 CLEAR (SCALE 0-3) 24
DPTR FM NORMAL 0 PTCLDY (SCALE 4-7) 7
TOTAL FM JUL 1 0 CLOUDY (SCALE 8-10) 0
DPTR FM NORMAL 0
[CDD (BASE 65) ]
TOTAL THIS MO. 573
DPTR FM NORMAL 43 [PRESSURE DATA]
TOTAL FM JAN 1 2614 HIGHEST SLP M ON M
DPTR FM NORMAL 207 LOWEST SLP 29.86 ON 31
[REMARKS]
#FINAL-08-21#