000
CXUS51 KBTV 010800
CF6VSF
PRELIMINARY LOCAL CLIMATOLOGICAL DATA (WS FORM: F-6)
STATION: SPRINGFIELD VT
MONTH: OCTOBER
YEAR: 2020
LATITUDE: 43 19 N
LONGITUDE: 72 31 W
TEMPERATURE IN F: :PCPN: SNOW: WIND :SUNSHINE: SKY :PK WND
================================================================================
1 2 3 4 5 6A 6B 7 8 9 10 11 12 13 14 15 16 17 18
12Z AVG MX 2MIN
DY MAX MIN AVG DEP HDD CDD WTR SNW DPTH SPD SPD DIR MIN PSBL S-S WX SPD DR
================================================================================
1 69 45 57 5 8 0 0.00 M M 3.7 17 260 M M 4 24 260
2 58 44 51 -1 14 0 0.20 M M 0.8 6 330 M M 7 12 7 100
3 60 40 50 -2 15 0 T M M 1.8 15 260 M M 8 12 19 280
4 60 37 49 -2 16 0 0.00 M M 1.9 10 150 M M 5 12 14 180
5 66 39 53 2 12 0 0.00 M M 1.6 8 180 M M 7 8 9 160
6 66 43 55 5 10 0 0.00 M M 3.7 17 170 M M 7 12 22 160
7 66 48 57 7 8 0 0.08 M M 6.3 25 290 M M 5 38 310
8 57 33 45 -5 20 0 0.00 M M 9.0 21 290 M M 5 29 290
9 60 28 44 -5 21 0 T M M 2.2 14 260 M M 0 18 280
10 78 38 58 9 7 0 0.04 M M 4.7 18 180 M M 2 25 220
11 60 33 47 -1 18 0 0.00 M M 4.2 13 10 M M 2 20 300
12 55 32 44 -4 21 0 0.00 M M 3.7 14 170 M M 4 1 18 180
13 50 45 48 0 17 0 1.42 M M 1.4 6 280 M M 10 12 8 30
14 67 40 54 6 11 0 0.00 M M 4.3 16 290 M M 3 12 23 280
15 72 38 55 8 10 0 0.00 M M 5.9 21 170 M M 1 12 29 150
16 55 45 50 3 15 0 0.66 M M 2.2 9 360 M M 9 1 14 360
17 55 31 43 -3 22 0 0.68 M M 5.1 18 280 M M 4 12 30 280
18 59 28 44 -2 21 0 0.00 M M 2.9 17 170 M M 4 12 23 170
19 59 34 47 1 18 0 T M M 2.2 10 160 M M 6 1 15 170
20 61 51 56 10 9 0 0.05 M M 2.6 9 10 M M 10 1 14 360
21 70 50 60 15 5 0 0.04 M M 2.5 14 190 M M 8 1 17 170
22 72 46 59 14 6 0 0.00 M M 1.9 10 230 M M 5 1 15 230
23 65 55 60 15 5 0 0.00 M M 4.0 12 170 M M 10 1 16 150
24 63 44 54 10 11 0 0.00 M M 5.9 20 280 M M 8 28 280
25 50 38 44 0 21 0 0.00 M M 4.6 10 60 M M 6 18 10
26 45 37 41 -3 24 0 0.22 M M 0.6 6 60 M M 10 1 6 180
27 49 37 43 -1 22 0 0.03 M M 4.3 16 280 M M 9 1 19 280
28 46 37 42 -1 23 0 0.09 M M 1.0 6 160 M M 10 12 7 160
29 43 34 39 -4 26 0 0.66 M M 1.3 8 10 M M 10 12 12 20
30 37 32 35 -8 30 0 0.13 M M 4.6 7 99 M M 10 1 M M
31 41 19 30 -12 35 0 0.00 M M 1.8 10 170 M M 0 15 170
================================================================================
SM 1814 1201 501 0 4.30 M 102.7 M 189
================================================================================
AV 58.5 38.7 3.3 FASTST M M 6 MAX(MPH)
MISC ----> 25 290 38 310
================================================================================
NOTES:
# LAST OF SEVERAL OCCURRENCES
COLUMN 17 PEAK WIND IN M.P.H.
PRELIMINARY LOCAL CLIMATOLOGICAL DATA (WS FORM: F-6) , PAGE 2
STATION: SPRINGFIELD VT
MONTH: OCTOBER
YEAR: 2020
LATITUDE: 43 19 N
LONGITUDE: 72 31 W
[TEMPERATURE DATA] [PRECIPITATION DATA] SYMBOLS USED IN COLUMN 16
AVERAGE MONTHLY: 48.6 TOTAL FOR MONTH: 4.30 1 = FOG OR MIST
DPTR FM NORMAL: 1.6 DPTR FM NORMAL: -0.12 2 = FOG REDUCING VISIBILITY
HIGHEST: 78 ON 10 GRTST 24HR 1.42 ON 13-13 TO 1/4 MILE OR LESS
LOWEST: 19 ON 31 3 = THUNDER
SNOW, ICE PELLETS, HAIL 4 = ICE PELLETS
TOTAL MONTH: M 5 = HAIL
GRTST 24HR M ON M 6 = FREEZING RAIN OR DRIZZLE
GRTST DEPTH: M ON M 7 = DUSTSTORM OR SANDSTORM:
VSBY 1/2 MILE OR LESS
8 = SMOKE OR HAZE
[NO. OF DAYS WITH] [WEATHER - DAYS WITH] 9 = BLOWING SNOW
X = TORNADO
MAX 32 OR BELOW: 0 0.01 INCH OR MORE: 13
MAX 90 OR ABOVE: 0 0.10 INCH OR MORE: 7
MIN 32 OR BELOW: 6 0.50 INCH OR MORE: 4
MIN 0 OR BELOW: 0 1.00 INCH OR MORE: 1
[HDD (BASE 65) ]
TOTAL THIS MO. 501 CLEAR (SCALE 0-3) 6
DPTR FM NORMAL -56 PTCLDY (SCALE 4-7) 15
TOTAL FM JUL 1 728 CLOUDY (SCALE 8-10) 10
DPTR FM NORMAL -82
[CDD (BASE 65) ]
TOTAL THIS MO. 0
DPTR FM NORMAL -1 [PRESSURE DATA]
TOTAL FM JAN 1 617 HIGHEST SLP 30.57 ON 18
DPTR FM NORMAL 272 LOWEST SLP 29.42 ON 7
[REMARKS]
#FINAL-10-20#