000
CXUS55 KLBF 101228
CF6VTN
PRELIMINARY LOCAL CLIMATOLOGICAL DATA (WS FORM: F-6)
STATION: VALENTINE
MONTH: JULY
YEAR: 2022
LATITUDE: 42 52 N
LONGITUDE: 100 33 W
TEMPERATURE IN F: :PCPN: SNOW: WIND :SUNSHINE: SKY :PK WND
================================================================================
1 2 3 4 5 6A 6B 7 8 9 10 11 12 13 14 15 16 17 18
12Z AVG MX 2MIN
DY MAX MIN AVG DEP HDD CDD WTR SNW DPTH SPD SPD DIR MIN PSBL S-S WX SPD DR
================================================================================
1 89 59 74 0 0 9 0.37 0.0 0 9.9 31 140 M M 4 1 43 290
2 87 60 74 0 0 9 0.00 0.0 0 6.3 18 290 M M 0 24 300
3 93 67 80 6 0 15 T 0.0 0 16.2 31 150 M M 1 43 150
4 100 66 83 9 0 18 T 0.0 0 7.6 32 260 M M 3 45 260
5 98 67 83 9 0 18 0.00 0.0 0 9.6 44 20 M M 1 138 59 20
6 91 63 77 2 0 12 0.00 0.0 0 7.7 18 110 M M 1 24 110
7 82 66 74 -1 0 9 0.01 0.0 0 5.4 20 30 M M 3 13 27 340
8 90 62 76 1 0 11 0.00 0.0 0 6.7 16 90 M M 4 12 20 110
9 100 64 82 7 0 17 0.00 0.0 0 17.3 29 160 M M 0 39 180
10 95 69 82 6 0 17 0.00 0.0 0 13.9 26 220 M M 0 37 210
11 83 57 70 -6 0 5 0.04 0.0 0 12.6 31 350 M M 3 13 46 360
12 92 51 72 -4 0 7 0.00 0.0 0 4.8 15 260 M M 1 21 250
13 98 62 80 4 0 15 0.00 0.0 0 5.7 14 140 M M 0 21 140
14 104 63 84 8 0 19 0.00 0.0 0 8.1 22 330 M M 0 31 340
15 99 65 82 6 0 17 0.16 0.0 0 8.8 28 280 M M 1 13 39 280
16 92 67 80 4 0 15 0.01 0.0 0 6.9 24 70 M M 5 3 32 60
17 99 65 82 6 0 17 0.00 0.0 0 6.6 15 150 M M 3 12 20 160
18 108 68 88 12 0 23 0.00 0.0 0 17.8 35 170 M M 0 46 160
19 96 67 82 6 0 17 0.00 0.0 0 14.8 26 320 M M 0 42 300
20 100 57 79 3 0 14 0.00 0.0 0 8.0 16 30 M M 0 30 310
21 97 55 76 0 0 11 0.00 0.0 0 10.1 24 150 M M 0 3 33 130
22 99 61 80 4 0 15 0.00 0.0 0 7.1 17 130 M M 0 25 140
23 95 65 80 4 0 15 T 0.0 0 15.4 36 180 M M 0 3 48 180
24 87 58 73 -3 0 8 0.14 0.0 0 7.4 17 130 M M 1 3 24 140
25 78 66 72 -4 0 7 0.10 0.0 0 11.5 25 170 M M 8 1 36 170
26 84 59 72 -4 0 7 0.36 0.0 M 9.4 30 270 M M 3 13 48 280
27 90 55 73 -3 0 8 0.13 0.0 0 8.5 21 320 M M 1 30 260
28 82 55 69 -7 0 4 0.00 0.0 0 7.1 17 340 M M 2 26 320
29 88 56 72 -4 0 7 0.00 0.0 0 10.4 22 180 M M 4 28 170
30 92 63 78 2 0 13 0.00 0.0 0 17.0 25 180 M M 0 35 180
31 95 66 81 5 0 16 0.00 0.0 0 9.4 18 320 M M 0 25 320
================================================================================
SM 2883 1924 0 395 1.32 0.0 308.0 M 49
================================================================================
AV 93.0 62.1 9.9 FASTST M M 2 MAX(MPH)
MISC ----> 44 20 59 20
================================================================================
NOTES:
# LAST OF SEVERAL OCCURRENCES
COLUMN 17 PEAK WIND IN M.P.H.
PRELIMINARY LOCAL CLIMATOLOGICAL DATA (WS FORM: F-6) , PAGE 2
STATION: VALENTINE
MONTH: JULY
YEAR: 2022
LATITUDE: 42 52 N
LONGITUDE: 100 33 W
[TEMPERATURE DATA] [PRECIPITATION DATA] SYMBOLS USED IN COLUMN 16
AVERAGE MONTHLY: 77.5 TOTAL FOR MONTH: 1.32 1 = FOG OR MIST
DPTR FM NORMAL: 1.8 DPTR FM NORMAL: -1.50 2 = FOG REDUCING VISIBILITY
HIGHEST: 108 ON 18 GRTST 24HR 0.38 ON 25-26 TO 1/4 MILE OR LESS
LOWEST: 51 ON 12 3 = THUNDER
SNOW, ICE PELLETS, HAIL 4 = ICE PELLETS
TOTAL MONTH: 0.0 INCH 5 = HAIL
GRTST 24HR 0.0 6 = FREEZING RAIN OR DRIZZLE
GRTST DEPTH: 0 7 = DUSTSTORM OR SANDSTORM:
VSBY 1/2 MILE OR LESS
8 = SMOKE OR HAZE
[NO. OF DAYS WITH] [WEATHER - DAYS WITH] 9 = BLOWING SNOW
X = TORNADO
MAX 32 OR BELOW: 0 0.01 INCH OR MORE: 9
MAX 90 OR ABOVE: 22 0.10 INCH OR MORE: 6
MIN 32 OR BELOW: 0 0.50 INCH OR MORE: 0
MIN 0 OR BELOW: 0 1.00 INCH OR MORE: 0
[HDD (BASE 65) ]
TOTAL THIS MO. 0 CLEAR (SCALE 0-3) 26
DPTR FM NORMAL -5 PTCLDY (SCALE 4-7) 5
TOTAL FM JUL 1 0 CLOUDY (SCALE 8-10) 0
DPTR FM NORMAL 0
[CDD (BASE 65) ]
TOTAL THIS MO. 395
DPTR FM NORMAL 59 [PRESSURE DATA]
TOTAL FM JAN 1 651 HIGHEST SLP 30.16 ON 8
DPTR FM NORMAL 111 LOWEST SLP 29.54 ON 19
[REMARKS]
#FINAL-07-22#