000
CXUS55 KLBF 011355
CF6VTN
PRELIMINARY LOCAL CLIMATOLOGICAL DATA (WS FORM: F-6)
STATION: VALENTINE
MONTH: OCTOBER
YEAR: 2020
LATITUDE: 42 52 N
LONGITUDE: 100 33 W
TEMPERATURE IN F: :PCPN: SNOW: WIND :SUNSHINE: SKY :PK WND
================================================================================
1 2 3 4 5 6A 6B 7 8 9 10 11 12 13 14 15 16 17 18
12Z AVG MX 2MIN
DY MAX MIN AVG DEP HDD CDD WTR SNW DPTH SPD SPD DIR MIN PSBL S-S WX SPD DR
================================================================================
1 61 33 47 -8 18 0 0.00 0.0 0 7.6 20 350 M M 0 28 340
2 70 28 49 -5 16 0 0.08 0.0 0 6.0 31 360 M M 3 12 43 350
3 66 34 50 -4 15 0 0.00 0.0 0 5.3 16 340 M M 3 1 22 30
4 78 36 57 4 8 0 0.00 0.0 0 6.7 17 200 M M 1 25 180
5 82 42 62 9 3 0 0.00 0.0 0 10.3 28 330 M M 0 37 350
6 90 40 65 13 0 0 0.00 0.0 0 9.1 23 290 M M 0 32 290
7 80 42 61 9 4 0 0.00 0.0 0 7.9 18 70 M M 0 24 80
8 84 43 64 12 1 0 0.00 0.0 0 12.1 24 190 M M 0 31 190
9 91 46 69 18 0 4 0.00 0.0 M 9.1 21 350 M M 0 8 26 10
10 81 34 58 7 7 0 0.00 0.0 0 13.1 26 160 M M 0 18 42 160
11 87 43 65 15 0 0 0.02 0.0 0 15.7 32 330 M M 2 8 46 310
12 76 31 54 4 11 0 0.00 0.0 0 10.2 26 240 M M 0 32 300
13 70 40 55 5 10 0 0.00 0.0 0 11.1 24 340 M M 0 33 340
14 66 42 54 5 11 0 T 0.0 0 16.1 33 340 M M 3 49 310
15 56 24 40 -9 25 0 0.02 0.0 0 10.9 30 330 M M 4 42 320
16 60 24 42 -6 23 0 0.00 0.0 0 7.9 20 220 M M 5 26 220
17 59 34 47 -1 18 0 0.04 0.6 0 10.8 28 330 M M 7 1 41 340
18 38 28 33 -15 32 0 0.01 T T 6.8 17 170 M M 9 20 170
19 51 34 43 -4 22 0 0.08 T 0 6.8 17 160 M M 8 22 160
20 60 35 48 1 17 0 0.01 0.0 0 11.7 24 340 M M 5 33 340
21 50 36 43 -3 22 0 T T 0 13.2 22 120 M M 10 8 29 120
22 41 29 35 -11 30 0 0.04 0.5 0 13.5 20 350 M M 10 168 28 350
23 31 19 25 -21 40 0 0.09 1.0 T 10.7 21 340 M M 8 1 31 340
24 31 18 25 -20 40 0 0.23 2.4 T 12.6 21 160 M M 8 1 27 170
25 23 4 14 -31 51 0 0.17 2.8 4 12.1 22 20 M M 9 18 30 10
26 21 2 12 -32 53 0 0.00 0.0 3 7.2 17 220 M M 4 23 210
27 41 -4 19 -25 46 0 0.00 0.0 3 10.2 20 240 M M 0 25 230
28 53 27 40 -4 25 0 0.00 0.0 1 9.1 21 330 M M 1 28 330
29 68 24 46 3 19 0 0.00 0.0 T 6.4 16 260 M M 3 21 240
30 71 31 51 8 14 0 0.00 0.0 0 11.5 26 190 M M 0 36 190
31 61 29 45 3 20 0 0.00 0.0 0 15.9 32 330 M M 0 47 310
================================================================================
SM 1897 928 601 4 0.79 7.3 317.6 M 103
================================================================================
AV 61.2 29.9 10.2 FASTST M M 3 MAX(MPH)
MISC ----> 33 340 49 310
================================================================================
NOTES:
# LAST OF SEVERAL OCCURRENCES
COLUMN 17 PEAK WIND IN M.P.H.
PRELIMINARY LOCAL CLIMATOLOGICAL DATA (WS FORM: F-6) , PAGE 2
STATION: VALENTINE
MONTH: OCTOBER
YEAR: 2020
LATITUDE: 42 52 N
LONGITUDE: 100 33 W
[TEMPERATURE DATA] [PRECIPITATION DATA] SYMBOLS USED IN COLUMN 16
AVERAGE MONTHLY: 45.6 TOTAL FOR MONTH: 0.79 1 = FOG OR MIST
DPTR FM NORMAL: -2.9 DPTR FM NORMAL: -0.46 2 = FOG REDUCING VISIBILITY
HIGHEST: 91 ON 9 GRTST 24HR 0.40 ON 24-25 TO 1/4 MILE OR LESS
LOWEST: -4 ON 27 3 = THUNDER
SNOW, ICE PELLETS, HAIL 4 = ICE PELLETS
TOTAL MONTH: 7.3 INCHES 5 = HAIL
GRTST 24HR 2.8 ON 25-25 6 = FREEZING RAIN OR DRIZZLE
GRTST DEPTH: 4 ON 25 7 = DUSTSTORM OR SANDSTORM:
VSBY 1/2 MILE OR LESS
8 = SMOKE OR HAZE
[NO. OF DAYS WITH] [WEATHER - DAYS WITH] 9 = BLOWING SNOW
X = TORNADO
MAX 32 OR BELOW: 4 0.01 INCH OR MORE: 11
MAX 90 OR ABOVE: 2 0.10 INCH OR MORE: 2
MIN 32 OR BELOW: 15 0.50 INCH OR MORE: 0
MIN 0 OR BELOW: 1 1.00 INCH OR MORE: 0
[HDD (BASE 65) ]
TOTAL THIS MO. 601 CLEAR (SCALE 0-3) 18
DPTR FM NORMAL 84 PTCLDY (SCALE 4-7) 7
TOTAL FM JUL 1 724 CLOUDY (SCALE 8-10) 6
DPTR FM NORMAL 21
[CDD (BASE 65) ]
TOTAL THIS MO. 4
DPTR FM NORMAL 0 [PRESSURE DATA]
TOTAL FM JAN 1 1155 HIGHEST SLP 30.62 ON 26
DPTR FM NORMAL 334 LOWEST SLP 29.41 ON 11
[REMARKS]
#FINAL-10-20#