000
CXUS56 KPQR 011200
CF6VUO
PRELIMINARY LOCAL CLIMATOLOGICAL DATA (WS FORM: F-6)
STATION: VANCOUVER WA
MONTH: AUGUST
YEAR: 2020
LATITUDE: 45 37 N
LONGITUDE: 122 39 W
TEMPERATURE IN F: :PCPN: SNOW: WIND :SUNSHINE: SKY :PK WND
================================================================================
1 2 3 4 5 6A 6B 7 8 9 10 11 12 13 14 15 16 17 18
12Z AVG MX 2MIN
DY MAX MIN AVG DEP HDD CDD WTR SNW DPTH SPD SPD DIR MIN PSBL S-S WX SPD DR
================================================================================
1 82 60 71 1 0 6 0.00 M M 4.3 10 300 M M 3 16 340
2 86 61 74 4 0 9 0.00 M M 3.1 13 340 M M 1 8 19 330
3 84 58 71 1 0 6 0.00 M M 4.6 13 300 M M 0 18 300
4 87 63 75 5 0 10 0.00 M M 5.0 15 310 M M 0 20 300
5 85 60 73 3 0 8 0.00 M M 5.4 13 320 M M 1 19 350
6 73 59 66 -4 0 1 0.21 M M 4.7 15 320 M M 6 18 22 310
7 79 54 67 -3 0 2 0.00 M M 4.2 14 300 M M 1 19 300
8 78 61 70 0 0 5 T M M 6.2 16 310 M M 5 8 20 300
9 84 55 70 0 0 5 0.00 M M 6.4 18 300 M M 0 28 300
10 90 62 76 6 0 11 0.00 M M 5.9 15 320 M M 0 23 330
11 80 52 66 -4 0 1 0.00 M M 5.9 14 330 M M 0 19 320
12 73 57 65 -5 0 0 0.00 M M 5.0 15 300 M M 3 21 290
13 78 49 64 -6 1 0 0.00 M M 5.2 12 290 M M 0 17 290
14 87 53 70 0 0 5 0.00 M M 5.4 15 310 M M 0 22 300
15 99 59 79 9 0 14 0.00 M M 4.1 10 260 M M 0 15 280
16 96 64 80 11 0 15 0.00 M M 1.8 8 110 M M 0 11 120
17 92 64 78 9 0 13 0.00 M M 3.5 9 260 M M 0 16 290
18 84 63 74 5 0 9 0.00 M M 6.4 12 270 M M 1 8 16 280
19 87 59 73 4 0 8 0.00 M M 2.7 12 340 M M 0 18 330
20 84 64 74 5 0 9 0.02 M M 3.9 15 270 M M 4 21 290
21 77 61 69 0 0 4 0.09 M M 5.0 15 300 M M 10 19 310
22 79 57 68 -1 0 3 0.00 M M 6.4 17 310 M M 3 1 23 280
23 84 54 69 0 0 4 0.00 M M 5.4 13 350 M M 0 19 20
24 81 57 69 0 0 4 0.00 M M 6.2 15 290 M M 0 8 22 150
25 82 57 70 2 0 5 0.00 M M 6.4 14 290 M M 0 20 290
26 82 57 70 2 0 5 0.00 M M 6.7 16 310 M M 1 24 320
27 84 55 70 2 0 5 0.00 M M 6.7 17 300 M M 0 24 290
28 84 58 71 3 0 6 0.00 M M 6.1 17 290 M M 1 22 300
29 77 57 67 -1 0 2 0.00 M M 6.0 17 300 M M 0 22 290
30 77 47 62 -6 3 0 0.00 M M 3.5 12 290 M M 2 17 300
31 76 58 67 -1 0 2 0.00 M M 4.3 13 300 M M 1 19 300
================================================================================
SM 2571 1795 4 177 0.32 M 156.4 M 43
================================================================================
AV 82.9 57.9 5.0 FASTST M M 1 MAX(MPH)
MISC ----> # 18 300 # 28 300
================================================================================
NOTES:
# LAST OF SEVERAL OCCURRENCES
COLUMN 17 PEAK WIND IN M.P.H.
PRELIMINARY LOCAL CLIMATOLOGICAL DATA (WS FORM: F-6) , PAGE 2
STATION: VANCOUVER WA
MONTH: AUGUST
YEAR: 2020
LATITUDE: 45 37 N
LONGITUDE: 122 39 W
[TEMPERATURE DATA] [PRECIPITATION DATA] SYMBOLS USED IN COLUMN 16
AVERAGE MONTHLY: 70.4 TOTAL FOR MONTH: 0.32 1 = FOG OR MIST
DPTR FM NORMAL: 1.2 DPTR FM NORMAL: -0.45 2 = FOG REDUCING VISIBILITY
HIGHEST: 99 ON 15 GRTST 24HR 0.21 ON 6- 6 TO 1/4 MILE OR LESS
LOWEST: 47 ON 30 3 = THUNDER
SNOW, ICE PELLETS, HAIL 4 = ICE PELLETS
TOTAL MONTH: M 5 = HAIL
GRTST 24HR M ON M 6 = FREEZING RAIN OR DRIZZLE
GRTST DEPTH: M ON M 7 = DUSTSTORM OR SANDSTORM:
VSBY 1/2 MILE OR LESS
8 = SMOKE OR HAZE
[NO. OF DAYS WITH] [WEATHER - DAYS WITH] 9 = BLOWING SNOW
X = TORNADO
MAX 32 OR BELOW: 0 0.01 INCH OR MORE: 3
MAX 90 OR ABOVE: 4 0.10 INCH OR MORE: 1
MIN 32 OR BELOW: 0 0.50 INCH OR MORE: 0
MIN 0 OR BELOW: 0 1.00 INCH OR MORE: 0
[HDD (BASE 65) ]
TOTAL THIS MO. 4 CLEAR (SCALE 0-3) 26
DPTR FM NORMAL -9 PTCLDY (SCALE 4-7) 4
TOTAL FM JUL 1 13 CLOUDY (SCALE 8-10) 1
DPTR FM NORMAL -20
[CDD (BASE 65) ]
TOTAL THIS MO. 177
DPTR FM NORMAL 34 [PRESSURE DATA]
TOTAL FM JAN 1 426 HIGHEST SLP 30.25 ON 9
DPTR FM NORMAL 101 LOWEST SLP 29.78 ON 15
[REMARKS]
#FINAL-08-20#