000
CXUS56 KLKN 011210
CF6WMC
PRELIMINARY LOCAL CLIMATOLOGICAL DATA (WS FORM: F-6)
STATION: WINNEMUCCA AIRPORT NV
MONTH: APRIL
YEAR: 2023
LATITUDE: 40 54 N
LONGITUDE: 117 48 W
TEMPERATURE IN F: :PCPN: SNOW: WIND :SUNSHINE: SKY :PK WND
================================================================================
1 2 3 4 5 6A 6B 7 8 9 10 11 12 13 14 15 16 17 18
12Z AVG MX 2MIN
DY MAX MIN AVG DEP HDD CDD WTR SNW DPTH SPD SPD DIR MIN PSBL S-S WX SPD DR
================================================================================
1 57 34 46 1 19 0 T 0.0 0 12.4 29 250 M M 7 41 250
2 47 29 38 -7 27 0 0.09 0.7 0 7.6 21 220 M M 10 1 29 220
3 33 23 28 -17 37 0 0.08 2.5 2 9.0 23 310 M M 9 12 31 310
4 38 25 32 -13 33 0 T 0.2 T 9.1 23 320 M M 8 29 330
5 44 21 33 -12 32 0 0.00 0.0 0 5.1 12 160 M M 2 18 200
6 58 27 43 -3 22 0 0.00 0.0 0 8.3 16 170 M M 1 22 140
7 60 38 49 3 16 0 T 0.0 0 9.4 23 220 M M 9 34 220
8 61 31 46 0 19 0 0.00 0.0 0 6.4 16 230 M M M 24 240
9 73 32 53 7 12 0 0.00 0.0 0 4.7 14 190 M M 0 18 180
10 80 40 60 14 5 0 0.00 0.0 0 11.6 24 200 M M 0 34 200
11 70 45 58 12 7 0 0.00 0.0 0 12.8 24 240 M M 0 33 240
12 64 30 47 1 18 0 0.00 0.0 0 13.5 29 350 M M 1 41 350
13 49 17 33 -14 32 0 0.00 0.0 0 4.6 10 30 M M 2 16 240
14 59 18 39 -8 26 0 0.00 0.0 0 7.4 21 290 M M 0 27 290
15 69 22 46 -1 19 0 0.00 0.0 0 7.9 17 190 M M 0 24 200
16 74 28 51 4 14 0 0.00 0.0 0 10.7 29 240 M M 0 8 39 250
17 60 33 47 -1 18 0 0.00 0.0 0 13.1 26 250 M M 3 37 250
18 45 18 32 -16 33 0 0.05 2.3 1 10.9 28 270 M M 5 1 41 220
19 51 15 33 -15 32 0 0.00 0.0 0 7.3 23 290 M M 3 30 290
20 58 15 37 -11 28 0 0.00 0.0 0 4.4 14 280 M M 3 22 300
21 68 47 58 9 7 0 0.00 0.0 0 11.6 21 350 M M 7 31 340
22 66 39 53 4 12 0 0.00 0.0 0 6.4 15 10 M M 4 21 60
23 69 37 53 4 12 0 0.04 0.0 0 9.0 24 360 M M 4 3 35 210
24 66 31 49 -1 16 0 0.00 0.0 0 10.9 24 360 M M 0 35 280
25 63 27 45 -5 20 0 0.00 0.0 0 4.9 16 30 M M 0 19 30
26 74 25 50 0 15 0 0.00 0.0 0 3.8 10 100 M M 0 17 120
27 79 32 56 6 9 0 0.00 0.0 0 6.2 17 50 M M 0 24 60
28 83 43 63 12 2 0 0.00 0.0 0 6.2 17 60 M M 0 25 70
29 87 36 62 11 3 0 0.00 0.0 0 4.6 15 250 M M 0 22 260
30 84 39 62 11 3 0 0.00 0.0 0 7.1 18 220 M M 0 31 210
================================================================================
SM 1889 897 548 0 0.26 5.7 246.9 M 78
================================================================================
AV 63.0 29.9 8.2 FASTST M M 3 MAX(MPH)
MISC ----> # 29 250 # 41 250
================================================================================
NOTES:
# LAST OF SEVERAL OCCURRENCES
COLUMN 17 PEAK WIND IN M.P.H.
PRELIMINARY LOCAL CLIMATOLOGICAL DATA (WS FORM: F-6) , PAGE 2
STATION: WINNEMUCCA AIRPORT NV
MONTH: APRIL
YEAR: 2023
LATITUDE: 40 54 N
LONGITUDE: 117 48 W
[TEMPERATURE DATA] [PRECIPITATION DATA] SYMBOLS USED IN COLUMN 16
AVERAGE MONTHLY: 46.4 TOTAL FOR MONTH: 0.26 1 = FOG OR MIST
DPTR FM NORMAL: -1.2 DPTR FM NORMAL: -0.74 2 = FOG REDUCING VISIBILITY
HIGHEST: 87 ON 29 GRTST 24HR 0.26 ON 2- 3 TO 1/4 MILE OR LESS
LOWEST: 15 ON 20,19 3 = THUNDER
SNOW, ICE PELLETS, HAIL 4 = ICE PELLETS
TOTAL MONTH: 5.7 INCHES 5 = HAIL
GRTST 24HR 2.5 ON 3- 3 6 = FREEZING RAIN OR DRIZZLE
GRTST DEPTH: 2 ON 3 7 = DUSTSTORM OR SANDSTORM:
VSBY 1/2 MILE OR LESS
8 = SMOKE OR HAZE
[NO. OF DAYS WITH] [WEATHER - DAYS WITH] 9 = BLOWING SNOW
X = TORNADO
MAX 32 OR BELOW: 0 0.01 INCH OR MORE: 4
MAX 90 OR ABOVE: 0 0.10 INCH OR MORE: 0
MIN 32 OR BELOW: 19 0.50 INCH OR MORE: 0
MIN 0 OR BELOW: 0 1.00 INCH OR MORE: 0
[HDD (BASE 65) ]
TOTAL THIS MO. 548 CLEAR (SCALE 0-3) 18
DPTR FM NORMAL 24 PTCLDY (SCALE 4-7) 8
TOTAL FM JUL 1 5902 CLOUDY (SCALE 8-10) 4
DPTR FM NORMAL 383
[CDD (BASE 65) ]
TOTAL THIS MO. 0
DPTR FM NORMAL 0 [PRESSURE DATA]
TOTAL FM JAN 1 0 HIGHEST SLP 30.38 ON 20
DPTR FM NORMAL 0 LOWEST SLP 29.59 ON 30
[REMARKS]
#FINAL-04-23#