000
CXUS56 KLKN 011210
CF6WMC
PRELIMINARY LOCAL CLIMATOLOGICAL DATA (WS FORM: F-6)
STATION: WINNEMUCCA AIRPORT NV
MONTH: AUGUST
YEAR: 2022
LATITUDE: 40 54 N
LONGITUDE: 117 48 W
TEMPERATURE IN F: :PCPN: SNOW: WIND :SUNSHINE: SKY :PK WND
================================================================================
1 2 3 4 5 6A 6B 7 8 9 10 11 12 13 14 15 16 17 18
12Z AVG MX 2MIN
DY MAX MIN AVG DEP HDD CDD WTR SNW DPTH SPD SPD DIR MIN PSBL S-S WX SPD DR
================================================================================
1 94 71 83 8 0 18 T 0.0 0 11.9 26 160 M M 2 8 34 160
2 94 65 80 5 0 15 0.00 0.0 0 5.5 32 350 M M 3 8 45 360
3 97 60 79 4 0 14 T 0.0 0 5.2 20 150 M M 1 8 26 140
4 101 70 86 11 0 21 0.06 0.0 0 8.8 31 160 M M 3 38 43 140
5 89 64 77 3 0 12 0.06 0.0 0 8.5 21 170 M M 7 3 28 170
6 90 63 77 3 0 12 0.01 0.0 0 10.2 26 60 M M 3 36 50
7 96 63 80 6 0 15 0.00 0.0 0 9.1 18 60 M M 0 27 60
8 99 68 84 10 0 19 T 0.0 0 11.0 31 250 M M 2 8 45 250
9 87 63 75 1 0 10 0.22 0.0 0 8.9 25 150 M M 4 13 37 160
10 91 63 77 4 0 12 0.07 0.0 0 7.2 26 320 M M 4 13 42 290
11 95 58 77 4 0 12 0.00 0.0 0 4.8 15 250 M M 1 20 260
12 97 56 77 4 0 12 0.00 0.0 0 5.0 25 250 M M 1 35 250
13 96 47 72 0 0 7 0.00 0.0 0 5.6 16 260 M M 0 23 260
14 97 47 72 0 0 7 0.00 0.0 0 5.3 17 250 M M 0 25 260
15 100 46 73 1 0 8 0.00 0.0 0 4.3 15 160 M M 0 22 150
16 100 54 77 5 0 12 T 0.0 0 5.3 38 130 M M 0 8 57 120
17 103 52 78 6 0 13 0.00 0.0 0 8.5 22 240 M M 0 33 230
18 91 61 76 5 0 11 T 0.0 0 8.5 35 260 M M 3 38 50 260
19 91 50 71 0 0 6 0.00 0.0 0 3.7 16 250 M M 1 25 250
20 96 54 75 4 0 10 0.00 0.0 0 5.7 17 280 M M 1 24 290
21 101 54 78 8 0 13 0.00 0.0 0 4.9 16 300 M M 0 24 250
22 98 53 76 6 0 11 0.00 0.0 0 6.3 18 280 M M 0 25 300
23 98 46 72 2 0 7 0.00 0.0 0 4.8 21 270 M M 0 27 250
24 99 47 73 3 0 8 0.00 0.0 0 7.1 25 260 M M 0 36 240
25 98 51 75 6 0 10 0.00 0.0 0 6.5 21 220 M M 0 30 220
26 97 49 73 4 0 8 0.00 0.0 0 6.8 23 230 M M 0 32 230
27 93 59 76 7 0 11 0.00 0.0 0 7.9 22 230 M M 0 29 210
28 93 45 69 1 0 4 0.00 0.0 0 4.8 15 270 M M 0 20 260
29 99 44 72 4 0 7 0.00 0.0 0 8.1 22 40 M M 0 28 30
30 100 58 79 11 0 14 0.00 0.0 0 7.5 17 190 M M 0 25 210
31 100 52 76 8 0 11 0.00 0.0 0 5.4 20 240 M M 0 27 260
================================================================================
SM 2980 1733 0 350 0.42 0.0 213.1 M 36
================================================================================
AV 96.1 55.9 6.9 FASTST M M 1 MAX(MPH)
MISC ----> 38 130 57 120
================================================================================
NOTES:
# LAST OF SEVERAL OCCURRENCES
COLUMN 17 PEAK WIND IN M.P.H.
PRELIMINARY LOCAL CLIMATOLOGICAL DATA (WS FORM: F-6) , PAGE 2
STATION: WINNEMUCCA AIRPORT NV
MONTH: AUGUST
YEAR: 2022
LATITUDE: 40 54 N
LONGITUDE: 117 48 W
[TEMPERATURE DATA] [PRECIPITATION DATA] SYMBOLS USED IN COLUMN 16
AVERAGE MONTHLY: 76.0 TOTAL FOR MONTH: 0.42 1 = FOG OR MIST
DPTR FM NORMAL: 4.4 DPTR FM NORMAL: 0.30 2 = FOG REDUCING VISIBILITY
HIGHEST: 103 ON 17 GRTST 24HR 0.22 ON 8- 9 TO 1/4 MILE OR LESS
LOWEST: 44 ON 29 3 = THUNDER
SNOW, ICE PELLETS, HAIL 4 = ICE PELLETS
TOTAL MONTH: 0.0 INCH 5 = HAIL
GRTST 24HR 0.0 6 = FREEZING RAIN OR DRIZZLE
GRTST DEPTH: 0 7 = DUSTSTORM OR SANDSTORM:
VSBY 1/2 MILE OR LESS
8 = SMOKE OR HAZE
[NO. OF DAYS WITH] [WEATHER - DAYS WITH] 9 = BLOWING SNOW
X = TORNADO
MAX 32 OR BELOW: 0 0.01 INCH OR MORE: 5
MAX 90 OR ABOVE: 29 0.10 INCH OR MORE: 1
MIN 32 OR BELOW: 0 0.50 INCH OR MORE: 0
MIN 0 OR BELOW: 0 1.00 INCH OR MORE: 0
[HDD (BASE 65) ]
TOTAL THIS MO. 0 CLEAR (SCALE 0-3) 27
DPTR FM NORMAL -13 PTCLDY (SCALE 4-7) 4
TOTAL FM JUL 1 0 CLOUDY (SCALE 8-10) 0
DPTR FM NORMAL -14
[CDD (BASE 65) ]
TOTAL THIS MO. 350
DPTR FM NORMAL 133 [PRESSURE DATA]
TOTAL FM JAN 1 863 HIGHEST SLP 30.07 ON 10
DPTR FM NORMAL 229 LOWEST SLP 29.69 ON 27
[REMARKS]
#FINAL-08-22#