000
CXUS56 KLKN 130907
CF6WMC
PRELIMINARY LOCAL CLIMATOLOGICAL DATA (WS FORM: F-6)
STATION: WINNEMUCCA AIRPORT NV
MONTH: MAY
YEAR: 2020
LATITUDE: 40 54 N
LONGITUDE: 117 48 W
TEMPERATURE IN F: :PCPN: SNOW: WIND :SUNSHINE: SKY :PK WND
================================================================================
1 2 3 4 5 6A 6B 7 8 9 10 11 12 13 14 15 16 17 18
12Z AVG MX 2MIN
DY MAX MIN AVG DEP HDD CDD WTR SNW DPTH SPD SPD DIR MIN PSBL S-S WX SPD DR
================================================================================
1 74 37 56 5 9 0 0.00 0.0 0 5.0 16 290 M M 0 22 310
2 75 33 54 3 11 0 0.00 0.0 0 10.7 28 240 M M 1 33 250
3 68 34 51 0 14 0 T 0.0 0 8.1 28 310 M M 2 32 310
4 73 23 48 -4 17 0 0.00 0.0 0 4.8 14 270 M M 0 20 300
5 83 29 56 4 9 0 0.00 0.0 0 8.8 22 250 M M 0 29 210
6 72 42 57 5 8 0 0.00 0.0 0 10.0 22 280 M M 0 30 320
7 73 39 56 3 9 0 0.00 0.0 0 13.4 22 40 M M 0 28 70
8 82 31 57 4 8 0 0.00 0.0 0 7.8 20 60 M M 0 28 60
9 86 50 68 15 0 3 0.00 0.0 0 7.4 18 30 M M 0 22 30
10 87 40 64 11 1 0 0.00 0.0 0 5.6 24 260 M M 0 35 270
11 82 43 63 9 2 0 0.00 0.0 0 11.7 28 280 M M 1 38 280
12 67 42 55 1 10 0 0.03 0.0 0 12.1 28 280 M M 2 8 37 300
13 67 42 55 1 10 0 T 0.0 0 9.8 25 290 M M 7 32 280
14 66 43 55 0 10 0 0.02 0.0 0 9.1 25 230 M M 9 33 240
15 70 42 56 1 9 0 0.00 0.0 0 6.0 18 50 M M 4 25 50
16 81 41 61 6 4 0 0.00 0.0 0 9.2 20 60 M M 0 26 40
17 82 52 67 12 0 2 T 0.0 0 9.8 26 280 M M 4 8 33 260
18 61 47 54 -2 11 0 0.18 0.0 0 7.6 18 290 M M 9 1 23 290
19 53 43 48 -8 17 0 0.33 0.0 0 9.7 23 340 M M 7 1 29 350
20 66 41 54 -2 11 0 0.01 0.0 0 9.5 20 240 M M 6 26 230
21 76 33 55 -1 10 0 T 0.0 0 8.9 25 240 M M 3 34 240
22 57 31 44 -13 21 0 0.57 0.0 0 8.8 23 330 M M 6 1 32 330
23 66 27 47 -10 18 0 0.00 0.0 0 4.8 13 60 M M 0 18 340
24 75 34 55 -2 10 0 0.00 0.0 0 7.7 18 40 M M 0 22 50
25 84 42 63 5 2 0 0.00 0.0 0 5.2 14 180 M M 0 16 50
26 90 51 71 13 0 6 0.01 0.0 0 7.9 22 310 M M 2 3 29 300
27 91 51 71 13 0 6 0.00 0.0 0 7.0 22 60 M M 1 26 60
28 97 59 78 20 0 13 0.00 0.0 0 8.8 21 250 M M 0 27 190
29 100 46 73 14 0 8 0.00 0.0 0 6.5 21 250 M M 0 26 240
30 92 56 74 15 0 9 0.02 0.0 0 16.2 33 200 M M 1 8 45 200
31 80 41 61 2 4 0 0.00 0.0 0 5.8 20 250 M M 0 25 250
================================================================================
SM 2376 1265 235 47 1.17 0.0 263.7 M 65
================================================================================
AV 76.7 40.8 8.5 FASTST M M 2 MAX(MPH)
MISC ----> # 33 200 # 45 200
================================================================================
NOTES:
# LAST OF SEVERAL OCCURRENCES
COLUMN 17 PEAK WIND IN M.P.H.
PRELIMINARY LOCAL CLIMATOLOGICAL DATA (WS FORM: F-6) , PAGE 2
STATION: WINNEMUCCA AIRPORT NV
MONTH: MAY
YEAR: 2020
LATITUDE: 40 54 N
LONGITUDE: 117 48 W
[TEMPERATURE DATA] [PRECIPITATION DATA] SYMBOLS USED IN COLUMN 16
AVERAGE MONTHLY: 58.7 TOTAL FOR MONTH: 1.17 1 = FOG OR MIST
DPTR FM NORMAL: 3.6 DPTR FM NORMAL: 0.05 2 = FOG REDUCING VISIBILITY
HIGHEST: 100 ON 29 GRTST 24HR 0.57 ON 22-22 TO 1/4 MILE OR LESS
LOWEST: 23 ON 4 3 = THUNDER
SNOW, ICE PELLETS, HAIL 4 = ICE PELLETS
TOTAL MONTH: 0.0 INCH 5 = HAIL
GRTST 24HR 0.0 6 = FREEZING RAIN OR DRIZZLE
GRTST DEPTH: 0 7 = DUSTSTORM OR SANDSTORM:
VSBY 1/2 MILE OR LESS
8 = SMOKE OR HAZE
[NO. OF DAYS WITH] [WEATHER - DAYS WITH] 9 = BLOWING SNOW
X = TORNADO
MAX 32 OR BELOW: 0 0.01 INCH OR MORE: 8
MAX 90 OR ABOVE: 5 0.10 INCH OR MORE: 3
MIN 32 OR BELOW: 5 0.50 INCH OR MORE: 1
MIN 0 OR BELOW: 0 1.00 INCH OR MORE: 0
[HDD (BASE 65) ]
TOTAL THIS MO. 235 CLEAR (SCALE 0-3) 23
DPTR FM NORMAL -85 PTCLDY (SCALE 4-7) 6
TOTAL FM JUL 1 5873 CLOUDY (SCALE 8-10) 2
DPTR FM NORMAL -327
[CDD (BASE 65) ]
TOTAL THIS MO. 47
DPTR FM NORMAL 36 [PRESSURE DATA]
TOTAL FM JAN 1 54 HIGHEST SLP 30.29 ON 7
DPTR FM NORMAL 43 LOWEST SLP 29.51 ON 30
[REMARKS]
#FINAL-05-20#