000
CXUS51 KCLE 031456
CLMYNG
CLIMATE REPORT
NATIONAL WEATHER SERVICE CLEVELAND, OH
1056 AM EDT FRI NOV 03 2023
...................................
...THE YOUNGSTOWN OH CLIMATE SUMMARY FOR THE MONTH OF OCTOBER 2023...
CLIMATE NORMAL PERIOD 1991 TO 2020
CLIMATE RECORD PERIOD 1897 TO 2023
WEATHER OBSERVED NORMAL DEPART LAST YEAR`S
VALUE DATE(S) VALUE FROM VALUE
NORMAL
..............................................................
TEMPERATURE (F)
RECORD
HIGH 88 10/01/2019
10/09/1939
09/01/1953
LOW 20 10/31/1988
10/24/1969
HIGHEST 84 10/03
LOWEST 30 10/23
AVG. MAXIMUM 63.2 62.1 1.1 62.6
AVG. MINIMUM 46.1 42.2 3.9 40.2
MEAN 54.7 52.2 2.5 51.4
DAYS MAX >= 90 0 0.0 0.0 0
DAYS MAX <= 32 0 0.0 0.0 0
DAYS MIN <= 32 2 3.5 -1.5 1
DAYS MIN <= 0 0 0.0 0.0 0
PRECIPITATION (INCHES)
RECORD
MAXIMUM 8.59 1954
MINIMUM 0.43
TOTALS 3.56 3.34 0.22 1.94
DAYS >= .01 17 12.7 4.3 9
DAYS >= .10 9 7.6 1.4 4
DAYS >= .50 2 2.0 0.0 1
DAYS >= 1.00 0 0.5 -0.5 0
GREATEST
24 HR. TOTAL 0.95 10/14 TO 10/14 0.93
SNOWFALL (INCHES)
RECORDS
TOTAL 7.7 1993
TOTALS 0.1 0.7 -0.6 1.5
SINCE 7/1 0.1 0.7 -0.6 1.5
DAYS >= 1.0 0 0.2 -0.2 1
GREATEST
24 HR TOTAL 0.1 10/31 TO 10/31
DEGREE DAYS
HEATING TOTAL 338 408 -70 415
SINCE 7/1 413 552 -139 519
COOLING TOTAL 24 9 15 0
SINCE 1/1 614 633 -19 769
..............................................................
WIND (MPH)
AVERAGE WIND SPEED 7.2
HIGHEST WIND SPEED/DIRECTION 23/260 DATE 10/07
HIGHEST GUST SPEED/DIRECTION 33/260 DATE 10/07
33/250 10/08
SKY COVER
AVERAGE SKY COVER 0.74
AVERAGE RH (PERCENT) 73
WEATHER CONDITIONS. NUMBER OF DAYS WITH
THUNDERSTORM 1 MIXED PRECIP 0
HEAVY RAIN 1 RAIN 4
LIGHT RAIN 20 FREEZING RAIN 0
LT FREEZING RAIN 0 HAIL 0
HEAVY SNOW 0 SNOW 0
LIGHT SNOW 1 SLEET 0
FOG 19 FOG W/VIS <= 1/4 MILE 3
HAZE 2
- INDICATES NEGATIVE NUMBERS.
R INDICATES RECORD WAS SET OR TIED.
MM INDICATES DATA IS MISSING.
T INDICATES TRACE AMOUNT.
$$