000
CXUS55 KABQ 171010
CF6ABQ
PRELIMINARY LOCAL CLIMATOLOGICAL DATA (WS FORM: F-6)
STATION: ALBUQUERQUE NM
MONTH: APRIL
YEAR: 2024
LATITUDE: 35 2 N
LONGITUDE: 106 37 W
TEMPERATURE IN F: :PCPN: SNOW: WIND :SUNSHINE: SKY :PK WND
================================================================================
1 2 3 4 5 6A 6B 7 8 9 10 11 12 13 14 15 16 17 18
12Z AVG MX 2MIN
DY MAX MIN AVG DEP HDD CDD WTR SNW DPTH SPD SPD DIR MIN PSBL S-S WX SPD DR
================================================================================
1 45 35 40 -14 25 0 0.22 T 0 9.4 23 260 M M 8 135 33 270
2 60 33 47 -7 18 0 0.00 0.0 0 5.2 13 160 M M 2 20 280
3 68 37 53 -1 12 0 0.00 0.0 0 5.9 13 180 M M 0 17 170
4 74 41 58 4 7 0 0.00 0.0 M 11.3 26 170 M M 1 34 160
5 74 46 60 6 5 0 0.00 0.0 0 17.7 40 180 M M 5 8 52 170
6 51 35 43 -12 22 0 T 0.0 0 22.0 40 280 M M 4 54 270
7 62 32 47 -8 18 0 0.00 0.0 0 7.9 20 280 M M 2 36 270
8 64 37 51 -4 14 0 0.00 0.0 0 11.6 35 80 M M 8 42 70
9 60 41 51 -4 14 0 T 0.0 0 14.6 40 80 M M 7 51 80
10 70 37 54 -1 11 0 0.00 0.0 0 8.3 21 310 M M 1 34 350
11 71 42 57 1 8 0 0.00 0.0 0 6.7 22 90 M M 0 30 90
12 81 45 63 7 2 0 0.00 0.0 0 12.8 33 180 M M 1 43 160
13 76 47 62 6 3 0 0.00 0.0 0 7.0 17 210 M M 1 28 280
14 77 46 62 6 3 0 0.00 0.0 0 7.2 20 180 M M 3 27 180
15 68 42 55 -1 10 0 0.00 0.0 0 16.5 44 280 M M 3 54 280
16 73 37 55 -2 10 0 0.00 0.0 0 9.6 23 300 M M 1 31 320
================================================================================
SM 1074 633 182 0 0.22 T 173.7 M 47
================================================================================
AV 67.1 39.6 10.9 FASTST M M 3 MAX(MPH)
MISC ----> 44 280 # 54 270
================================================================================
NOTES:
# LAST OF SEVERAL OCCURRENCES
COLUMN 17 PEAK WIND IN M.P.H.
PRELIMINARY LOCAL CLIMATOLOGICAL DATA (WS FORM: F-6) , PAGE 2
STATION: ALBUQUERQUE NM
MONTH: APRIL
YEAR: 2024
LATITUDE: 35 2 N
LONGITUDE: 106 37 W
[TEMPERATURE DATA] [PRECIPITATION DATA] SYMBOLS USED IN COLUMN 16
AVERAGE MONTHLY: 53.3 TOTAL FOR MONTH: 0.22 1 = FOG OR MIST
DPTR FM NORMAL: -1.8 DPTR FM NORMAL: -0.07 2 = FOG REDUCING VISIBILITY
HIGHEST: 81 ON 12 GRTST 24HR 0.22 ON 1- 1 TO 1/4 MILE OR LESS
LOWEST: 32 ON 7 3 = THUNDER
SNOW, ICE PELLETS, HAIL 4 = ICE PELLETS
TOTAL MONTH: T 5 = HAIL
GRTST 24HR T ON 1- 1 6 = FREEZING RAIN OR DRIZZLE
GRTST DEPTH: 0 7 = DUSTSTORM OR SANDSTORM:
VSBY 1/2 MILE OR LESS
8 = SMOKE OR HAZE
[NO. OF DAYS WITH] [WEATHER - DAYS WITH] 9 = BLOWING SNOW
X = TORNADO
MAX 32 OR BELOW: 0 0.01 INCH OR MORE: 1
MAX 90 OR ABOVE: 0 0.10 INCH OR MORE: 1
MIN 32 OR BELOW: 1 0.50 INCH OR MORE: 0
MIN 0 OR BELOW: 0 1.00 INCH OR MORE: 0
[HDD (BASE 65) ]
TOTAL THIS MO. 182 CLEAR (SCALE 0-3) 11
DPTR FM NORMAL 23 PTCLDY (SCALE 4-7) 3
TOTAL FM JUL 1 3554 CLOUDY (SCALE 8-10) 2
DPTR FM NORMAL -276
[CDD (BASE 65) ]
TOTAL THIS MO. 0
DPTR FM NORMAL 0 [PRESSURE DATA]
TOTAL FM JAN 1 0 HIGHEST SLP M ON M
DPTR FM NORMAL 0 LOWEST SLP 29.50 ON 5
[REMARKS]