000
CXUS52 KTAE 260800
CF6ABY
PRELIMINARY LOCAL CLIMATOLOGICAL DATA (WS FORM: F-6)

                                          STATION:   ALBANY
                                          MONTH:     APRIL
                                          YEAR:      2018
                                          LATITUDE:   31 31 N
                                          LONGITUDE:  84 11 W

  TEMPERATURE IN F:       :PCPN:    SNOW:  WIND      :SUNSHINE: SKY     :PK WND
================================================================================
1   2   3   4   5  6A  6B    7    8   9   10  11  12  13   14  15   16   17  18
                                     12Z  AVG MX 2MIN
DY MAX MIN AVG DEP HDD CDD  WTR  SNW DPTH SPD SPD DIR MIN PSBL S-S WX    SPD DR
================================================================================

 1  81  47  64   1   1   0 0.00    M    0  1.3  9  50   M    M   1 12     12  30
 2  79  53  66   3   0   1 0.00  0.0    0  3.6 14 220   M    M   3 12     19 200
 3  84  56  70   7   0   5 0.00  0.0    0  6.9 20 210   M    M   1 18     25 210
 4  71  48  60  -4   5   0 0.11    M    0  6.7 17 330   M    M   5 1      21 340
 5  73  40  57  -7   8   0 0.00  0.0    0  4.4 13  40   M    M   0        17  60
 6  82  47  65   1   0   0 0.00  0.0    0  6.8 18 160   M    M   0        23 150
 7  71  57  64   0   1   0 0.24  0.0    0  7.7 17 320   M    M   7 1      24 320
 8  62  48  55  -9  10   0    T  0.0    0  7.4 15 330   M    M   9        19 340
 9  68  56  62  -3   3   0    T  0.0    0  6.4 15  50   M    M  10 1      18  60
10  73  52  63  -2   2   0    T  0.0    0  7.5 17  40   M    M   7        21  40
11  77  44  61  -4   4   0 0.00  0.0    0  3.8 14 330   M    M   0        23 330
12  79  44  62  -3   3   0    T    M    0  2.1 13 160   M    M   0        18 150
13  84  51  68   2   0   3 0.00  0.0    0  6.7 18 160   M    M   2 1      26 170
14  87  58  73   7   0   8    T  0.0    0  9.0 21 180   M    M   3        27 210
15  73  51  62  -4   3   0 1.43  0.0    0 11.3 28 260   M    M   7 13     38 140
16  67  41  54 -12  11   0 0.00  0.0    0 11.7 23 250   M    M   2        32 250
17  77  41  59  -7   6   0 0.00  0.0    0  4.8 16 280   M    M   0        20 280
18  88  50  69   2   0   4 0.00  0.0    0 10.3 22 220   M    M   0        27 240
19  83  59  71   4   0   6 0.00  0.0    0 11.1 18 320   M    M   3        25 320
20  73  49  61  -6   4   0 0.00  0.0    0  9.2 22  60   M    M   0        26  70
21  77  53  65  -3   0   0 0.00  0.0    0 11.3 22  90   M    M   6        28 110
22  74  62  68   0   0   3 1.67  0.0    0 10.3 23 120   M    M   9 13     28 120
23  84  63  74   6   0   9 0.36  0.0    0  9.3 22 250   M    M   6 1      36 240
24  75  57  66  -2   0   1    T  0.0    0  7.4 17 280   M    M   5        23 250
25  78  55  67  -2   0   2 0.00  0.0    0  6.9 17 310   M    M   3        22 270
================================================================================
SM 1920 1282        61  42  3.81     0.0 183.9          M       89
================================================================================
AV 76.8 51.3                               7.4 FASTST   M    M   4    MAX(MPH)
                                 MISC ---->  # 28 260               # 38  140
================================================================================
NOTES:
# LAST OF SEVERAL OCCURRENCES

COLUMN 17 PEAK WIND IN M.P.H.

PRELIMINARY LOCAL CLIMATOLOGICAL DATA (WS FORM: F-6) , PAGE 2

                                          STATION:  ALBANY
                                          MONTH:    APRIL
                                          YEAR:     2018
                                          LATITUDE:   31 31 N
                                          LONGITUDE:  84 11 W

[TEMPERATURE DATA]      [PRECIPITATION DATA]       SYMBOLS USED IN COLUMN 16

AVERAGE MONTHLY: 64.0   TOTAL FOR MONTH:   3.81    1 = FOG OR MIST
DPTR FM NORMAL:  -1.6   DPTR FM NORMAL:    0.56    2 = FOG REDUCING VISIBILITY
HIGHEST:    88 ON 18    GRTST 24HR  1.67 ON 22-22      TO 1/4 MILE OR LESS
LOWEST:     40 ON  5                               3 = THUNDER
                        SNOW, ICE PELLETS, HAIL    4 = ICE PELLETS
                        TOTAL MONTH:   0.0 INCH    5 = HAIL
                        GRTST 24HR     0.0         6 = FREEZING RAIN OR DRIZZLE
                        GRTST DEPTH:   0           7 = DUSTSTORM OR SANDSTORM:
                                                       VSBY 1/2 MILE OR LESS
                                                   8 = SMOKE OR HAZE
[NO. OF DAYS WITH]      [WEATHER - DAYS WITH]      9 = BLOWING SNOW
                                                   X = TORNADO
MAX 32 OR BELOW:   0    0.01 INCH OR MORE:   5
MAX 90 OR ABOVE:   0    0.10 INCH OR MORE:   5
MIN 32 OR BELOW:   0    0.50 INCH OR MORE:   2
MIN  0 OR BELOW:   0    1.00 INCH OR MORE:   2

[HDD (BASE 65) ]
TOTAL THIS MO.    61    CLEAR  (SCALE 0-3)  12
DPTR FM NORMAL    -1    PTCLDY (SCALE 4-7)  10
TOTAL FM JUL 1  1541    CLOUDY (SCALE 8-10)  3
DPTR FM NORMAL  -290

[CDD (BASE 65) ]
TOTAL THIS MO.    42
DPTR FM NORMAL   -34    [PRESSURE DATA]
TOTAL FM JAN 1   168    HIGHEST SLP M ON M
DPTR FM NORMAL    54    LOWEST  SLP 29.72 ON 15

[REMARKS]
