145
CXUS51 KBGM 260800
CF6AVP
PRELIMINARY LOCAL CLIMATOLOGICAL DATA (WS FORM: F-6)

                                          STATION:   AVOCA PA
                                          MONTH:     APRIL
                                          YEAR:      2018
                                          LATITUDE:   41 19 N
                                          LONGITUDE:  75 44 W

  TEMPERATURE IN F:       :PCPN:    SNOW:  WIND      :SUNSHINE: SKY     :PK WND
================================================================================
1   2   3   4   5  6A  6B    7    8   9   10  11  12  13   14  15   16   17  18
                                     12Z  AVG MX 2MIN
DY MAX MIN AVG DEP HDD CDD  WTR  SNW DPTH SPD SPD DIR MIN PSBL S-S WX    SPD DR
================================================================================

 1  50  34  42  -1  23   0 0.04  0.0    M  8.6 20 340   M    M   6 1      24 330
 2  44  30  37  -6  28   0 0.40  3.8    M  2.8  9 330   M    M   7 1      11 340
 3  42  33  38  -6  27   0 0.30  0.0    M  2.3  9 200   M    M   9 18     16 200
 4  54  32  43  -1  22   0 0.08    T    M 16.0 37 260   M    M   8 1      46 240
 5  40  27  34 -10  31   0    T    T    M 11.8 28 310   M    M   7        34 300
 6  56  28  42  -3  23   0 0.02    T    M  9.2 30 240   M    M   9 8      44 240
 7  42  27  35 -10  30   0    T  0.0    M 11.5 23 330   M    M   2        29 320
 8  37  21  29 -17  36   0    T    T    M  8.5 23 340   M    M   5        29 340
 9  44  25  35 -11  30   0 0.01  0.1    M  4.9 13 230   M    M   5 18     19 240
10  44  28  36 -11  29   0 0.03  0.5    M  6.6 17 350   M    M   8 1      23 320
11  49  25  37 -10  28   0 0.00  0.0    M  7.2 18 250   M    M   7        23 260
12  65  41  53   6  12   0 0.01  0.0    M  6.0 18 180   M    M   7        29 180
13  82  55  69  21   0   4    T  0.0    M  7.8 21 230   M    M   2        27 250
14  75  47  61  13   4   0 0.00  0.0    M  5.3 17  60   M    M   1        24  70
15  47  37  42  -7  23   0    T  0.0    M  8.8 18  80   M    M  10 18     31 110
16  53  37  45  -4  20   0 1.18  0.0    M 12.1 29 120   M    M   9 18     42 120
17  39  32  36 -13  29   0 0.01  0.2    M 10.8 20 270   M    M  10 18     25 260
18  48  32  40 -10  25   0 0.00  0.0    M  8.0 17 230   M    M   8        22 240
19  42  32  37 -13  28   0 0.12  0.1    M 10.4 26 330   M    M  10 1      33 310
20  43  30  37 -13  28   0 0.01  0.2    M 11.7 23 320   M    M   8 1      29 340
21  58  27  43  -8  22   0 0.00  0.0    M  5.4 18 300   M    M   0        22 310
22  64  30  47  -4  18   0 0.00  0.0    M  5.2 16 340   M    M   0        20 320
23  70  33  52   0  13   0 0.00  0.0    M  5.8 15 220   M    M   0        23 210
24   M   M   M   M   M   M    M    M    M   M   M   M   M    M   M         M  M
25  61  49  55   3  10   0 0.72  0.0    M  5.5 16 300   M    M  10 1      23 110
================================================================================
SM 1249  792       539   4  2.93     4.9 192.2          M      148
================================================================================
AV 52.0 33.0                               8.0 FASTST   M    M   6    MAX(MPH)
                                 MISC ---->  # 37 260               # 46  240
================================================================================
NOTES:
# LAST OF SEVERAL OCCURRENCES

COLUMN 17 PEAK WIND IN M.P.H.

PRELIMINARY LOCAL CLIMATOLOGICAL DATA (WS FORM: F-6) , PAGE 2

                                          STATION:  AVOCA PA
                                          MONTH:    APRIL
                                          YEAR:     2018
                                          LATITUDE:   41 19 N
                                          LONGITUDE:  75 44 W

[TEMPERATURE DATA]      [PRECIPITATION DATA]       SYMBOLS USED IN COLUMN 16

AVERAGE MONTHLY: 42.5   TOTAL FOR MONTH:   2.93    1 = FOG OR MIST
DPTR FM NORMAL:  -5.2   DPTR FM NORMAL:    0.16    2 = FOG REDUCING VISIBILITY
HIGHEST:    82 ON 13    GRTST 24HR  1.18 ON 16-16      TO 1/4 MILE OR LESS
LOWEST:     21 ON  8                               3 = THUNDER
                        SNOW, ICE PELLETS, HAIL    4 = ICE PELLETS
                        TOTAL MONTH:   4.9 INCHES  5 = HAIL
                        GRTST 24HR   3.8 ON  2- 2  6 = FREEZING RAIN OR DRIZZLE
                        GRTST DEPTH:  M  ON   M    7 = DUSTSTORM OR SANDSTORM:
                                                       VSBY 1/2 MILE OR LESS
                                                   8 = SMOKE OR HAZE
[NO. OF DAYS WITH]      [WEATHER - DAYS WITH]      9 = BLOWING SNOW
                                                   X = TORNADO
MAX 32 OR BELOW:   0    0.01 INCH OR MORE:  13
MAX 90 OR ABOVE:   0    0.10 INCH OR MORE:   5
MIN 32 OR BELOW:  15    0.50 INCH OR MORE:   2
MIN  0 OR BELOW:   0    1.00 INCH OR MORE:   1

[HDD (BASE 65) ]
TOTAL THIS MO.   539    CLEAR  (SCALE 0-3)   6
DPTR FM NORMAL   103    PTCLDY (SCALE 4-7)  11
TOTAL FM JUL 1  5675    CLOUDY (SCALE 8-10)  7
DPTR FM NORMAL  -238

[CDD (BASE 65) ]
TOTAL THIS MO.     4
DPTR FM NORMAL     4    [PRESSURE DATA]
TOTAL FM JAN 1     4    HIGHEST SLP M ON M
DPTR FM NORMAL     4    LOWEST  SLP 29.37 ON 16

[REMARKS]
