000
CXUS56 KBOI 221002
CF6BKE
PRELIMINARY LOCAL CLIMATOLOGICAL DATA (WS FORM: F-6)

                                          STATION:   BAKER OR
                                          MONTH:     MAY
                                          YEAR:      2018
                                          LATITUDE:   44 50 N
                                          LONGITUDE: 117 49 W

  TEMPERATURE IN F:       :PCPN:    SNOW:  WIND      :SUNSHINE: SKY     :PK WND
================================================================================
1   2   3   4   5  6A  6B    7    8   9   10  11  12  13   14  15   16   17  18
                                     12Z  AVG MX 2MIN
DY MAX MIN AVG DEP HDD CDD  WTR  SNW DPTH SPD SPD DIR MIN PSBL S-S WX    SPD DR
================================================================================

 1  62  31  47   0  18   0 0.00    M    M 11.2 25 330   M    M   1        32 320
 2  68  30  49   2  16   0 0.00    M    M  9.2 22 330   M    M   0        32 310
 3  77  31  54   6  11   0 0.00    M    M  2.0 10  10   M    M   0        15  30
 4  82  41  62  14   3   0 0.00    M    M  6.3 22 330   M    M   0        25 320
 5  79  45  62  14   3   0    T    M    M  3.7 22 280   M    M   1        27 250
 6  73  43  58  10   7   0 0.09    M    M  3.7 26 240   M    M   1 123    37 230
 7  75  36  56   7   9   0 0.00    M    M  5.4 12 320   M    M   1        16 270
 8  84  39  62  13   3   0 0.01    M    M  6.8 31 340   M    M   2 12     35 340
 9  68  46  57   8   8   0    T    M    M  8.8 25 320   M    M   3 13     30 320
10  63  39  51   1  14   0 0.12    M    M  9.7 28 320   M    M   3        35 330
11  58  41  50   0  15   0 0.00    M    M 20.7 35 300   M    M   5        43 290
12  72  48  60  10   5   0 0.00    M    M 22.6 37 310   M    M   2        46 310
13  73  40  57   7   8   0 0.00    M    M  4.5 16 110   M    M   3        20 110
14  80  37  59   8   6   0 0.00    M    M  3.7 12 290   M    M   0        14 290
15  85  41  63  12   2   0 0.14    M    M  4.7 22  90   M    M   3 3      30  70
16  71  50  61  10   4   0 0.01    M    M  3.5 12 250   M    M   7 3      14 250
17  72  50  61   9   4   0 0.00    M    M  8.8 24 340   M    M   8        30 330
18  73  48  61   9   4   0    T    M    M 10.9 21 320   M    M   5        26 310
19  77  41  59   7   6   0 0.17    M    M  5.8 24 250   M    M   3 13     27 260
20  66  45  56   4   9   0 0.12    M    M  6.2 15 320   M    M   6 1      18 320
21  77  51  64  12   1   0 0.00    M    M  6.6 21 320   M    M   7        27 310
================================================================================
SM 1535  873       156   0  0.66    M    164.8          M       61
================================================================================
AV 73.1 41.6                               7.8 FASTST   M    M   3    MAX(MPH)
                                 MISC ---->  # 37 310               # 46  310
================================================================================
NOTES:
# LAST OF SEVERAL OCCURRENCES

COLUMN 17 PEAK WIND IN M.P.H.

PRELIMINARY LOCAL CLIMATOLOGICAL DATA (WS FORM: F-6) , PAGE 2

                                          STATION:  BAKER OR
                                          MONTH:    MAY
                                          YEAR:     2018
                                          LATITUDE:   44 50 N
                                          LONGITUDE: 117 49 W

[TEMPERATURE DATA]      [PRECIPITATION DATA]       SYMBOLS USED IN COLUMN 16

AVERAGE MONTHLY: 57.3   TOTAL FOR MONTH:   0.66    1 = FOG OR MIST
DPTR FM NORMAL:   7.5   DPTR FM NORMAL:   -0.29    2 = FOG REDUCING VISIBILITY
HIGHEST:    85 ON 15    GRTST 24HR  0.17 ON 19-19      TO 1/4 MILE OR LESS
LOWEST:     30 ON  2                               3 = THUNDER
                        SNOW, ICE PELLETS, HAIL    4 = ICE PELLETS
                        TOTAL MONTH:    M          5 = HAIL
                        GRTST 24HR    M  ON   M    6 = FREEZING RAIN OR DRIZZLE
                        GRTST DEPTH:  M  ON   M    7 = DUSTSTORM OR SANDSTORM:
                                                       VSBY 1/2 MILE OR LESS
                                                   8 = SMOKE OR HAZE
[NO. OF DAYS WITH]      [WEATHER - DAYS WITH]      9 = BLOWING SNOW
                                                   X = TORNADO
MAX 32 OR BELOW:   0    0.01 INCH OR MORE:   7
MAX 90 OR ABOVE:   0    0.10 INCH OR MORE:   4
MIN 32 OR BELOW:   3    0.50 INCH OR MORE:   0
MIN  0 OR BELOW:   0    1.00 INCH OR MORE:   0

[HDD (BASE 65) ]
TOTAL THIS MO.   156    CLEAR  (SCALE 0-3)  14
DPTR FM NORMAL  -164    PTCLDY (SCALE 4-7)   6
TOTAL FM JUL 1  6240    CLOUDY (SCALE 8-10)  1
DPTR FM NORMAL -1093

[CDD (BASE 65) ]
TOTAL THIS MO.     0
DPTR FM NORMAL     0    [PRESSURE DATA]
TOTAL FM JAN 1     0    HIGHEST SLP M ON M
DPTR FM NORMAL     0    LOWEST  SLP 29.76 ON M

[REMARKS]
