000
CXUS55 KDVN 201100
CF6CID
PRELIMINARY LOCAL CLIMATOLOGICAL DATA (WS FORM: F-6)

                                          STATION:   CEDAR RAPIDS IA
                                          MONTH:     MAY
                                          YEAR:      2018
                                          LATITUDE:   41 52 N
                                          LONGITUDE:  91 42 W

  TEMPERATURE IN F:       :PCPN:    SNOW:  WIND      :SUNSHINE: SKY     :PK WND
================================================================================
1   2   3   4   5  6A  6B    7    8   9   10  11  12  13   14  15   16   17  18
                                     12Z  AVG MX 2MIN
DY MAX MIN AVG DEP HDD CDD  WTR  SNW DPTH SPD SPD DIR MIN PSBL S-S WX    SPD DR
================================================================================

 1  83  59  71  16   0   6 0.09    M    M 15.5 33 200   M    M   4 38     41 200
 2  80  61  71  16   0   6 0.29    M    M 10.9 24 220   M    M   5 138    32 210
 3  74  58  66  10   0   1 0.54    M    M  8.7 22 280   M    M   6 123    29 260
 4  78  53  66  10   0   1 0.00    M    M 13.1 24 260   M    M   3        31 270
 5  83  48  66  10   0   1    T    M    M  7.5 18 250   M    M   1        26 280
 6  82  54  68  11   0   3 0.00    M    M  9.2 20  20   M    M   2        26  20
 7  80  49  65   8   0   0 0.00    M    M  6.3 14 180   M    M   0        19 190
 8  82  55  69  11   0   4 0.00    M    M 13.3 24 160   M    M   1        34 160
 9  81  55  68  10   0   3 0.08    M    M 15.2 30 300   M    M   4 13     38 300
10  78  52  65   7   0   0 0.00    M    M  9.4 18  50   M    M   1        24  50
11  62  47  55  -3  10   0    T    M    M 17.0 31 100   M    M   7 138    40 110
12  59  45  52  -7  13   0 0.45    M    M 13.5 22  80   M    M  10 13     27  70
13  60  50  55  -4  10   0 0.06    M    M  8.4 23 100   M    M   9 138    28 100
14  79  57  68   8   0   3 0.94    M    M  6.3 15 200   M    M   7 1348   19 200
15  78  59  69   9   0   4 0.00    M    M  8.4 15 120   M    M   3 1      19 120
16  82  53  68   8   0   3 0.00    M    M  3.4  9 100   M    M   0 18     13 140
17  82  57  70  10   0   5 0.00    M    M  6.5 16  90   M    M   0 8      21 110
18  79  55  67   6   0   2 0.00    M    M 10.5 24 110   M    M   1 8      29 110
19  82  58  70   9   0   5 0.01    M    M  4.5 18 230   M    M   5 18     22 230
================================================================================
SM 1464 1025        33  47  2.46    M    187.6          M       69
================================================================================
AV 77.1 54.0                               9.9 FASTST   M    M   4    MAX(MPH)
                                 MISC ---->  # 33 200               # 41  200
================================================================================
NOTES:
# LAST OF SEVERAL OCCURRENCES

COLUMN 17 PEAK WIND IN M.P.H.

PRELIMINARY LOCAL CLIMATOLOGICAL DATA (WS FORM: F-6) , PAGE 2

                                          STATION:  CEDAR RAPIDS IA
                                          MONTH:    MAY
                                          YEAR:     2018
                                          LATITUDE:   41 52 N
                                          LONGITUDE:  91 42 W

[TEMPERATURE DATA]      [PRECIPITATION DATA]       SYMBOLS USED IN COLUMN 16

AVERAGE MONTHLY: 65.5   TOTAL FOR MONTH:   2.46    1 = FOG OR MIST
DPTR FM NORMAL:   7.4   DPTR FM NORMAL:   -0.03    2 = FOG REDUCING VISIBILITY
HIGHEST:    83 ON  5, 1 GRTST 24HR  0.94 ON 14-14      TO 1/4 MILE OR LESS
LOWEST:     45 ON 12                               3 = THUNDER
                        SNOW, ICE PELLETS, HAIL    4 = ICE PELLETS
                        TOTAL MONTH:    M          5 = HAIL
                        GRTST 24HR    M  ON   M    6 = FREEZING RAIN OR DRIZZLE
                        GRTST DEPTH:  M  ON   M    7 = DUSTSTORM OR SANDSTORM:
                                                       VSBY 1/2 MILE OR LESS
                                                   8 = SMOKE OR HAZE
[NO. OF DAYS WITH]      [WEATHER - DAYS WITH]      9 = BLOWING SNOW
                                                   X = TORNADO
MAX 32 OR BELOW:   0    0.01 INCH OR MORE:   8
MAX 90 OR ABOVE:   0    0.10 INCH OR MORE:   4
MIN 32 OR BELOW:   0    0.50 INCH OR MORE:   2
MIN  0 OR BELOW:   0    1.00 INCH OR MORE:   0

[HDD (BASE 65) ]
TOTAL THIS MO.    33    CLEAR  (SCALE 0-3)   9
DPTR FM NORMAL  -113    PTCLDY (SCALE 4-7)   8
TOTAL FM JUL 1  6698    CLOUDY (SCALE 8-10)  2
DPTR FM NORMAL   -93

[CDD (BASE 65) ]
TOTAL THIS MO.    47
DPTR FM NORMAL    32    [PRESSURE DATA]
TOTAL FM JAN 1    49    HIGHEST SLP M ON M
DPTR FM NORMAL    27    LOWEST  SLP 29.63 ON  9

[REMARKS]
