919
CXUS51 KILN 230537
CF6CMH
PRELIMINARY LOCAL CLIMATOLOGICAL DATA (WS FORM: F-6)

                                          STATION:   COLUMBUS OH
                                          MONTH:     APRIL
                                          YEAR:      2018
                                          LATITUDE:   40  0 N
                                          LONGITUDE:  82 53 W

  TEMPERATURE IN F:       :PCPN:    SNOW:  WIND      :SUNSHINE: SKY     :PK WND
================================================================================
1   2   3   4   5  6A  6B    7    8   9   10  11  12  13   14  15   16   17  18
                                     12Z  AVG MX 2MIN
DY MAX MIN AVG DEP HDD CDD  WTR  SNW DPTH SPD SPD DIR MIN PSBL S-S WX    SPD DR
================================================================================

 1  51  33  42  -6  23   0 0.10  0.9    0 10.7 25 330   M    M   9 1      31 330
 2  45  31  38 -10  27   0 0.04  0.5    1  7.2 14 350   M    M   8 1      17 350
 3  62  42  52   3  13   0 1.95  0.0    0  9.2 26 230   M    M  10 13     42 230
 4  62  32  47  -2  18   0 0.06    T    0 21.8 36 270   M    M  10 1      45 270
 5  48  30  39 -10  26   0    T    T    0  8.5 18 250   M    M   6        23 290
 6  58  29  44  -6  21   0 0.18  0.6    0 14.6 28 290   M    M  10 1      35 320
 7  42  28  35 -15  30   0    T  0.1    1  8.4 21 340   M    M   8 18     25 340
 8  43  25  34 -16  31   0 0.00  0.0    0  7.6 17 320   M    M   4        20 310
 9  38  30  34 -17  31   0 0.02  0.2    0  5.8 14  70   M    M  10 18     18 120
10  45  28  37 -14  28   0 0.00  0.0    0  3.7 13 250   M    M   6 18     15 250
11  62  32  47  -5  18   0 0.00  0.0    0  9.4 22 230   M    M   6        30 240
12  79  53  66  14   0   1    T  0.0    0 15.3 37 240   M    M   6        46 250
13  82  63  73  21   0   8 0.00  0.0    0 13.5 29 210   M    M   7        36 220
14  75  47  61   8   4   0 0.13  0.0    0  9.1 23 220   M    M  10 1      27 230
15  61  46  54   1  11   0 2.06  0.0    0  9.5 29 320   M    M  10 1      35 310
16  46  33  40 -13  25   0 0.01    T    0 16.4 26 270   M    M  10 18     34 260
17  37  31  34 -20  31   0 0.01  0.3    0 13.3 25 280   M    M   7 1      31 290
18  57  27  42 -12  23   0 0.23  0.0    0  4.5 17 310   M    M   6 1      20 320
19  52  35  44 -10  21   0 0.03  0.3    0 13.4 22 310   M    M   7 1      28 330
20  58  31  45 -10  20   0 0.00  0.0    0  5.7 14 350   M    M   1        19 350
21  60  30  45 -10  20   0 0.00  0.0    0  4.7 12  10   M    M   6        14  30
22  69  45  57   2   8   0 0.00  0.0    0  6.6 15  70   M    M   8        24 100
================================================================================
SM 1232  781       429   9  4.82     2.9 218.9          M      165
================================================================================
AV 56.0 35.5                              10.0 FASTST   M    M   8    MAX(MPH)
                                 MISC ---->  # 37 240               # 46  250
================================================================================
NOTES:
# LAST OF SEVERAL OCCURRENCES

COLUMN 17 PEAK WIND IN M.P.H.

PRELIMINARY LOCAL CLIMATOLOGICAL DATA (WS FORM: F-6) , PAGE 2

                                          STATION:  COLUMBUS OH
                                          MONTH:    APRIL
                                          YEAR:     2018
                                          LATITUDE:   40  0 N
                                          LONGITUDE:  82 53 W

[TEMPERATURE DATA]      [PRECIPITATION DATA]       SYMBOLS USED IN COLUMN 16

AVERAGE MONTHLY: 45.8   TOTAL FOR MONTH:   4.82    1 = FOG OR MIST
DPTR FM NORMAL:  -5.9   DPTR FM NORMAL:    2.33    2 = FOG REDUCING VISIBILITY
HIGHEST:    82 ON 13    GRTST 24HR  2.06 ON 15-15      TO 1/4 MILE OR LESS
LOWEST:     25 ON  8                               3 = THUNDER
                        SNOW, ICE PELLETS, HAIL    4 = ICE PELLETS
                        TOTAL MONTH:   2.9 INCHES  5 = HAIL
                        GRTST 24HR   0.9 ON  1- 1  6 = FREEZING RAIN OR DRIZZLE
                        GRTST DEPTH:   1 ON  7, 2  7 = DUSTSTORM OR SANDSTORM:
                                                       VSBY 1/2 MILE OR LESS
                                                   8 = SMOKE OR HAZE
[NO. OF DAYS WITH]      [WEATHER - DAYS WITH]      9 = BLOWING SNOW
                                                   X = TORNADO
MAX 32 OR BELOW:   0    0.01 INCH OR MORE:  12
MAX 90 OR ABOVE:   0    0.10 INCH OR MORE:   6
MIN 32 OR BELOW:  13    0.50 INCH OR MORE:   2
MIN  0 OR BELOW:   0    1.00 INCH OR MORE:   2

[HDD (BASE 65) ]
TOTAL THIS MO.   429    CLEAR  (SCALE 0-3)   1
DPTR FM NORMAL   129    PTCLDY (SCALE 4-7)  12
TOTAL FM JUL 1  5089    CLOUDY (SCALE 8-10)  9
DPTR FM NORMAL    78

[CDD (BASE 65) ]
TOTAL THIS MO.     9
DPTR FM NORMAL     5    [PRESSURE DATA]
TOTAL FM JAN 1    13    HIGHEST SLP 30.48 ON 21
DPTR FM NORMAL     9    LOWEST  SLP 29.47 ON  4

[REMARKS]
