101
CXUS53 KTOP 220800
CF6EMP
PRELIMINARY LOCAL CLIMATOLOGICAL DATA (WS FORM: F-6)

                                          STATION:   Emporia KS
                                          MONTH:     APRIL
                                          YEAR:      2018
                                          LATITUDE:   38 19 N
                                          LONGITUDE:  96 12 W

  TEMPERATURE IN F:       :PCPN:    SNOW:  WIND      :SUNSHINE: SKY     :PK WND
================================================================================
1   2   3   4   5  6A  6B    7    8   9   10  11  12  13   14  15   16   17  18
                                     12Z  AVG MX 2MIN
DY MAX MIN AVG DEP HDD CDD  WTR  SNW DPTH SPD SPD DIR MIN PSBL S-S WX    SPD DR
================================================================================

 1  34  25  30 -21  35   0 0.06    M    M 12.6 21  30   M    M   8 16     29  30
 2  41  24  33 -18  32   0 0.00    M    M  9.0 17 140   M    M  10 1      22 150
 3  46  25  36 -16  29   0 0.01    M    M 16.8 31 320   M    M   6 18     45 340
 4  49  17  33 -19  32   0 0.00    M    M  9.7 22 170   M    M   2 8      28 140
 5  73  37  55   3  10   0 0.00    M    M 10.2 22 210   M    M   1 8      30 210
 6  48  21  35 -18  30   0    T    M    M 18.8 32  30   M    M   5 18     43  30
 7  44  19  32 -21  33   0 0.00    M    M  8.2 16  10   M    M   1        23 350
 8  45  29  37 -16  28   0 0.08    M    M  9.8 22 180   M    M   6        32 170
 9  54  31  43 -11  22   0    T    M    M  8.2 17 340   M    M   5 8      24 340
10  69  24  47  -7  18   0 0.00    M    M 10.3 28 200   M    M   2 18     37 190
11  83  48  66  12   0   1 0.00    M    M 20.6 36 200   M    M   0        52 210
12  85  51  68  13   0   3 0.00    M    M 23.0 36 180   M    M   0        51 170
13  82  43  63   8   2   0 0.03    M    M 23.8 38 190   M    M   3 3      51 180
14  43  29  36 -19  29   0 0.01    M    M 20.3 32 320   M    M  10 18     46 300
15  40  26  33 -23  32   0 0.00    M    M 19.2 30 330   M    M  10        41 320
16  59  29  44 -12  21   0 0.00    M    M  8.3 18 330   M    M   6 8      27 320
17  81  37  59   3   6   0 0.00    M    M 14.9 23 140   M    M   0 8      31 130
18  70  34  52  -5  13   0 0.00    M    M 18.2 33 330   M    M   4 8      49 320
19  59  29  44 -13  21   0 0.00    M    M  8.3 16  60   M    M   0 8      25  60
20  65  33  49  -8  16   0 0.00    M    M 12.2 23 130   M    M   0        32 120
21  53  44  49  -9  16   0 0.80    M    M  8.7 16  30   M    M  10 1      23 100
================================================================================
SM 1223  655       425   4  0.99    M    291.1          M       89
================================================================================
AV 58.2 31.2                              13.9 FASTST   M    M   4    MAX(MPH)
                                 MISC ---->  # 38 190               # 52  210
================================================================================
NOTES:
# LAST OF SEVERAL OCCURRENCES

COLUMN 17 PEAK WIND IN M.P.H.

PRELIMINARY LOCAL CLIMATOLOGICAL DATA (WS FORM: F-6) , PAGE 2

                                          STATION:  Emporia KS
                                          MONTH:    APRIL
                                          YEAR:     2018
                                          LATITUDE:   38 19 N
                                          LONGITUDE:  96 12 W

[TEMPERATURE DATA]      [PRECIPITATION DATA]       SYMBOLS USED IN COLUMN 16

AVERAGE MONTHLY: 44.7   TOTAL FOR MONTH:   0.99    1 = FOG OR MIST
DPTR FM NORMAL:  -9.6   DPTR FM NORMAL:   -1.05    2 = FOG REDUCING VISIBILITY
HIGHEST:    85 ON 12    GRTST 24HR  0.80 ON 21-21      TO 1/4 MILE OR LESS
LOWEST:     17 ON  4                               3 = THUNDER
                        SNOW, ICE PELLETS, HAIL    4 = ICE PELLETS
                        TOTAL MONTH:    M          5 = HAIL
                        GRTST 24HR    M  ON   M    6 = FREEZING RAIN OR DRIZZLE
                        GRTST DEPTH:  M  ON   M    7 = DUSTSTORM OR SANDSTORM:
                                                       VSBY 1/2 MILE OR LESS
                                                   8 = SMOKE OR HAZE
[NO. OF DAYS WITH]      [WEATHER - DAYS WITH]      9 = BLOWING SNOW
                                                   X = TORNADO
MAX 32 OR BELOW:   0    0.01 INCH OR MORE:   6
MAX 90 OR ABOVE:   0    0.10 INCH OR MORE:   1
MIN 32 OR BELOW:  13    0.50 INCH OR MORE:   1
MIN  0 OR BELOW:   0    1.00 INCH OR MORE:   0

[HDD (BASE 65) ]
TOTAL THIS MO.   425    CLEAR  (SCALE 0-3)  10
DPTR FM NORMAL   188    PTCLDY (SCALE 4-7)   6
TOTAL FM JUL 1  4744    CLOUDY (SCALE 8-10)  5
DPTR FM NORMAL    75

[CDD (BASE 65) ]
TOTAL THIS MO.     4
DPTR FM NORMAL   -11    [PRESSURE DATA]
TOTAL FM JAN 1     4    HIGHEST SLP M ON M
DPTR FM NORMAL   -13    LOWEST  SLP 29.26 ON 13

[REMARKS]
