000
CXUS53 KIND 230730
CF6EYE
PRELIMINARY LOCAL CLIMATOLOGICAL DATA (WS FORM: F-6)

                                          STATION:   INDIANAPOLIS EAGLE CREEK IN
                                          MONTH:     APRIL
                                          YEAR:      2018
                                          LATITUDE:   39 49 N
                                          LONGITUDE:  86 18 W

  TEMPERATURE IN F:       :PCPN:    SNOW:  WIND      :SUNSHINE: SKY     :PK WND
================================================================================
1   2   3   4   5  6A  6B    7    8   9   10  11  12  13   14  15   16   17  18
                                     12Z  AVG MX 2MIN
DY MAX MIN AVG DEP HDD CDD  WTR  SNW DPTH SPD SPD DIR MIN PSBL S-S WX    SPD DR
================================================================================

 1  44  31  38 -10  27   0 0.15    M    M  7.9 17  10   M    M   8 1      20 360
 2  47  28  38 -11  27   0 0.01    M    M  7.8 15 150   M    M   8 18     22 120
 3  67  42  55   6  10   0 2.31    M    M  9.2 30 290   M    M  10 13     39 280
 4  41  29  35 -15  30   0 0.03    M    M 16.3 31 290   M    M   9 1      44 280
 5  48  26  37 -13  28   0 0.00    M    M  3.4 10 140   M    M   4        13 140
 6  51  29  40 -10  25   0    T    M    M 12.1 24 310   M    M   7        32 320
 7  41  27  34 -16  31   0 0.00    M    M  8.8 16 310   M    M   2        20 360
 8  42  23  33 -18  32   0    T    M    M  4.3 12 160   M    M   3        18 140
 9  41  32  37 -14  28   0 0.09    M    M  4.6 12 330   M    M  10 18     15 340
10  43  30  37 -15  28   0 0.00    M    M  3.9 12 300   M    M   7 18     16 300
11  64  31  48  -4  17   0 0.00    M    M  8.5 20 200   M    M   2        29 220
12  78  53  66  14   0   1 0.00    M    M 10.6 22 210   M    M   1        33 200
13  78  64  71  19   0   6 0.00    M    M 12.1 29 210   M    M   2 3      44 200
14  71  51  61   8   4   0 0.43    M    M  6.9 18 130   M    M   5 1      25 130
15  59  38  49  -4  16   0 0.52    M    M 10.0 23 290   M    M   8 1      30 290
16  38  30  34 -19  31   0 0.04    M    M 14.6 26 280   M    M  10 1      36 280
17  46  31  39 -15  26   0 0.00    M    M 10.5 22 290   M    M   6        28 280
18  66  33  50  -4  15   0 0.00    M    M 11.9 31 300   M    M   5        40 280
19  55  35  45  -9  20   0    T    M    M 14.0 26 300   M    M   5        34 300
20  61  32  47  -8  18   0 0.00    M    M  5.7 13  40   M    M   0        18  80
21  61  37  49  -6  16   0 0.00    M    M  7.4 15 110   M    M   0        18 110
22  67  46  57   2   8   0 0.00    M    M  9.2 18  80   M    M   1        25  80
================================================================================
SM 1209  778       437   7  3.58    M    199.7          M      113
================================================================================
AV 55.0 35.4                               9.1 FASTST   M    M   5    MAX(MPH)
                                 MISC ---->  # 31 290               # 44  280
================================================================================
NOTES:
# LAST OF SEVERAL OCCURRENCES

COLUMN 17 PEAK WIND IN M.P.H.

PRELIMINARY LOCAL CLIMATOLOGICAL DATA (WS FORM: F-6) , PAGE 2

                                          STATION:  INDIANAPOLIS EAGLE CREEK IN
                                          MONTH:    APRIL
                                          YEAR:     2018
                                          LATITUDE:   39 49 N
                                          LONGITUDE:  86 18 W

[TEMPERATURE DATA]      [PRECIPITATION DATA]       SYMBOLS USED IN COLUMN 16

AVERAGE MONTHLY: 45.2   TOTAL FOR MONTH:   3.58    1 = FOG OR MIST
DPTR FM NORMAL:  -6.8   DPTR FM NORMAL:    1.00    2 = FOG REDUCING VISIBILITY
HIGHEST:    78 ON 13,12 GRTST 24HR  2.31 ON  3- 3      TO 1/4 MILE OR LESS
LOWEST:     23 ON  8                               3 = THUNDER
                        SNOW, ICE PELLETS, HAIL    4 = ICE PELLETS
                        TOTAL MONTH:    M          5 = HAIL
                        GRTST 24HR    M  ON   M    6 = FREEZING RAIN OR DRIZZLE
                        GRTST DEPTH:  M  ON   M    7 = DUSTSTORM OR SANDSTORM:
                                                       VSBY 1/2 MILE OR LESS
                                                   8 = SMOKE OR HAZE
[NO. OF DAYS WITH]      [WEATHER - DAYS WITH]      9 = BLOWING SNOW
                                                   X = TORNADO
MAX 32 OR BELOW:   0    0.01 INCH OR MORE:   8
MAX 90 OR ABOVE:   0    0.10 INCH OR MORE:   4
MIN 32 OR BELOW:  13    0.50 INCH OR MORE:   2
MIN  0 OR BELOW:   0    1.00 INCH OR MORE:   1

[HDD (BASE 65) ]
TOTAL THIS MO.   437    CLEAR  (SCALE 0-3)   8
DPTR FM NORMAL   139    PTCLDY (SCALE 4-7)   9
TOTAL FM JUL 1  5118    CLOUDY (SCALE 8-10)  5
DPTR FM NORMAL    -5

[CDD (BASE 65) ]
TOTAL THIS MO.     7
DPTR FM NORMAL    -5    [PRESSURE DATA]
TOTAL FM JAN 1    13    HIGHEST SLP M ON M
DPTR FM NORMAL     0    LOWEST  SLP 29.45 ON  3

[REMARKS]
