000
CXUS55 KBOU 230900
CF6FNL
PRELIMINARY LOCAL CLIMATOLOGICAL DATA (WS FORM: F-6)

                                          STATION:   FT COLLINS/LOVELAND CO
                                          MONTH:     MAY
                                          YEAR:      2018
                                          LATITUDE:   40 27 N
                                          LONGITUDE: 105  1 W

  TEMPERATURE IN F:       :PCPN:    SNOW:  WIND      :SUNSHINE: SKY     :PK WND
================================================================================
1   2   3   4   5  6A  6B    7    8   9   10  11  12  13   14  15   16   17  18
                                     12Z  AVG MX 2MIN
DY MAX MIN AVG DEP HDD CDD  WTR  SNW DPTH SPD SPD DIR MIN PSBL S-S WX    SPD DR
================================================================================

 1  67  43  55   M  10   0    M    M    M  6.8 21  40   M    M   7        30  30
 2  48  41  45   M  20   0    M    M    M  8.2 15 350   M    M   9 1       M  M
 3  57  38  48   M  17   0    M    M    M 13.3 21 330   M    M   9 138    33  30
 4  70  38  54   M  11   0    M    M    M  5.3 13 190   M    M   2         M  M
 5  77  43  60   M   5   0    M    M    M  3.6  7  70   M    M   0         M  M
 6  77  44  61   M   4   0    M    M    M  4.8 14 120   M    M   0         M  M
 7  80  47  64   M   1   0    M    M    M  6.0 10  20   M    M   0         M  M
 8  80  54  67   M   0   2    M    M    M  7.2 18  20   M    M   0         M  M
 9  80  47  64   M   1   0    M    M    M  6.1 12 210   M    M   0         M  M
10  85  48  67   M   0   2    M    M    M  9.8 18 360   M    M   1        32  30
11  71  47  59   M   6   0    M    M    M  9.5 17  90   M    M   3 13     23  90
12  58  48  53   M  12   0    M    M    M  7.2 12  70   M    M  10 13      M  M
13  62  49  56   M   9   0    M    M    M  5.5 10 130   M    M  10 13      M  M
14  69  46  58   M   7   0    M    M    M  5.6 20  10   M    M   7 1      29  10
15  75  43  59   M   6   0    M    M    M  5.9 13 360   M    M   1         M  M
16  83  48  66   M   0   1    M    M    M  5.3 12 130   M    M   0         M  M
17  87  49  68   M   0   3    M    M    M  8.0 25 350   M    M   0        40 360
18  67  50  59   M   6   0    M    M    M 10.3 29  10   M    M   6 3      39  10
19  52  43  48   M  17   0    M    M    M 13.0 21  20   M    M  10        30  10
20  55  42  49   M  16   0    M    M    M  6.0 10 120   M    M   8 1       M  M
21  79  39  59   M   6   0    M    M    M  4.4  9  90   M    M   0 12      M  M
22  80  51  66   M   0   1    M    M    M  7.2 10  20   M    M   1 3      27 260
================================================================================
SM 1559  998       154   9    M     M    159.0          M       84
================================================================================
AV 70.9 45.4                               7.2 FASTST   M    M   4    MAX(MPH)
                                 MISC ---->  # 29  10               # 40  360
================================================================================
NOTES:
# LAST OF SEVERAL OCCURRENCES

COLUMN 17 PEAK WIND IN M.P.H.

PRELIMINARY LOCAL CLIMATOLOGICAL DATA (WS FORM: F-6) , PAGE 2

                                          STATION:  FT COLLINS/LOVELAND CO
                                          MONTH:    MAY
                                          YEAR:     2018
                                          LATITUDE:   40 27 N
                                          LONGITUDE: 105  1 W

[TEMPERATURE DATA]      [PRECIPITATION DATA]       SYMBOLS USED IN COLUMN 16

AVERAGE MONTHLY: 58.1   TOTAL FOR MONTH:      M    1 = FOG OR MIST
DPTR FM NORMAL:     M   DPTR FM NORMAL:       M    2 = FOG REDUCING VISIBILITY
HIGHEST:    87 ON 17    GRTST 24HR  0.02 ON 30- 1      TO 1/4 MILE OR LESS
LOWEST:     38 ON  4, 3                            3 = THUNDER
                        SNOW, ICE PELLETS, HAIL    4 = ICE PELLETS
                        TOTAL MONTH:    M          5 = HAIL
                        GRTST 24HR    M  ON   M    6 = FREEZING RAIN OR DRIZZLE
                        GRTST DEPTH:  M  ON   M    7 = DUSTSTORM OR SANDSTORM:
                                                       VSBY 1/2 MILE OR LESS
                                                   8 = SMOKE OR HAZE
[NO. OF DAYS WITH]      [WEATHER - DAYS WITH]      9 = BLOWING SNOW
                                                   X = TORNADO
MAX 32 OR BELOW:   0    0.01 INCH OR MORE:   0
MAX 90 OR ABOVE:   0    0.10 INCH OR MORE:   0
MIN 32 OR BELOW:   0    0.50 INCH OR MORE:   0
MIN  0 OR BELOW:   0    1.00 INCH OR MORE:   0

[HDD (BASE 65) ]
TOTAL THIS MO.   154    CLEAR  (SCALE 0-3)  12
DPTR FM NORMAL     M    PTCLDY (SCALE 4-7)   4
TOTAL FM JUL 1  5704    CLOUDY (SCALE 8-10)  6
DPTR FM NORMAL     M

[CDD (BASE 65) ]
TOTAL THIS MO.     9
DPTR FM NORMAL     M    [PRESSURE DATA]
TOTAL FM JAN 1     9    HIGHEST SLP M ON M
DPTR FM NORMAL     M    LOWEST  SLP 29.46 ON 11

[REMARKS]
