000
CXUS55 KALY 220710
CF6GFL
PRELIMINARY LOCAL CLIMATOLOGICAL DATA (WS FORM: F-6)
STATION: GLENS FALLS NY
MONTH: APRIL
YEAR: 2024
LATITUDE: 43 20 N
LONGITUDE: 73 37 W
TEMPERATURE IN F: :PCPN: SNOW: WIND :SUNSHINE: SKY :PK WND
================================================================================
1 2 3 4 5 6A 6B 7 8 9 10 11 12 13 14 15 16 17 18
12Z AVG MX 2MIN
DY MAX MIN AVG DEP HDD CDD WTR SNW DPTH SPD SPD DIR MIN PSBL S-S WX SPD DR
================================================================================
1 57 28 43 5 22 0 0.00 M M 4.8 20 10 M M 4 25 20
2 51 33 42 4 23 0 0.01 M M 6.3 13 150 M M 5 17 80
3 44 35 40 1 25 0 0.18 M M 7.9 25 100 M M 10 1 36 100
4 39 32 36 -3 29 0 0.29 M M 10.8 22 70 M M 10 12 32 60
5 43 30 37 -3 28 0 0.02 M M 5.2 17 340 M M 9 1 23 320
6 46 34 40 0 25 0 T M M 10.7 22 340 M M 10 30 330
7 53 28 41 0 24 0 0.00 M M 8.1 23 10 M M 1 33 10
8 63 24 44 3 21 0 0.00 M M 2.8 10 210 M M 0 15 190
9 70 29 50 8 15 0 0.00 M M 1.6 10 170 M M 0 15 170
10 60 40 50 8 15 0 0.13 M M 3.8 17 200 M M 8 1 26 220
11 60 41 51 8 14 0 0.25 M M 2.1 13 150 M M 10 12 19 170
12 68 48 58 15 7 0 0.61 M M 10.0 24 190 M M 10 13 38 200
13 50 43 47 3 18 0 0.01 M M 8.1 17 240 M M 10 31 230
14 50 33 42 -2 23 0 0.03 M M 3.8 17 190 M M 6 1 25 180
15 60 32 46 2 19 0 T M M 4.4 18 310 M M 7 12 29 240
16 66 30 48 3 17 0 0.00 M M 5.4 17 310 M M 2 1 24 320
17 60 30 45 0 20 0 0.02 M M 5.2 14 70 M M 2 19 60
18 47 42 45 -1 20 0 0.17 M M 3.9 13 190 M M 10 1 18 190
19 61 41 51 5 14 0 0.05 M M 7.8 20 200 M M 9 1 29 210
20 59 34 47 0 18 0 0.00 M M 8.6 24 290 M M 6 37 240
21 47 28 38 -9 27 0 0.00 M M 7.1 15 250 M M 5 21 240
================================================================================
SM 1154 715 424 0 1.77 M 128.4 M 134
================================================================================
AV 55.0 34.0 6.1 FASTST M M 6 MAX(MPH)
MISC ----> 25 100 38 200
================================================================================
NOTES:
# LAST OF SEVERAL OCCURRENCES
COLUMN 17 PEAK WIND IN M.P.H.
PRELIMINARY LOCAL CLIMATOLOGICAL DATA (WS FORM: F-6) , PAGE 2
STATION: GLENS FALLS NY
MONTH: APRIL
YEAR: 2024
LATITUDE: 43 20 N
LONGITUDE: 73 37 W
[TEMPERATURE DATA] [PRECIPITATION DATA] SYMBOLS USED IN COLUMN 16
AVERAGE MONTHLY: 44.5 TOTAL FOR MONTH: 1.77 1 = FOG OR MIST
DPTR FM NORMAL: 1.9 DPTR FM NORMAL: -0.34 2 = FOG REDUCING VISIBILITY
HIGHEST: 70 ON 9 GRTST 24HR 0.66 ON 11-12 TO 1/4 MILE OR LESS
LOWEST: 24 ON 8 3 = THUNDER
SNOW, ICE PELLETS, HAIL 4 = ICE PELLETS
TOTAL MONTH: M 5 = HAIL
GRTST 24HR M ON M 6 = FREEZING RAIN OR DRIZZLE
GRTST DEPTH: M ON M 7 = DUSTSTORM OR SANDSTORM:
VSBY 1/2 MILE OR LESS
8 = SMOKE OR HAZE
[NO. OF DAYS WITH] [WEATHER - DAYS WITH] 9 = BLOWING SNOW
X = TORNADO
MAX 32 OR BELOW: 0 0.01 INCH OR MORE: 12
MAX 90 OR ABOVE: 0 0.10 INCH OR MORE: 6
MIN 32 OR BELOW: 10 0.50 INCH OR MORE: 1
MIN 0 OR BELOW: 0 1.00 INCH OR MORE: 0
[HDD (BASE 65) ]
TOTAL THIS MO. 424 CLEAR (SCALE 0-3) 5
DPTR FM NORMAL -47 PTCLDY (SCALE 4-7) 7
TOTAL FM JUL 1 5932 CLOUDY (SCALE 8-10) 9
DPTR FM NORMAL -976
[CDD (BASE 65) ]
TOTAL THIS MO. 0
DPTR FM NORMAL 0 [PRESSURE DATA]
TOTAL FM JAN 1 0 HIGHEST SLP M ON M
DPTR FM NORMAL 0 LOWEST SLP 29.15 ON 12
[REMARKS]