000
CXUS55 KFSD 210905
CF6HON
PRELIMINARY LOCAL CLIMATOLOGICAL DATA (WS FORM: F-6)

                                          STATION:   HURON
                                          MONTH:     APRIL
                                          YEAR:      2018
                                          LATITUDE:   44 22 N
                                          LONGITUDE:  98 13 W

  TEMPERATURE IN F:       :PCPN:    SNOW:  WIND      :SUNSHINE: SKY     :PK WND
================================================================================
1   2   3   4   5  6A  6B    7    8   9   10  11  12  13   14  15   16   17  18
                                     12Z  AVG MX 2MIN
DY MAX MIN AVG DEP HDD CDD  WTR  SNW DPTH SPD SPD DIR MIN PSBL S-S WX    SPD DR
================================================================================

 1  38  12  25 -15  40   0 0.00  0.0    0  8.3 16 160   M    M   0        22 250
 2  40  27  34  -6  31   0 0.05  0.3    0 13.2 25 130   M    M   7 1      34 130
 3  29   5  17 -24  48   0 0.11  1.7    1 16.8 30 360   M    M   8 129    41 360
 4  32   3  18 -23  47   0 0.00  0.0    2  6.9 17 170   M    M   3 1      23 170
 5  43  15  29 -13  36   0    T  0.0    T  9.1 29 350   M    M   2 18     38 340
 6  25   9  17 -25  48   0    T    T    0 17.0 33 350   M    M   4        43 360
 7  39   9  24 -19  41   0 0.00  0.0    0  5.8 14 150   M    M   0        22 140
 8  31  26  29 -14  36   0 0.30  2.3    T 14.2 26 160   M    M   9 12     40 130
 9  35  26  31 -13  34   0    T    T    2  3.5  9 190   M    M  10 1      13 170
10  57  25  41  -3  24   0 0.00  0.0    T  6.3 12 180   M    M   2        15 180
11  52  29  41  -3  24   0    T  0.0    0  8.3 21 130   M    M   2 12     28 140
12  52  28  40  -5  25   0 0.00  0.0    0  8.4 18  60   M    M   8 12     24  50
13  37  26  32 -13  33   0 0.89  8.0    8 23.5 37 350   M    M  10 12     53  20
14  30  24  27 -19  38   0 0.68  7.5   11 19.4 40  10   M    M  10 128    57 360
15  33  20  27 -19  38   0 0.01  0.1   16 12.3 21  20   M    M  10 18     26  30
16  39  12  26 -21  39   0 0.00  0.0   15  5.3 12  20   M    M   2         M  M
17  40  20  30 -17  35   0 0.00  0.0    7 10.4 20 110   M    M   2        24 100
18  44  30  37 -11  28   0 0.17  2.0    6 10.5 21 340   M    M   8 12     28 330
19  45  23  34 -14  31   0 0.00  0.0    3  5.7 14 180   M    M   0 1      18 180
20  49  30  40  -9  25   0 0.00  0.0    T  8.8 15 160   M    M   2        21 160
================================================================================
SM  790  399       701   0  2.21    21.9 213.7          M       99
================================================================================
AV 39.5 20.0                              10.7 FASTST   M    M   5    MAX(MPH)
                                 MISC ---->  # 40  10               # 57  360
================================================================================
NOTES:
# LAST OF SEVERAL OCCURRENCES

COLUMN 17 PEAK WIND IN M.P.H.

PRELIMINARY LOCAL CLIMATOLOGICAL DATA (WS FORM: F-6) , PAGE 2

                                          STATION:  HURON
                                          MONTH:    APRIL
                                          YEAR:     2018
                                          LATITUDE:   44 22 N
                                          LONGITUDE:  98 13 W

[TEMPERATURE DATA]      [PRECIPITATION DATA]       SYMBOLS USED IN COLUMN 16

AVERAGE MONTHLY: 29.7   TOTAL FOR MONTH:   2.21    1 = FOG OR MIST
DPTR FM NORMAL: -14.5   DPTR FM NORMAL:    0.76    2 = FOG REDUCING VISIBILITY
HIGHEST:    57 ON 10    GRTST 24HR  0.89 ON 13-13      TO 1/4 MILE OR LESS
LOWEST:      3 ON  4                               3 = THUNDER
                        SNOW, ICE PELLETS, HAIL    4 = ICE PELLETS
                        TOTAL MONTH:  21.9 INCHES  5 = HAIL
                        GRTST 24HR   8.0 ON 13-13  6 = FREEZING RAIN OR DRIZZLE
                        GRTST DEPTH:  16 ON 15     7 = DUSTSTORM OR SANDSTORM:
                                                       VSBY 1/2 MILE OR LESS
                                                   8 = SMOKE OR HAZE
[NO. OF DAYS WITH]      [WEATHER - DAYS WITH]      9 = BLOWING SNOW
                                                   X = TORNADO
MAX 32 OR BELOW:   5    0.01 INCH OR MORE:   7
MAX 90 OR ABOVE:   0    0.10 INCH OR MORE:   5
MIN 32 OR BELOW:  20    0.50 INCH OR MORE:   2
MIN  0 OR BELOW:   0    1.00 INCH OR MORE:   0

[HDD (BASE 65) ]
TOTAL THIS MO.   701    CLEAR  (SCALE 0-3)  10
DPTR FM NORMAL   286    PTCLDY (SCALE 4-7)   5
TOTAL FM JUL 1  7683    CLOUDY (SCALE 8-10)  5
DPTR FM NORMAL   449

[CDD (BASE 65) ]
TOTAL THIS MO.     0
DPTR FM NORMAL     0    [PRESSURE DATA]
TOTAL FM JAN 1     0    HIGHEST SLP M ON M
DPTR FM NORMAL     0    LOWEST  SLP 29.59 ON 13

[REMARKS]
