000
CXUS54 KHUN 280810
CF6HSV
PRELIMINARY LOCAL CLIMATOLOGICAL DATA (WS FORM: F-6)
STATION: HUNTSVILLE
MONTH: MARCH
YEAR: 2024
LATITUDE: 34 39 N
LONGITUDE: 86 46 W
TEMPERATURE IN F: :PCPN: SNOW: WIND :SUNSHINE: SKY :PK WND
================================================================================
1 2 3 4 5 6A 6B 7 8 9 10 11 12 13 14 15 16 17 18
12Z AVG MX 2MIN
DY MAX MIN AVG DEP HDD CDD WTR SNW DPTH SPD SPD DIR MIN PSBL S-S WX SPD DR
================================================================================
1 50 43 47 -3 18 0 0.27 0.0 0 10.5 20 130 M M 10 1 25 120
2 66 46 56 5 9 0 0.01 0.0 0 3.6 13 130 M M 6 1 15 130
3 67 43 55 4 10 0 T 0.0 0 5.8 10 140 M M 7 12 13 150
4 75 54 65 14 0 0 0.02 M M 9.0 18 140 M M 6 12 24 140
5 64 58 61 10 4 0 0.43 0.0 0 8.1 17 110 M M 10 1 23 110
6 70 54 62 10 3 0 0.36 0.0 0 7.0 15 340 M M 8 1 21 340
7 74 55 65 13 0 0 0.00 0.0 0 3.9 12 120 M M 9 14 110
8 66 59 63 11 2 0 0.10 0.0 0 10.8 29 150 M M 8 1 41 170
9 63 45 54 2 11 0 0.04 0.0 0 9.3 17 340 M M 10 1 26 310
10 58 38 48 -5 17 0 0.00 0.0 0 8.3 17 330 M M 1 26 290
11 64 33 49 -4 16 0 0.00 0.0 0 2.8 10 220 M M 3 13 60
12 72 34 53 0 12 0 0.00 0.0 0 4.3 13 240 M M 2 20 220
13 75 43 59 6 6 0 0.00 0.0 0 5.2 13 200 M M 3 17 200
14 82 53 68 14 0 3 0.04 0.0 0 8.9 18 200 M M 4 3 29 200
15 71 58 65 11 0 0 1.02 0.0 0 9.5 28 330 M M 9 13 42 310
16 62 50 56 2 9 0 T 0.0 0 4.8 12 350 M M 8 1 17 350
17 64 49 57 3 8 0 0.05 0.0 0 5.8 14 20 M M 8 1 21 360
18 51 35 43 -12 22 0 0.00 0.0 0 11.1 22 330 M M 2 34 290
19 59 28 44 -11 21 0 0.00 0.0 0 5.7 15 270 M M 0 22 260
20 75 37 56 1 9 0 0.00 0.0 0 4.6 13 10 M M 3 16 10
21 77 47 62 6 3 0 0.00 0.0 0 5.3 14 40 M M 5 18 40
22 68 55 62 6 3 0 0.63 0.0 0 9.8 20 120 M M 9 1 26 130
23 63 45 54 -2 11 0 0.04 0.0 0 12.8 25 20 M M 4 37 360
24 70 37 54 -2 11 0 T 0.0 0 12.3 26 140 M M 4 37 140
25 70 53 62 5 3 0 T 0.0 0 21.6 35 150 M M 8 3 52 120
26 68 52 60 3 5 0 1.57 0.0 0 7.6 25 140 M M 6 13 36 120
27 64 44 54 -3 11 0 0.00 0.0 0 7.7 15 10 M M 6 23 360
================================================================================
SM 1808 1248 224 3 4.58 0.0 216.1 M 159
================================================================================
AV 67.0 46.2 8.0 FASTST M M 6 MAX(MPH)
MISC ----> 35 150 52 120
================================================================================
NOTES:
# LAST OF SEVERAL OCCURRENCES
COLUMN 17 PEAK WIND IN M.P.H.
PRELIMINARY LOCAL CLIMATOLOGICAL DATA (WS FORM: F-6) , PAGE 2
STATION: HUNTSVILLE
MONTH: MARCH
YEAR: 2024
LATITUDE: 34 39 N
LONGITUDE: 86 46 W
[TEMPERATURE DATA] [PRECIPITATION DATA] SYMBOLS USED IN COLUMN 16
AVERAGE MONTHLY: 56.6 TOTAL FOR MONTH: 4.58 1 = FOG OR MIST
DPTR FM NORMAL: 2.9 DPTR FM NORMAL: -0.13 2 = FOG REDUCING VISIBILITY
HIGHEST: 82 ON 14 GRTST 24HR 1.57 ON 26-26 TO 1/4 MILE OR LESS
LOWEST: 28 ON 19 3 = THUNDER
SNOW, ICE PELLETS, HAIL 4 = ICE PELLETS
TOTAL MONTH: 0.0 INCH 5 = HAIL
GRTST 24HR 0.0 6 = FREEZING RAIN OR DRIZZLE
GRTST DEPTH: 0 7 = DUSTSTORM OR SANDSTORM:
VSBY 1/2 MILE OR LESS
8 = SMOKE OR HAZE
[NO. OF DAYS WITH] [WEATHER - DAYS WITH] 9 = BLOWING SNOW
X = TORNADO
MAX 32 OR BELOW: 0 0.01 INCH OR MORE: 13
MAX 90 OR ABOVE: 0 0.10 INCH OR MORE: 7
MIN 32 OR BELOW: 1 0.50 INCH OR MORE: 3
MIN 0 OR BELOW: 0 1.00 INCH OR MORE: 2
[HDD (BASE 65) ]
TOTAL THIS MO. 224 CLEAR (SCALE 0-3) 5
DPTR FM NORMAL -93 PTCLDY (SCALE 4-7) 15
TOTAL FM JUL 1 2380 CLOUDY (SCALE 8-10) 7
DPTR FM NORMAL -264
[CDD (BASE 65) ]
TOTAL THIS MO. 3
DPTR FM NORMAL -5 [PRESSURE DATA]
TOTAL FM JAN 1 7 HIGHEST SLP M ON M
DPTR FM NORMAL -4 LOWEST SLP 29.67 ON 25
[REMARKS]