000
CXUS55 KVEF 210940
CF6IGM
PRELIMINARY LOCAL CLIMATOLOGICAL DATA (WS FORM: F-6)

                                          STATION:   KINGMAN AZ
                                          MONTH:     MAY
                                          YEAR:      2018
                                          LATITUDE:   35 16 N
                                          LONGITUDE: 113 57 W

  TEMPERATURE IN F:       :PCPN:    SNOW:  WIND      :SUNSHINE: SKY     :PK WND
================================================================================
1   2   3   4   5  6A  6B    7    8   9   10  11  12  13   14  15   16   17  18
                                     12Z  AVG MX 2MIN
DY MAX MIN AVG DEP HDD CDD  WTR  SNW DPTH SPD SPD DIR MIN PSBL S-S WX    SPD DR
================================================================================

 1  65  45  55  -9  10   0 0.00  0.0    0 11.8 30 220   M    M   2        36 220
 2  62  41  52 -12  13   0 0.00  0.0    0  7.8 25 250   M    M   2        32 240
 3  78  39  59  -5   6   0 0.00  0.0    0  7.2 20 360   M    M   0        24  20
 4  85  47  66   1   0   1 0.00  0.0    0  6.2 17 360   M    M   0        22 360
 5  92  53  73   8   0   8 0.00  0.0    0  6.8 17 270   M    M   0        23  20
 6  96  53  75   9   0  10 0.00  0.0    0 10.1 26 240   M    M   0        32 250
 7  94  61  78  12   0  13 0.00  0.0    0  9.7 25 230   M    M   0        32 240
 8  98  54  76  10   0  11 0.00  0.0    0  6.7 15 250   M    M   0        22 210
 9  98  60  79  13   0  14 0.00  0.0    0 10.1 24 220   M    M   0        29 220
10  94  64  79  12   0  14 0.00  0.0    0 18.8 31 210   M    M   0        40 200
11  86  63  75   8   0  10 0.00  0.0    0 19.4 35 190   M    M   0        44 200
12  77  53  65  -3   0   0 0.00  0.0    0 12.1 24 230   M    M   1        33 220
13  79  50  65  -3   0   0 0.00  0.0    0 13.7 30 230   M    M   0        38 250
14  82  51  67  -1   0   2 0.00  0.0    0 10.1 22 230   M    M   0        29 250
15  85  50  68   0   0   3 0.00  0.0    0 11.9 26 230   M    M   0        33 220
16  89  53  71   2   0   6 0.00  0.0    0 13.2 28 210   M    M   0        34 230
17  86  55  71   2   0   6 0.00  0.0    0 14.8 28 220   M    M   0        35 210
18  86  49  68  -1   0   3 0.00  0.0    0  9.5 17 250   M    M   0        24 210
19  88  55  72   2   0   7 0.00  0.0    0 12.2 24 210   M    M   0        30 230
20  87  58  73   3   0   8 0.00  0.0    0 13.1 29 220   M    M   0        36 240
================================================================================
SM 1707 1054        29 116  0.00     0.0 225.2          M        5
================================================================================
AV 85.4 52.7                              11.3 FASTST   M    M   0    MAX(MPH)
                                 MISC ---->  # 35 190               # 44  200
================================================================================
NOTES:
# LAST OF SEVERAL OCCURRENCES

COLUMN 17 PEAK WIND IN M.P.H.

PRELIMINARY LOCAL CLIMATOLOGICAL DATA (WS FORM: F-6) , PAGE 2

                                          STATION:  KINGMAN AZ
                                          MONTH:    MAY
                                          YEAR:     2018
                                          LATITUDE:   35 16 N
                                          LONGITUDE: 113 57 W

[TEMPERATURE DATA]      [PRECIPITATION DATA]       SYMBOLS USED IN COLUMN 16

AVERAGE MONTHLY: 69.0   TOTAL FOR MONTH:   0.00    1 = FOG OR MIST
DPTR FM NORMAL:   2.1   DPTR FM NORMAL:   -0.10    2 = FOG REDUCING VISIBILITY
HIGHEST:    98 ON  9, 8 GRTST 24HR  0.00 ON 20-20      TO 1/4 MILE OR LESS
LOWEST:     39 ON  3                               3 = THUNDER
                        SNOW, ICE PELLETS, HAIL    4 = ICE PELLETS
                        TOTAL MONTH:   0.0 INCH    5 = HAIL
                        GRTST 24HR     0.0         6 = FREEZING RAIN OR DRIZZLE
                        GRTST DEPTH:   0           7 = DUSTSTORM OR SANDSTORM:
                                                       VSBY 1/2 MILE OR LESS
                                                   8 = SMOKE OR HAZE
[NO. OF DAYS WITH]      [WEATHER - DAYS WITH]      9 = BLOWING SNOW
                                                   X = TORNADO
MAX 32 OR BELOW:   0    0.01 INCH OR MORE:   0
MAX 90 OR ABOVE:   6    0.10 INCH OR MORE:   0
MIN 32 OR BELOW:   0    0.50 INCH OR MORE:   0
MIN  0 OR BELOW:   0    1.00 INCH OR MORE:   0

[HDD (BASE 65) ]
TOTAL THIS MO.    29    CLEAR  (SCALE 0-3)  20
DPTR FM NORMAL   -16    PTCLDY (SCALE 4-7)   0
TOTAL FM JUL 1  2272    CLOUDY (SCALE 8-10)  0
DPTR FM NORMAL  -819

[CDD (BASE 65) ]
TOTAL THIS MO.   116
DPTR FM NORMAL    31    [PRESSURE DATA]
TOTAL FM JAN 1   195    HIGHEST SLP M ON M
DPTR FM NORMAL    79    LOWEST  SLP 29.43 ON 11

[REMARKS]
