000
CXUS52 KILM 251000
CF6ILM
PRELIMINARY LOCAL CLIMATOLOGICAL DATA (WS FORM: F-6)

                                          STATION:   WILMINGTON NORTH CAROLINA
                                          MONTH:     MAY
                                          YEAR:      2018
                                          LATITUDE:   34 16 N
                                          LONGITUDE:  77 55 W

  TEMPERATURE IN F:       :PCPN:    SNOW:  WIND      :SUNSHINE: SKY     :PK WND
================================================================================
1   2   3   4   5  6A  6B    7    8   9   10  11  12  13   14  15   16   17  18
                                     12Z  AVG MX 2MIN
DY MAX MIN AVG DEP HDD CDD  WTR  SNW DPTH SPD SPD DIR MIN PSBL S-S WX    SPD DR
================================================================================

 1  83  53  68   1   0   3 0.00  0.0    0  9.7 16 200   M    M   0        23 240
 2  83  58  71   4   0   6 0.00  0.0    0  8.0 18 170   M    M   0 8      25 180
 3  81  56  69   2   0   4 0.00  0.0    0  8.2 18 180   M    M   0        23 190
 4  83  62  73   6   0   8 0.00  0.0    0  9.6 18 180   M    M   0        25 190
 5  83  59  71   3   0   6 0.22  0.0    0  6.0 15 180   M    M   3 12     20 220
 6  83  69  76   8   0  11 0.47  0.0    0  6.8 14 200   M    M   5 1      19 220
 7  77  60  69   1   0   4 0.00  0.0    0  8.4 17  30   M    M   8 18     22  40
 8  68  57  63  -5   2   0 0.00  0.0    0  8.5 13  20   M    M   9        23  30
 9  78  60  69   0   0   4 0.00  0.0    0  5.8  9  20   M    M   5         M  M
10  85  57  71   2   0   6 0.00  0.0    0  7.1 18 190   M    M   2 1      24 200
11  90  65  78   9   0  13 0.00  0.0    0  5.5 14 100   M    M   1        17 140
12  90  65  78   9   0  13 0.00  0.0    0  6.7 14 190   M    M   2 12     18 180
13  89  70  80  10   0  15 0.00  0.0    0 10.1 17 200   M    M   0        22 220
14  86  70  78   8   0  13 0.00  0.0    0  8.1 18 210   M    M   0        23 200
15  84  72  78   8   0  13 0.21  0.0    0  7.8 20 160   M    M   3        24 170
16  86  70  78   8   0  13    T  0.0    0  7.7 20 190   M    M   5        26 160
17  77  69  73   2   0   8 0.31  0.0    0  7.3 16 170   M    M   7 1      22 160
18  80  72  76   5   0  11 0.33  0.0    0  7.6 16 180   M    M   6 13     23 210
19  79  69  74   3   0   9 5.52  0.0    0  8.7 23 200   M    M   9 13     30 190
20  81  71  76   5   0  11 0.01  0.0    0  8.3 16 210   M    M   4        23 190
21  86  70  78   6   0  13 0.01  0.0    0  7.3 16 260   M    M   1        20 250
22  84  72  78   6   0  13 0.43  0.0    0  7.0 17 200   M    M   2 18     22 200
23  88  72  80   8   0  15 0.11  0.0    0 10.0 23 200   M    M   4 138    28 220
24  80  69  75   3   0  10 2.19  0.0    0  6.3 17 100   M    M   8 123    22 100
================================================================================
SM 1984 1567         2 222  9.81     0.0 186.5          M       84
================================================================================
AV 82.7 65.3                               7.8 FASTST   M    M   4    MAX(MPH)
                                 MISC ---->  # 23 200               # 30  190
================================================================================
NOTES:
# LAST OF SEVERAL OCCURRENCES

COLUMN 17 PEAK WIND IN M.P.H.

PRELIMINARY LOCAL CLIMATOLOGICAL DATA (WS FORM: F-6) , PAGE 2

                                          STATION:  WILMINGTON NORTH CAROLINA
                                          MONTH:    MAY
                                          YEAR:     2018
                                          LATITUDE:   34 16 N
                                          LONGITUDE:  77 55 W

[TEMPERATURE DATA]      [PRECIPITATION DATA]       SYMBOLS USED IN COLUMN 16

AVERAGE MONTHLY: 74.0   TOTAL FOR MONTH:   9.81    1 = FOG OR MIST
DPTR FM NORMAL:   4.5   DPTR FM NORMAL:    6.50    2 = FOG REDUCING VISIBILITY
HIGHEST:    90 ON 12,11 GRTST 24HR  5.52 ON 19-19      TO 1/4 MILE OR LESS
LOWEST:     53 ON  1                               3 = THUNDER
                        SNOW, ICE PELLETS, HAIL    4 = ICE PELLETS
                        TOTAL MONTH:   0.0 INCH    5 = HAIL
                        GRTST 24HR     0.0         6 = FREEZING RAIN OR DRIZZLE
                        GRTST DEPTH:   0           7 = DUSTSTORM OR SANDSTORM:
                                                       VSBY 1/2 MILE OR LESS
                                                   8 = SMOKE OR HAZE
[NO. OF DAYS WITH]      [WEATHER - DAYS WITH]      9 = BLOWING SNOW
                                                   X = TORNADO
MAX 32 OR BELOW:   0    0.01 INCH OR MORE:  11
MAX 90 OR ABOVE:   2    0.10 INCH OR MORE:   9
MIN 32 OR BELOW:   0    0.50 INCH OR MORE:   2
MIN  0 OR BELOW:   0    1.00 INCH OR MORE:   2

[HDD (BASE 65) ]
TOTAL THIS MO.     2    CLEAR  (SCALE 0-3)  13
DPTR FM NORMAL   -23    PTCLDY (SCALE 4-7)   8
TOTAL FM JUL 1  2397    CLOUDY (SCALE 8-10)  3
DPTR FM NORMAL   -10

[CDD (BASE 65) ]
TOTAL THIS MO.   222
DPTR FM NORMAL    89    [PRESSURE DATA]
TOTAL FM JAN 1   307    HIGHEST SLP M ON M
DPTR FM NORMAL    86    LOWEST  SLP 29.83 ON  6

[REMARKS]
