000
CXUS55 KEAX 210736
CF6IRK
PRELIMINARY LOCAL CLIMATOLOGICAL DATA (WS FORM: F-6)

                                          STATION:   KIRKSVILLE MO
                                          MONTH:     APRIL
                                          YEAR:      2018
                                          LATITUDE:   40  5 N
                                          LONGITUDE:  92 33 W

  TEMPERATURE IN F:       :PCPN:    SNOW:  WIND      :SUNSHINE: SKY     :PK WND
================================================================================
1   2   3   4   5  6A  6B    7    8   9   10  11  12  13   14  15   16   17  18
                                     12Z  AVG MX 2MIN
DY MAX MIN AVG DEP HDD CDD  WTR  SNW DPTH SPD SPD DIR MIN PSBL S-S WX    SPD DR
================================================================================

 1  28   6  17 -30  48   0 0.35    M    M  8.0 20 360   M    M   7 128    26  10
 2  34   5  20 -27  45   0 0.00    M    M  8.5 18 140   M    M   8 12     24 140
 3  40  27  34 -14  31   0 0.09    M    M 15.3 30 300   M    M  10 1      43 300
 4  40  17  29 -19  36   0 0.00  0.0    0  9.5 22 310   M    M   2        32 310
 5  60  26  43  -5  22   0 0.00  0.0    0  8.9 18 210   M    M   3        25 200
 6  45  22  34 -15  31   0 0.00  0.0    0 14.9 24 360   M    M   7        33 340
 7  42  16  29 -20  36   0 0.00  0.0    0  6.7 15 350   M    M   0        21 360
 8  37  25  31 -18  34   0 0.19    M    0  8.1 20 160   M    M   5 18     26 170
 9  39  31  35 -15  30   0 0.00  0.0    0  6.3 13 360   M    M  10 1      17 350
10  54  31  43  -7  22   0 0.00  0.0    0  5.4 16 200   M    M   7        21 200
11  73  38  56   6   9   0 0.00  0.0    0 13.6 25 210   M    M   0        36 210
12  82  57  70  19   0   5 0.00  0.0    0  9.8 24 210   M    M   1        35 220
13  77  58  68  17   0   3 0.00  0.0    0 12.5 28 160   M    M   4 3      35 200
14  63  42  53   2  12   0 0.01    M    0  9.6 23 210   M    M   9 1      34 250
15  42  28  35 -17  30   0 0.01    M    0 13.8 22 300   M    M  10 18     32 310
16  46  27  37 -15  28   0    T    M    0 13.4 25 310   M    M   5        37 330
17  58  23  41 -11  24   0 0.00  0.0    0  9.0 18  80   M    M   0        27  80
18  45  32  39 -14  26   0 0.00  0.0    0 14.8 25  90   M    M   8        37 100
19  57  28  43 -10  22   0 0.00  0.0    0  6.7 14  30   M    M   3        22  20
20  62  29  46  -7  19   0 0.00  0.0    0  8.3 18 110   M    M   0        24 120
================================================================================
SM 1024  568       505   8  0.65     0.0 203.1          M       99
================================================================================
AV 51.2 28.4                              10.2 FASTST   M    M   5    MAX(MPH)
                                 MISC ---->  # 30 300               # 43  300
================================================================================
NOTES:
# LAST OF SEVERAL OCCURRENCES

COLUMN 17 PEAK WIND IN M.P.H.

PRELIMINARY LOCAL CLIMATOLOGICAL DATA (WS FORM: F-6) , PAGE 2

                                          STATION:  KIRKSVILLE MO
                                          MONTH:    APRIL
                                          YEAR:     2018
                                          LATITUDE:   40  5 N
                                          LONGITUDE:  92 33 W

[TEMPERATURE DATA]      [PRECIPITATION DATA]       SYMBOLS USED IN COLUMN 16

AVERAGE MONTHLY: 39.8   TOTAL FOR MONTH:   0.65    1 = FOG OR MIST
DPTR FM NORMAL: -10.4   DPTR FM NORMAL:   -1.55    2 = FOG REDUCING VISIBILITY
HIGHEST:    82 ON 12    GRTST 24HR  0.35 ON  1- 1      TO 1/4 MILE OR LESS
LOWEST:      5 ON  2                               3 = THUNDER
                        SNOW, ICE PELLETS, HAIL    4 = ICE PELLETS
                        TOTAL MONTH:   0.0 INCH    5 = HAIL
                        GRTST 24HR     0.0         6 = FREEZING RAIN OR DRIZZLE
                        GRTST DEPTH:   0           7 = DUSTSTORM OR SANDSTORM:
                                                       VSBY 1/2 MILE OR LESS
                                                   8 = SMOKE OR HAZE
[NO. OF DAYS WITH]      [WEATHER - DAYS WITH]      9 = BLOWING SNOW
                                                   X = TORNADO
MAX 32 OR BELOW:   1    0.01 INCH OR MORE:   5
MAX 90 OR ABOVE:   0    0.10 INCH OR MORE:   2
MIN 32 OR BELOW:  16    0.50 INCH OR MORE:   0
MIN  0 OR BELOW:   0    1.00 INCH OR MORE:   0

[HDD (BASE 65) ]
TOTAL THIS MO.   505    CLEAR  (SCALE 0-3)   7
DPTR FM NORMAL   205    PTCLDY (SCALE 4-7)   7
TOTAL FM JUL 1  5616    CLOUDY (SCALE 8-10)  6
DPTR FM NORMAL    29

[CDD (BASE 65) ]
TOTAL THIS MO.     8
DPTR FM NORMAL     8    [PRESSURE DATA]
TOTAL FM JAN 1     8    HIGHEST SLP  0.00 ON M
DPTR FM NORMAL     8    LOWEST  SLP  0.00 ON M

[REMARKS]
