000
CXUS53 KEAX 280736
CF6IXD
PRELIMINARY LOCAL CLIMATOLOGICAL DATA (WS FORM: F-6)
STATION: NEW CENTURY AIR CENTER KS
MONTH: MARCH
YEAR: 2024
LATITUDE: 38 49 N
LONGITUDE: 94 54 W
TEMPERATURE IN F: :PCPN: SNOW: WIND :SUNSHINE: SKY :PK WND
================================================================================
1 2 3 4 5 6A 6B 7 8 9 10 11 12 13 14 15 16 17 18
12Z AVG MX 2MIN
DY MAX MIN AVG DEP HDD CDD WTR SNW DPTH SPD SPD DIR MIN PSBL S-S WX SPD DR
================================================================================
1 56 38 47 8 18 0 T M M 10.4 21 210 M M 6 27 210
2 74 36 55 16 10 0 0.00 M M 13.4 24 170 M M 0 38 160
3 81 51 66 26 0 1 0.00 M M 17.3 35 210 M M 0 50 190
4 76 46 61 21 4 0 0.00 M M 16.3 26 200 M M 5 38 180
5 56 37 47 6 18 0 0.00 M M 9.6 17 20 M M 5 8 22 10
6 63 30 47 6 18 0 0.00 M M 8.1 18 120 M M 1 12 25 110
7 53 45 49 8 16 0 0.94 M M 7.6 14 70 M M 8 13 18 70
8 51 34 43 1 22 0 T M M 15.0 25 350 M M 10 128 34 350
9 54 28 41 -1 24 0 0.00 M M 9.3 20 330 M M 1 30 330
10 63 26 45 2 20 0 0.00 M M 7.9 16 190 M M 0 24 210
11 69 37 53 10 12 0 0.00 M M 12.2 30 200 M M 0 39 200
12 74 50 62 18 3 0 0.00 M M 14.2 26 190 M M 1 37 190
13 75 39 57 13 8 0 0.00 M M 6.7 18 180 M M 2 3 30 180
14 71 52 62 18 3 0 0.06 M M 12.0 29 220 M M 6 38 38 230
15 65 41 53 8 12 0 T M M 9.8 21 10 M M 2 33 10
16 67 39 53 8 12 0 0.00 M M 10.1 23 310 M M 2 33 290
17 50 28 39 -6 26 0 0.00 M M 13.3 28 320 M M 0 38 310
18 42 22 32 -14 33 0 0.00 M M 9.0 23 340 M M 1 31 350
19 70 27 49 3 16 0 0.00 M M 12.0 22 210 M M 0 32 210
20 58 35 47 0 18 0 0.00 M M 10.5 20 40 M M 0 28 70
21 63 37 50 3 15 0 0.00 M M 10.8 18 100 M M 1 29 70
22 56 35 46 -1 19 0 0.00 M M 14.3 31 360 M M 7 8 41 350
23 48 31 40 -8 25 0 0.00 M M 10.5 17 10 M M 6 25 110
24 59 44 52 4 13 0 0.07 M M 16.9 31 140 M M 7 45 150
25 66 37 52 4 13 0 0.07 M M 17.4 31 130 M M 4 3 42 140
26 37 29 33 -16 32 0 0.02 M M 13.7 24 210 M M 9 18 31 210
27 52 20 36 -13 29 0 0.00 M M 3.8 10 340 M M 1 14 350
================================================================================
SM 1649 974 439 1 1.16 M 312.1 M 85
================================================================================
AV 61.1 36.1 11.6 FASTST M M 3 MAX(MPH)
MISC ----> 35 210 50 190
================================================================================
NOTES:
# LAST OF SEVERAL OCCURRENCES
COLUMN 17 PEAK WIND IN M.P.H.
PRELIMINARY LOCAL CLIMATOLOGICAL DATA (WS FORM: F-6) , PAGE 2
STATION: NEW CENTURY AIR CENTER KS
MONTH: MARCH
YEAR: 2024
LATITUDE: 38 49 N
LONGITUDE: 94 54 W
[TEMPERATURE DATA] [PRECIPITATION DATA] SYMBOLS USED IN COLUMN 16
AVERAGE MONTHLY: 48.6 TOTAL FOR MONTH: 1.16 1 = FOG OR MIST
DPTR FM NORMAL: 4.4 DPTR FM NORMAL: -0.82 2 = FOG REDUCING VISIBILITY
HIGHEST: 81 ON 3 GRTST 24HR 0.94 ON 7- 7 TO 1/4 MILE OR LESS
LOWEST: 20 ON 27 3 = THUNDER
SNOW, ICE PELLETS, HAIL 4 = ICE PELLETS
TOTAL MONTH: M 5 = HAIL
GRTST 24HR M ON M 6 = FREEZING RAIN OR DRIZZLE
GRTST DEPTH: M ON M 7 = DUSTSTORM OR SANDSTORM:
VSBY 1/2 MILE OR LESS
8 = SMOKE OR HAZE
[NO. OF DAYS WITH] [WEATHER - DAYS WITH] 9 = BLOWING SNOW
X = TORNADO
MAX 32 OR BELOW: 0 0.01 INCH OR MORE: 5
MAX 90 OR ABOVE: 0 0.10 INCH OR MORE: 1
MIN 32 OR BELOW: 9 0.50 INCH OR MORE: 1
MIN 0 OR BELOW: 0 1.00 INCH OR MORE: 0
[HDD (BASE 65) ]
TOTAL THIS MO. 439 CLEAR (SCALE 0-3) 16
DPTR FM NORMAL -127 PTCLDY (SCALE 4-7) 9
TOTAL FM JUL 1 3660 CLOUDY (SCALE 8-10) 2
DPTR FM NORMAL -819
[CDD (BASE 65) ]
TOTAL THIS MO. 1
DPTR FM NORMAL 1 [PRESSURE DATA]
TOTAL FM JAN 1 1 HIGHEST SLP M ON M
DPTR FM NORMAL 1 LOWEST SLP 29.30 ON 25
[REMARKS]