000
CXUS52 KJAX 230800
CF6JAX
PRELIMINARY LOCAL CLIMATOLOGICAL DATA (WS FORM: F-6)

                                          STATION:   JACKSONVILLE FL
                                          MONTH:     MAY
                                          YEAR:      2018
                                          LATITUDE:   30 30 N
                                          LONGITUDE:  81 42 W

  TEMPERATURE IN F:       :PCPN:    SNOW:  WIND      :SUNSHINE: SKY     :PK WND
================================================================================
1   2   3   4   5  6A  6B    7    8   9   10  11  12  13   14  15   16   17  18
                                     12Z  AVG MX 2MIN
DY MAX MIN AVG DEP HDD CDD  WTR  SNW DPTH SPD SPD DIR MIN PSBL S-S WX    SPD DR
================================================================================

 1  80  53  67  -3   0   2 0.00  0.0    0  5.2 15 100   M    M   2        22 110
 2  79  55  67  -3   0   2 0.00  0.0    0  6.3 17  80   M    M   5        22 120
 3  81  56  69  -2   0   4 0.00  0.0    0  6.2 17 140   M    M   5        22 140
 4  84  58  71   0   0   6 0.00  0.0    0  5.3 16  70   M    M   3        21 100
 5  83  56  70  -1   0   5 0.00  0.0    0  5.9 15  60   M    M   6 1      22  40
 6  89  66  78   6   0  13 0.00  0.0    0  5.3 15 300   M    M   8 12     17 310
 7  87  59  73   1   0   8 0.00  0.0    0  5.8 14  20   M    M   2        19  10
 8  82  59  71  -1   0   6 0.00  0.0    0  5.8 13  90   M    M   2        17  20
 9  83  59  71  -1   0   6 0.00  0.0    0  5.8 14  90   M    M   2 1      19 120
10  90  59  75   2   0  10 0.00  0.0    0  5.2 17 100   M    M   4 1      20 100
11  94  64  79   6   0  14 0.00  0.0    0  6.5 15 110   M    M   3        18  80
12  90  64  77   4   0  12 0.00  0.0    0  5.7 17 140   M    M   7 1      21 140
13  87  62  75   2   0  10 0.00  0.0    0  4.7 14 120   M    M   8        18  70
14  77  69  73  -1   0   8 0.21  0.0    0  5.8 15 140   M    M  10 1      21 110
15  81  70  76   2   0  11 1.24  0.0    0  9.7 26 180   M    M   9 13     32 180
16  85  68  77   3   0  12 0.37  0.0    0  7.9 22 190   M    M   8 13     28 180
17  83  70  77   3   0  12 0.18  0.0    0  9.7 18 170   M    M   9 13     24 220
18  84  71  78   3   0  13 0.09  0.0    0  7.0 21 250   M    M   8 13     25 240
19  87  68  78   3   0  13 0.00  0.0    0  5.0 15 110   M    M   8 1      18 120
20  77  71  74  -1   0   9 0.04  0.0    0  3.5 12 100   M    M  10 1      16 120
21  82  71  77   2   0  12 0.14  0.0    0  8.2 21 130   M    M   9 18     25 120
22  85  71  78   2   0  13 0.03  0.0    0  8.1 17 140   M    M   7 3      22 160
================================================================================
SM 1850 1399         0 201  2.30     0.0 138.6          M      135
================================================================================
AV 84.1 63.6                               6.3 FASTST   M    M   6    MAX(MPH)
                                 MISC ---->  # 26 180               # 32  180
================================================================================
NOTES:
# LAST OF SEVERAL OCCURRENCES

COLUMN 17 PEAK WIND IN M.P.H.

PRELIMINARY LOCAL CLIMATOLOGICAL DATA (WS FORM: F-6) , PAGE 2

                                          STATION:  JACKSONVILLE FL
                                          MONTH:    MAY
                                          YEAR:     2018
                                          LATITUDE:   30 30 N
                                          LONGITUDE:  81 42 W

[TEMPERATURE DATA]      [PRECIPITATION DATA]       SYMBOLS USED IN COLUMN 16

AVERAGE MONTHLY: 73.8   TOTAL FOR MONTH:   2.30    1 = FOG OR MIST
DPTR FM NORMAL:   0.9   DPTR FM NORMAL:    0.78    2 = FOG REDUCING VISIBILITY
HIGHEST:    94 ON 11    GRTST 24HR  1.24 ON 15-15      TO 1/4 MILE OR LESS
LOWEST:     53 ON  1                               3 = THUNDER
                        SNOW, ICE PELLETS, HAIL    4 = ICE PELLETS
                        TOTAL MONTH:   0.0 INCH    5 = HAIL
                        GRTST 24HR     0.0         6 = FREEZING RAIN OR DRIZZLE
                        GRTST DEPTH:   0           7 = DUSTSTORM OR SANDSTORM:
                                                       VSBY 1/2 MILE OR LESS
                                                   8 = SMOKE OR HAZE
[NO. OF DAYS WITH]      [WEATHER - DAYS WITH]      9 = BLOWING SNOW
                                                   X = TORNADO
MAX 32 OR BELOW:   0    0.01 INCH OR MORE:   8
MAX 90 OR ABOVE:   3    0.10 INCH OR MORE:   5
MIN 32 OR BELOW:   0    0.50 INCH OR MORE:   1
MIN  0 OR BELOW:   0    1.00 INCH OR MORE:   1

[HDD (BASE 65) ]
TOTAL THIS MO.     0    CLEAR  (SCALE 0-3)   4
DPTR FM NORMAL    -3    PTCLDY (SCALE 4-7)  11
TOTAL FM JUL 1  1103    CLOUDY (SCALE 8-10)  7
DPTR FM NORMAL  -244

[CDD (BASE 65) ]
TOTAL THIS MO.   201
DPTR FM NORMAL    19    [PRESSURE DATA]
TOTAL FM JAN 1   468    HIGHEST SLP M ON M
DPTR FM NORMAL    90    LOWEST  SLP 29.87 ON M

[REMARKS]
