000
CXUS56 KLOX 171155
CF6LAX
PRELIMINARY LOCAL CLIMATOLOGICAL DATA (WS FORM: F-6)
STATION: LOS ANGELES INTL AIRPORT CA
MONTH: APRIL
YEAR: 2024
LATITUDE: 33 55 N
LONGITUDE: 118 24 W
TEMPERATURE IN F: :PCPN: SNOW: WIND :SUNSHINE: SKY :PK WND
================================================================================
1 2 3 4 5 6A 6B 7 8 9 10 11 12 13 14 15 16 17 18
12Z AVG MX 2MIN
DY MAX MIN AVG DEP HDD CDD WTR SNW DPTH SPD SPD DIR MIN PSBL S-S WX SPD DR
================================================================================
1 63 52 58 -2 7 0 0.00 M M 8.8 23 260 M M 3 31 270
2 68 50 59 -1 6 0 0.00 M M 8.1 16 250 M M 1 3 21 260
3 67 54 61 1 4 0 0.00 M M 7.4 18 260 M M 1 23 260
4 61 51 56 -4 9 0 T M M 12.0 28 280 M M 8 34 270
5 58 45 52 -8 13 0 0.08 M M 14.0 37 270 M M 6 45 270
6 62 43 53 -7 12 0 0.00 M M 8.0 18 270 M M 2 23 260
7 62 45 54 -6 11 0 0.00 M M 7.0 17 250 M M 3 26 240
8 68 47 58 -2 7 0 0.00 M M 8.8 30 260 M M 2 37 260
9 78 52 65 4 0 0 0.00 M M 7.6 24 270 M M 0 31 270
10 74 54 64 3 1 0 0.00 M M 7.7 14 270 M M 0 19 250
11 64 53 59 -2 6 0 0.00 M M 6.9 16 240 M M 8 128 24 240
12 61 54 58 -3 7 0 0.00 M M 6.2 10 180 M M 10 1 21 150
13 63 48 56 -5 9 0 0.06 M M 11.7 24 280 M M 9 18 43 200
14 61 47 54 -7 11 0 0.38 M M 8.3 20 240 M M 7 18 27 190
15 62 47 55 -6 10 0 0.00 M M 7.1 18 270 M M 4 18 24 270
16 72 51 62 1 3 0 0.00 M M 6.7 18 260 M M 2 1 M M
================================================================================
SM 1044 793 116 0 0.52 M 136.3 M 66
================================================================================
AV 65.3 49.6 8.5 FASTST M M 4 MAX(MPH)
MISC ----> 37 270 45 270
================================================================================
NOTES:
# LAST OF SEVERAL OCCURRENCES
COLUMN 17 PEAK WIND IN M.P.H.
PRELIMINARY LOCAL CLIMATOLOGICAL DATA (WS FORM: F-6) , PAGE 2
STATION: LOS ANGELES INTL AIRPORT CA
MONTH: APRIL
YEAR: 2024
LATITUDE: 33 55 N
LONGITUDE: 118 24 W
[TEMPERATURE DATA] [PRECIPITATION DATA] SYMBOLS USED IN COLUMN 16
AVERAGE MONTHLY: 57.4 TOTAL FOR MONTH: 0.52 1 = FOG OR MIST
DPTR FM NORMAL: -3.1 DPTR FM NORMAL: 0.12 2 = FOG REDUCING VISIBILITY
HIGHEST: 78 ON 9 GRTST 24HR 0.43 ON 13-14 TO 1/4 MILE OR LESS
LOWEST: 43 ON 6 3 = THUNDER
SNOW, ICE PELLETS, HAIL 4 = ICE PELLETS
TOTAL MONTH: M 5 = HAIL
GRTST 24HR M ON M 6 = FREEZING RAIN OR DRIZZLE
GRTST DEPTH: M ON M 7 = DUSTSTORM OR SANDSTORM:
VSBY 1/2 MILE OR LESS
8 = SMOKE OR HAZE
[NO. OF DAYS WITH] [WEATHER - DAYS WITH] 9 = BLOWING SNOW
X = TORNADO
MAX 32 OR BELOW: 0 0.01 INCH OR MORE: 3
MAX 90 OR ABOVE: 0 0.10 INCH OR MORE: 1
MIN 32 OR BELOW: 0 0.50 INCH OR MORE: 0
MIN 0 OR BELOW: 0 1.00 INCH OR MORE: 0
[HDD (BASE 65) ]
TOTAL THIS MO. 116 CLEAR (SCALE 0-3) 9
DPTR FM NORMAL 39 PTCLDY (SCALE 4-7) 5
TOTAL FM JUL 1 1028 CLOUDY (SCALE 8-10) 2
DPTR FM NORMAL -47
[CDD (BASE 65) ]
TOTAL THIS MO. 0
DPTR FM NORMAL 0 [PRESSURE DATA]
TOTAL FM JAN 1 2 HIGHEST SLP M ON M
DPTR FM NORMAL -19 LOWEST SLP 29.83 ON 1
[REMARKS]