448
CXUS53 KGID 230730
CF6LXN
PRELIMINARY LOCAL CLIMATOLOGICAL DATA (WS FORM: F-6)

                                          STATION:   LEXINGTON
                                          MONTH:     APRIL
                                          YEAR:      2018
                                          LATITUDE:   40 47 N
                                          LONGITUDE:  99 46 W

  TEMPERATURE IN F:       :PCPN:    SNOW:  WIND      :SUNSHINE: SKY     :PK WND
================================================================================
1   2   3   4   5  6A  6B    7    8   9   10  11  12  13   14  15   16   17  18
                                     12Z  AVG MX 2MIN
DY MAX MIN AVG DEP HDD CDD  WTR  SNW DPTH SPD SPD DIR MIN PSBL S-S WX    SPD DR
================================================================================

 1  29  22  26   M  39   0    M    M    M  6.5 13 150   M    M   7         M  M
 2  52  21  37   M  28   0 0.00    M    M 14.1 22 190   M    M   1 1      25 190
 3  38  20  29   M  36   0    T    M    M 18.6 37 320   M    M   5 1      43 320
 4  65  17  41   M  24   0 0.00    M    M  9.4 23 180   M    M   2        30 190
 5  62  27  45   M  20   0 0.00    M    M  8.2 15  50   M    M   3        18  50
 6  41  17  29   M  36   0    M    M    M 14.7 23  20   M    M   8        33  20
 7  39  10  25   M  40   0 0.00    M    M  8.2 18 160   M    M   1        23 160
 8  66  33  50   M  15   0 0.00    M    M 17.3 28 340   M    M   3        36 340
 9  46  28  37   M  28   0    T    M    M  9.3 21 350   M    M   6        23 360
10  71  27  49   M  16   0 0.00    M    M  5.7 18 290   M    M   2        24 290
11  84  41  63   M   2   0 0.00    M    M  6.8 16 200   M    M   0        24 200
12  67  43  55   M  10   0 0.00    M    M 13.9 24  80   M    M   0        32  80
13  52  26  39   M  26   0    M    M    M 22.9 30 340   M    M   9 1      40 340
14  28  20  24   M  41   0    M    M    M 30.7 39 340   M    M   5        53 350
15  38  15  27   M  38   0 0.00    M    M 13.8 22 350   M    M   0        27 340
16  56  17  37   M  28   0 0.00    M    M  7.0 16 140   M    M   0        17 130
17  62  33  48   M  17   0 0.07    M    M 16.4 24 110   M    M   2        30 120
18  54  30  42   M  23   0 0.09    M    M 18.9 32 350   M    M   6        39 350
19  58  25  42   M  23   0 0.00    M    M  6.8 14 130   M    M   0        20 130
20  52  38  45   M  20   0 0.30    M    M 11.0 20 140   M    M   8        28 140
21  46  40  43   M  22   0 0.10    M    M  7.6 15 100   M    M  10 1       M  M
22  60  37  49   M  16   0 0.00    M    M  3.2  7 120   M    M   5 1       M  M
================================================================================
SM 1166  587       548   0  0.56    M    271.0          M       83
================================================================================
AV 53.0 26.7                              12.3 FASTST   M    M   4    MAX(MPH)
                                 MISC ---->  # 39 340               # 53  350
================================================================================
NOTES:
# LAST OF SEVERAL OCCURRENCES

COLUMN 17 PEAK WIND IN M.P.H.

PRELIMINARY LOCAL CLIMATOLOGICAL DATA (WS FORM: F-6) , PAGE 2

                                          STATION:  LEXINGTON
                                          MONTH:    APRIL
                                          YEAR:     2018
                                          LATITUDE:   40 47 N
                                          LONGITUDE:  99 46 W

[TEMPERATURE DATA]      [PRECIPITATION DATA]       SYMBOLS USED IN COLUMN 16

AVERAGE MONTHLY: 39.8   TOTAL FOR MONTH:   0.56    1 = FOG OR MIST
DPTR FM NORMAL:     M   DPTR FM NORMAL:       M    2 = FOG REDUCING VISIBILITY
HIGHEST:    84 ON 11    GRTST 24HR  0.30 ON 20-20      TO 1/4 MILE OR LESS
LOWEST:     10 ON  7                               3 = THUNDER
                        SNOW, ICE PELLETS, HAIL    4 = ICE PELLETS
                        TOTAL MONTH:    M          5 = HAIL
                        GRTST 24HR    M  ON   M    6 = FREEZING RAIN OR DRIZZLE
                        GRTST DEPTH:  M  ON   M    7 = DUSTSTORM OR SANDSTORM:
                                                       VSBY 1/2 MILE OR LESS
                                                   8 = SMOKE OR HAZE
[NO. OF DAYS WITH]      [WEATHER - DAYS WITH]      9 = BLOWING SNOW
                                                   X = TORNADO
MAX 32 OR BELOW:   2    0.01 INCH OR MORE:   4
MAX 90 OR ABOVE:   0    0.10 INCH OR MORE:   2
MIN 32 OR BELOW:  15    0.50 INCH OR MORE:   0
MIN  0 OR BELOW:   0    1.00 INCH OR MORE:   0

[HDD (BASE 65) ]
TOTAL THIS MO.   548    CLEAR  (SCALE 0-3)  12
DPTR FM NORMAL     M    PTCLDY (SCALE 4-7)   7
TOTAL FM JUL 1  6048    CLOUDY (SCALE 8-10)  3
DPTR FM NORMAL     M

[CDD (BASE 65) ]
TOTAL THIS MO.     0
DPTR FM NORMAL     M    [PRESSURE DATA]
TOTAL FM JAN 1     0    HIGHEST SLP M ON M
DPTR FM NORMAL     M    LOWEST  SLP M ON M

[REMARKS]
