379
CXUS55 KABR 211400
CF6MBG
PRELIMINARY LOCAL CLIMATOLOGICAL DATA (WS FORM: F-6)

                                          STATION:   MOBRIDGE SD
                                          MONTH:     APRIL
                                          YEAR:      2018
                                          LATITUDE:   45 32 N
                                          LONGITUDE: 100 25 W

  TEMPERATURE IN F:       :PCPN:    SNOW:  WIND      :SUNSHINE: SKY     :PK WND
================================================================================
1   2   3   4   5  6A  6B    7    8   9   10  11  12  13   14  15   16   17  18
                                     12Z  AVG MX 2MIN
DY MAX MIN AVG DEP HDD CDD  WTR  SNW DPTH SPD SPD DIR MIN PSBL S-S WX    SPD DR
================================================================================

 1  38   5  22 -17  43   0 0.00  0.0    0  7.7 18  90   M    M   0        23  90
 2  30  19  25 -15  40   0 0.18  1.2    0 16.8 30  50   M    M   9 1289   36  50
 3  23   4  14 -26  51   0 0.13  1.6    2 11.2 25  10   M    M   8 1      31  10
 4  35   1  18 -22  47   0 0.00  0.0    2  5.8 15 170   M    M   3        18 180
 5  38  17  28 -13  37   0    T    T    T 10.1 26 350   M    M   4 18     32 360
 6  27   6  17 -24  48   0 0.00  0.0    T 13.6 30 340   M    M   1        39 340
 7  36   7  22 -20  43   0 0.00  0.0    T  9.2 29  90   M    M   0        36  90
 8  31  25  28 -14  37   0 0.36  5.8    1 17.3 29 100   M    M   9 128    35 100
 9  33  19  26 -17  39   0    T    T    5  5.3 10 240   M    M   9 1      13 230
10  57  22  40  -3  25   0 0.00  0.0    4  6.2 21  70   M    M   0        27  70
11  44  34  39  -5  26   0 0.12  0.0    1 10.4 20 130   M    M   7 1      25  90
12  43  30  37  -7  28   0 0.00  0.0    1  8.9 26  60   M    M   7 128    34  70
13  35  28  32 -12  33   0 0.02  0.2    1 18.0 30  10   M    M   9        37  10
14  42  20  31 -14  34   0 0.00  0.0    T 14.8 22  20   M    M   2        27 360
15  43  17  30 -15  35   0 0.00  0.0    0  7.1 16  30   M    M   0        21  60
16  48  18  33 -13  32   0 0.00  0.0    0 10.8 22 140   M    M   0        28 130
17  52  30  41  -5  24   0 0.00  0.0    0 15.4 29 150   M    M   3        34 150
18  53  28  41  -5  24   0 0.13    T    T  9.8 17  10   M    M   6 1      21  10
19  57  25  41  -6  24   0 0.00  0.0    0  6.9 16 150   M    M   0        21 130
20  56  32  44  -3  21   0 0.00  0.0    0 12.3 22 160   M    M   1        28 160
================================================================================
SM  821  387       691   0  0.94     8.8 217.6          M       78
================================================================================
AV 41.1 19.4                              10.9 FASTST   M    M   4    MAX(MPH)
                                 MISC ---->  # 30  50               # 39  340
================================================================================
NOTES:
# LAST OF SEVERAL OCCURRENCES

COLUMN 17 PEAK WIND IN M.P.H.

PRELIMINARY LOCAL CLIMATOLOGICAL DATA (WS FORM: F-6) , PAGE 2

                                          STATION:  MOBRIDGE SD
                                          MONTH:    APRIL
                                          YEAR:     2018
                                          LATITUDE:   45 32 N
                                          LONGITUDE: 100 25 W

[TEMPERATURE DATA]      [PRECIPITATION DATA]       SYMBOLS USED IN COLUMN 16

AVERAGE MONTHLY: 30.2   TOTAL FOR MONTH:   0.94    1 = FOG OR MIST
DPTR FM NORMAL: -13.0   DPTR FM NORMAL:    0.14    2 = FOG REDUCING VISIBILITY
HIGHEST:    57 ON 19,10 GRTST 24HR  0.36 ON  8- 8      TO 1/4 MILE OR LESS
LOWEST:      1 ON  4                               3 = THUNDER
                        SNOW, ICE PELLETS, HAIL    4 = ICE PELLETS
                        TOTAL MONTH:   8.8 INCHES  5 = HAIL
                        GRTST 24HR   5.8 ON  8- 8  6 = FREEZING RAIN OR DRIZZLE
                        GRTST DEPTH:   5 ON  9     7 = DUSTSTORM OR SANDSTORM:
                                                       VSBY 1/2 MILE OR LESS
                                                   8 = SMOKE OR HAZE
[NO. OF DAYS WITH]      [WEATHER - DAYS WITH]      9 = BLOWING SNOW
                                                   X = TORNADO
MAX 32 OR BELOW:   4    0.01 INCH OR MORE:   6
MAX 90 OR ABOVE:   0    0.10 INCH OR MORE:   5
MIN 32 OR BELOW:  19    0.50 INCH OR MORE:   0
MIN  0 OR BELOW:   0    1.00 INCH OR MORE:   0

[HDD (BASE 65) ]
TOTAL THIS MO.   691    CLEAR  (SCALE 0-3)   9
DPTR FM NORMAL   254    PTCLDY (SCALE 4-7)   7
TOTAL FM JUL 1  7664    CLOUDY (SCALE 8-10)  4
DPTR FM NORMAL   225

[CDD (BASE 65) ]
TOTAL THIS MO.     0
DPTR FM NORMAL     0    [PRESSURE DATA]
TOTAL FM JAN 1     0    HIGHEST SLP M ON M
DPTR FM NORMAL     0    LOWEST  SLP 29.68 ON 12

[REMARKS]
