000
CXUS53 KABR 191100
CF6MBG
PRELIMINARY LOCAL CLIMATOLOGICAL DATA (WS FORM: F-6)
STATION: MOBRIDGE SD
MONTH: APRIL
YEAR: 2024
LATITUDE: 45 32 N
LONGITUDE: 100 25 W
TEMPERATURE IN F: :PCPN: SNOW: WIND :SUNSHINE: SKY :PK WND
================================================================================
1 2 3 4 5 6A 6B 7 8 9 10 11 12 13 14 15 16 17 18
12Z AVG MX 2MIN
DY MAX MIN AVG DEP HDD CDD WTR SNW DPTH SPD SPD DIR MIN PSBL S-S WX SPD DR
================================================================================
1 42 27 35 -5 30 0 0.03 1.0 2 5.0 10 250 M M 7 18 15 250
2 55 26 41 0 24 0 0.00 0.0 T 12.7 30 350 M M 1 39 360
3 58 22 40 -1 25 0 0.00 0.0 0 7.9 15 10 M M 0 21 10
4 62 23 43 2 22 0 0.00 0.0 0 8.9 21 110 M M 0 29 120
5 66 35 51 9 14 0 0.00 0.0 0 19.5 31 140 M M 0 41 130
6 68 42 55 13 10 0 T 0.0 0 26.6 38 100 M M 1 50 110
7 47 34 41 -2 24 0 0.18 T 0 13.5 31 100 M M 10 18 43 100
8 51 34 43 0 22 0 0.15 T T 8.3 20 320 M M 9 1 24 330
9 68 40 54 11 11 0 0.00 0.0 0 7.8 20 290 M M 6 29 280
10 64 37 51 7 14 0 T 0.0 0 14.4 29 310 M M 4 41 310
11 60 31 46 2 19 0 0.00 0.0 0 14.9 30 320 M M 1 44 340
12 69 23 46 2 19 0 0.00 0.0 0 9.2 22 160 M M 0 28 160
13 87 44 66 21 0 1 0.00 0.0 0 9.6 20 10 M M 0 27 360
14 76 37 57 12 8 0 0.00 0.0 0 10.1 18 110 M M 0 25 110
15 78 48 63 17 2 0 0.06 0.0 0 22.9 40 120 M M 2 3 52 130
16 58 45 52 6 13 0 0.78 0.0 0 14.3 24 80 M M 9 13 36 80
17 57 38 48 2 17 0 0.00 0.0 0 17.0 26 320 M M 4 1 37 300
18 47 29 38 -9 27 0 0.00 0.0 0 18.7 37 310 M M 3 49 300
================================================================================
SM 1113 615 301 1 1.20 1.0 241.3 M 57
================================================================================
AV 61.8 34.2 13.4 FASTST M M 3 MAX(MPH)
MISC ----> 40 120 52 130
================================================================================
NOTES:
# LAST OF SEVERAL OCCURRENCES
COLUMN 17 PEAK WIND IN M.P.H.
PRELIMINARY LOCAL CLIMATOLOGICAL DATA (WS FORM: F-6) , PAGE 2
STATION: MOBRIDGE SD
MONTH: APRIL
YEAR: 2024
LATITUDE: 45 32 N
LONGITUDE: 100 25 W
[TEMPERATURE DATA] [PRECIPITATION DATA] SYMBOLS USED IN COLUMN 16
AVERAGE MONTHLY: 48.0 TOTAL FOR MONTH: 1.20 1 = FOG OR MIST
DPTR FM NORMAL: 4.5 DPTR FM NORMAL: 0.44 2 = FOG REDUCING VISIBILITY
HIGHEST: 87 ON 13 GRTST 24HR 0.84 ON 15-16 TO 1/4 MILE OR LESS
LOWEST: 22 ON 3 3 = THUNDER
SNOW, ICE PELLETS, HAIL 4 = ICE PELLETS
TOTAL MONTH: 1.5 INCHES 5 = HAIL
GRTST 24HR 1.0 ON 1- 1 6 = FREEZING RAIN OR DRIZZLE
GRTST DEPTH: 2 ON 1 7 = DUSTSTORM OR SANDSTORM:
VSBY 1/2 MILE OR LESS
8 = SMOKE OR HAZE
[NO. OF DAYS WITH] [WEATHER - DAYS WITH] 9 = BLOWING SNOW
X = TORNADO
MAX 32 OR BELOW: 0 0.01 INCH OR MORE: 5
MAX 90 OR ABOVE: 0 0.10 INCH OR MORE: 3
MIN 32 OR BELOW: 7 0.50 INCH OR MORE: 1
MIN 0 OR BELOW: 0 1.00 INCH OR MORE: 0
[HDD (BASE 65) ]
TOTAL THIS MO. 301 CLEAR (SCALE 0-3) 10
DPTR FM NORMAL -86 PTCLDY (SCALE 4-7) 5
TOTAL FM JUL 1 6232 CLOUDY (SCALE 8-10) 3
DPTR FM NORMAL -820
[CDD (BASE 65) ]
TOTAL THIS MO. 1
DPTR FM NORMAL 1 [PRESSURE DATA]
TOTAL FM JAN 1 1 HIGHEST SLP M ON M
DPTR FM NORMAL 1 LOWEST SLP 29.35 ON 16
[REMARKS]