000
CXUS56 KMFR 170930
CF6MFR
PRELIMINARY LOCAL CLIMATOLOGICAL DATA (WS FORM: F-6)
STATION: MEDFORD OR
MONTH: APRIL
YEAR: 2024
LATITUDE: 42 22 N
LONGITUDE: 122 52 W
TEMPERATURE IN F: :PCPN: SNOW: WIND :SUNSHINE: SKY :PK WND
================================================================================
1 2 3 4 5 6A 6B 7 8 9 10 11 12 13 14 15 16 17 18
12Z AVG MX 2MIN
DY MAX MIN AVG DEP HDD CDD WTR SNW DPTH SPD SPD DIR MIN PSBL S-S WX SPD DR
================================================================================
1 73 37 55 5 10 0 0.00 0.0 0 2.0 8 270 M M 0 11 270
2 81 45 63 13 2 0 0.00 0.0 0 5.1 17 300 M M 1 24 290
3 54 42 48 -2 17 0 0.19 0.0 0 4.3 14 300 M M 9 18 20 300
4 52 36 44 -6 21 0 T 0.0 0 4.6 16 320 M M 6 22 320
5 54 35 45 -6 20 0 T 0.0 0 4.6 15 300 M M 8 20 360
6 58 38 48 -3 17 0 0.07 0.0 0 4.0 21 260 M M 8 26 270
7 60 42 51 0 14 0 0.02 0.0 0 4.0 13 360 M M 6 17 330
8 66 37 52 1 13 0 0.00 0.0 M 2.5 9 310 M M 3 8 12 330
9 68 41 55 4 10 0 0.00 0.0 0 4.5 14 310 M M 0 18 300
10 76 40 58 7 7 0 0.00 0.0 0 2.6 9 10 M M 0 12 320
11 75 44 60 8 5 0 0.00 0.0 0 5.4 20 310 M M 0 30 310
12 67 45 56 4 9 0 0.00 0.0 M 4.2 22 140 M M 3 27 140
13 61 49 55 3 10 0 0.21 0.0 0 4.8 16 150 M M 7 1 20 150
14 54 44 49 -3 16 0 0.31 0.0 0 4.7 13 300 M M 8 1 18 300
15 60 41 51 -1 14 0 0.00 0.0 0 3.4 12 360 M M 6 15 10
16 64 37 51 -2 14 0 0.00 0.0 0 3.6 18 360 M M 0 24 360
================================================================================
SM 1023 653 199 0 0.80 0.0 64.3 M 65
================================================================================
AV 63.9 40.8 4.0 FASTST M M 4 MAX(MPH)
MISC ----> 22 140 30 310
================================================================================
NOTES:
# LAST OF SEVERAL OCCURRENCES
COLUMN 17 PEAK WIND IN M.P.H.
PRELIMINARY LOCAL CLIMATOLOGICAL DATA (WS FORM: F-6) , PAGE 2
STATION: MEDFORD OR
MONTH: APRIL
YEAR: 2024
LATITUDE: 42 22 N
LONGITUDE: 122 52 W
[TEMPERATURE DATA] [PRECIPITATION DATA] SYMBOLS USED IN COLUMN 16
AVERAGE MONTHLY: 52.4 TOTAL FOR MONTH: 0.80 1 = FOG OR MIST
DPTR FM NORMAL: 1.2 DPTR FM NORMAL: -0.08 2 = FOG REDUCING VISIBILITY
HIGHEST: 81 ON 2 GRTST 24HR 0.52 ON 13-14 TO 1/4 MILE OR LESS
LOWEST: 35 ON 5 3 = THUNDER
SNOW, ICE PELLETS, HAIL 4 = ICE PELLETS
TOTAL MONTH: 0.0 INCH 5 = HAIL
GRTST 24HR 0.0 6 = FREEZING RAIN OR DRIZZLE
GRTST DEPTH: 0 7 = DUSTSTORM OR SANDSTORM:
VSBY 1/2 MILE OR LESS
8 = SMOKE OR HAZE
[NO. OF DAYS WITH] [WEATHER - DAYS WITH] 9 = BLOWING SNOW
X = TORNADO
MAX 32 OR BELOW: 0 0.01 INCH OR MORE: 5
MAX 90 OR ABOVE: 0 0.10 INCH OR MORE: 3
MIN 32 OR BELOW: 0 0.50 INCH OR MORE: 0
MIN 0 OR BELOW: 0 1.00 INCH OR MORE: 0
[HDD (BASE 65) ]
TOTAL THIS MO. 199 CLEAR (SCALE 0-3) 6
DPTR FM NORMAL -21 PTCLDY (SCALE 4-7) 8
TOTAL FM JUL 1 3331 CLOUDY (SCALE 8-10) 2
DPTR FM NORMAL -490
[CDD (BASE 65) ]
TOTAL THIS MO. 0
DPTR FM NORMAL 0 [PRESSURE DATA]
TOTAL FM JAN 1 0 HIGHEST SLP M ON M
DPTR FM NORMAL 0 LOWEST SLP 29.58 ON 12
[REMARKS]