000
CXUS54 KFWD 250730
CF6MWL
PRELIMINARY LOCAL CLIMATOLOGICAL DATA (WS FORM: F-6)

                                          STATION:   MINERAL WELLS
                                          MONTH:     MAY
                                          YEAR:      2018
                                          LATITUDE:   32 46 N
                                          LONGITUDE:  98  4 W

  TEMPERATURE IN F:       :PCPN:    SNOW:  WIND      :SUNSHINE: SKY     :PK WND
================================================================================
1   2   3   4   5  6A  6B    7    8   9   10  11  12  13   14  15   16   17  18
                                     12Z  AVG MX 2MIN
DY MAX MIN AVG DEP HDD CDD  WTR  SNW DPTH SPD SPD DIR MIN PSBL S-S WX    SPD DR
================================================================================

 1  80  68  74   6   0   9 0.00  0.0    0 14.9 25 150   M    M  10        31 150
 2  90  72  81  12   0  16 0.00  0.0    0 16.4 30 150   M    M   7        42 150
 3  85  65  75   6   0  10 0.97  0.0    0 11.3 30 260   M    M   6 138    41 280
 4  72  56  64  -5   1   0 0.40  0.0    0  5.7 21 130   M    M   6 123    25 130
 5  83  51  67  -3   0   2 0.00  0.0    0  6.5 17 330   M    M   2 12     22 330
 6  88  51  70   0   0   5 0.00  0.0    0  3.7 12 160   M    M   0 1      14 160
 7  93  56  75   5   0  10 0.00  0.0    0  6.6 13 150   M    M   0        17 170
 8  92  60  76   6   0  11 0.00  0.0    0 10.8 21 170   M    M   0        27 180
 9  89  59  74   3   0   9 0.00  0.0    0 11.0 21 160   M    M   0        26 160
10  86  61  74   3   0   9 0.00  0.0    0 12.8 22 150   M    M   1        29 140
11  89  67  78   7   0  13 0.00  0.0    0 16.5 24 150   M    M   0        33 160
12  90  69  80   9   0  15 0.00  0.0    0 13.4 23 140   M    M   1        29 140
13  90  66  78   6   0  13 0.00  0.0    0 10.4 18 150   M    M   3 1      26 140
14  90  70  80   8   0  15 0.00  0.0    0 10.9 20 180   M    M   3        24 180
15  90  71  81   9   0  16 0.65  0.0    0  8.1 24 130   M    M   1 13     28 130
16  90  64  77   5   0  12 0.00  0.0    0  6.3 20 330   M    M   1        25 330
17  92  63  78   5   0  13 0.02  0.0    0  6.7 23 290   M    M   0 3      31 290
18  96  66  81   8   0  16 0.02  0.0    0 10.1 24  50   M    M   0 3      28  50
19  90  69  80   7   0  15    T  0.0    0 12.7 24 160   M    M   2        35 170
20  83  63  73   0   0   8 0.51  0.0    0  7.4 21 310   M    M   5 13     27 310
21  87  62  75   1   0  10 0.00  0.0    0  4.5 14 130   M    M   2 1      17 130
22  88  64  76   2   0  11 0.00  0.0    0  7.3 14 160   M    M   2 1      19 120
23  90  67  79   5   0  14 0.00  0.0    0  7.9 15 140   M    M   1        19 140
24  90  67  79   5   0  14 0.00  0.0    0  8.0 16 170   M    M   1        20 170
================================================================================
SM 2113 1527         1 266  2.57     0.0 229.9          M       54
================================================================================
AV 88.0 63.6                               9.6 FASTST   M    M   2    MAX(MPH)
                                 MISC ---->  # 30 150               # 42  150
================================================================================
NOTES:
# LAST OF SEVERAL OCCURRENCES

COLUMN 17 PEAK WIND IN M.P.H.

PRELIMINARY LOCAL CLIMATOLOGICAL DATA (WS FORM: F-6) , PAGE 2

                                          STATION:  MINERAL WELLS
                                          MONTH:    MAY
                                          YEAR:     2018
                                          LATITUDE:   32 46 N
                                          LONGITUDE:  98  4 W

[TEMPERATURE DATA]      [PRECIPITATION DATA]       SYMBOLS USED IN COLUMN 16

AVERAGE MONTHLY: 75.8   TOTAL FOR MONTH:   2.57    1 = FOG OR MIST
DPTR FM NORMAL:   4.4   DPTR FM NORMAL:   -0.42    2 = FOG REDUCING VISIBILITY
HIGHEST:    96 ON 18    GRTST 24HR  0.97 ON  3- 3      TO 1/4 MILE OR LESS
LOWEST:     51 ON  6, 5                            3 = THUNDER
                        SNOW, ICE PELLETS, HAIL    4 = ICE PELLETS
                        TOTAL MONTH:   0.0 INCH    5 = HAIL
                        GRTST 24HR     0.0         6 = FREEZING RAIN OR DRIZZLE
                        GRTST DEPTH:   0           7 = DUSTSTORM OR SANDSTORM:
                                                       VSBY 1/2 MILE OR LESS
                                                   8 = SMOKE OR HAZE
[NO. OF DAYS WITH]      [WEATHER - DAYS WITH]      9 = BLOWING SNOW
                                                   X = TORNADO
MAX 32 OR BELOW:   0    0.01 INCH OR MORE:   6
MAX 90 OR ABOVE:  13    0.10 INCH OR MORE:   4
MIN 32 OR BELOW:   0    0.50 INCH OR MORE:   3
MIN  0 OR BELOW:   0    1.00 INCH OR MORE:   0

[HDD (BASE 65) ]
TOTAL THIS MO.     1    CLEAR  (SCALE 0-3)  19
DPTR FM NORMAL   -11    PTCLDY (SCALE 4-7)   4
TOTAL FM JUL 1  2441    CLOUDY (SCALE 8-10)  1
DPTR FM NORMAL   -48

[CDD (BASE 65) ]
TOTAL THIS MO.   266
DPTR FM NORMAL    97    [PRESSURE DATA]
TOTAL FM JAN 1   373    HIGHEST SLP M ON M
DPTR FM NORMAL    78    LOWEST  SLP 29.65 ON 18

[REMARKS]
