202
CXUS56 KSGX 221445
CF6OKB
PRELIMINARY LOCAL CLIMATOLOGICAL DATA (WS FORM: F-6)

                                          STATION:   OCEANSIDE AIRPORT CA
                                          MONTH:     APRIL
                                          YEAR:      2018
                                          LATITUDE:   33 13 N
                                          LONGITUDE: 117 21 W

  TEMPERATURE IN F:       :PCPN:    SNOW:  WIND      :SUNSHINE: SKY     :PK WND
================================================================================
1   2   3   4   5  6A  6B    7    8   9   10  11  12  13   14  15   16   17  18
                                     12Z  AVG MX 2MIN
DY MAX MIN AVG DEP HDD CDD  WTR  SNW DPTH SPD SPD DIR MIN PSBL S-S WX    SPD DR
================================================================================

 1  64  51  58   1   7   0 0.00  0.0    0  2.9 13 260   M    M   7 18     16 260
 2  65  57  61   4   4   0 0.00  0.0    0  5.5 14 210   M    M   9        17 230
 3  68  50  59   2   6   0 0.00  0.0    0  4.9 16 260   M    M   4 1      20 260
 4  63  55  59   2   6   0 0.00  0.0    0  4.1 12 250   M    M  10 18     16 250
 5  65  53  59   2   6   0 0.00  0.0    0  3.4 14 230   M    M   6 18     22 160
 6  69  54  62   4   3   0 0.00  0.0    0  5.5 13 240   M    M   3        19 240
 7  69  53  61   3   4   0    T  0.0    0  4.8 14 260   M    M   6 1      18 240
 8  70  52  61   3   4   0 0.00  0.0    0  5.7 15 250   M    M   5 1      18 260
 9  82  46  64   6   1   0 0.00  0.0    0  4.6 13 230   M    M   0 1      18 150
10  85  48  67   9   0   2 0.00  0.0    0  3.8 15 250   M    M   0 1      18 250
11  75  47  61   3   4   0 0.00  0.0    0  6.2 16 250   M    M   5 18     20 250
12  67  47  57  -1   8   0    T    M    0  8.3 24 300   M    M   2        30 300
13  77  43  60   2   5   0 0.00  0.0    0  7.4 25 290   M    M   0        32 290
14  84  41  63   5   2   0 0.00  0.0    0  4.6 18 290   M    M   0        24 280
15  76  40  58   0   7   0 0.00  0.0    0  4.4 13 260   M    M   1        28 220
16  67  50  59   0   6   0 0.00  0.0    0  7.3 21 290   M    M   4 18     31 310
17  65  38  52  -7  13   0 0.00  0.0    0  6.7 20 280   M    M   0        24 290
18  68  38  53  -6  12   0 0.00  0.0    0  5.7 14 220   M    M   1        19 230
19  63  44  54  -5  11   0 0.06    M    0  5.5 15 250   M    M   3 1      28 250
20  71  44  58  -1   7   0 0.00  0.0    0  6.5 21 250   M    M   1        25 240
21  73  44  59   0   6   0 0.00  0.0    0  5.3 15 240   M    M   0 1      22 170
================================================================================
SM 1486  995       122   2  0.06     0.0 113.1          M       67
================================================================================
AV 70.8 47.4                               5.4 FASTST   M    M   3    MAX(MPH)
                                 MISC ---->  # 25 290               # 32  290
================================================================================
NOTES:
# LAST OF SEVERAL OCCURRENCES

COLUMN 17 PEAK WIND IN M.P.H.

PRELIMINARY LOCAL CLIMATOLOGICAL DATA (WS FORM: F-6) , PAGE 2

                                          STATION:  OCEANSIDE AIRPORT CA
                                          MONTH:    APRIL
                                          YEAR:     2018
                                          LATITUDE:   33 13 N
                                          LONGITUDE: 117 21 W

[TEMPERATURE DATA]      [PRECIPITATION DATA]       SYMBOLS USED IN COLUMN 16

AVERAGE MONTHLY: 59.1   TOTAL FOR MONTH:   0.06    1 = FOG OR MIST
DPTR FM NORMAL:   1.0   DPTR FM NORMAL:   -0.67    2 = FOG REDUCING VISIBILITY
HIGHEST:    85 ON 10    GRTST 24HR  0.06 ON 19-19      TO 1/4 MILE OR LESS
LOWEST:     38 ON 18,17                            3 = THUNDER
                        SNOW, ICE PELLETS, HAIL    4 = ICE PELLETS
                        TOTAL MONTH:   0.0 INCH    5 = HAIL
                        GRTST 24HR     0.0         6 = FREEZING RAIN OR DRIZZLE
                        GRTST DEPTH:   0           7 = DUSTSTORM OR SANDSTORM:
                                                       VSBY 1/2 MILE OR LESS
                                                   8 = SMOKE OR HAZE
[NO. OF DAYS WITH]      [WEATHER - DAYS WITH]      9 = BLOWING SNOW
                                                   X = TORNADO
MAX 32 OR BELOW:   0    0.01 INCH OR MORE:   1
MAX 90 OR ABOVE:   0    0.10 INCH OR MORE:   0
MIN 32 OR BELOW:   0    0.50 INCH OR MORE:   0
MIN  0 OR BELOW:   0    1.00 INCH OR MORE:   0

[HDD (BASE 65) ]
TOTAL THIS MO.   122    CLEAR  (SCALE 0-3)  12
DPTR FM NORMAL   -25    PTCLDY (SCALE 4-7)   7
TOTAL FM JUL 1  1368    CLOUDY (SCALE 8-10)  2
DPTR FM NORMAL  -477

[CDD (BASE 65) ]
TOTAL THIS MO.     2
DPTR FM NORMAL     2    [PRESSURE DATA]
TOTAL FM JAN 1     5    HIGHEST SLP M ON M
DPTR FM NORMAL     4    LOWEST  SLP 29.79 ON M

[REMARKS]
