000
CXUS55 KCYS 191610
CF6RWL
PRELIMINARY LOCAL CLIMATOLOGICAL DATA (WS FORM: F-6)
STATION: RAWLINS WYOMING AIRPORT
MONTH: APRIL
YEAR: 2024
LATITUDE: 41 47 N
LONGITUDE: 107 12 W
TEMPERATURE IN F: :PCPN: SNOW: WIND :SUNSHINE: SKY :PK WND
================================================================================
1 2 3 4 5 6A 6B 7 8 9 10 11 12 13 14 15 16 17 18
12Z AVG MX 2MIN
DY MAX MIN AVG DEP HDD CDD WTR SNW DPTH SPD SPD DIR MIN PSBL S-S WX SPD DR
================================================================================
1 43 24 34 -4 31 0 0.00 M M 10.3 21 350 M M 8 27 350
2 53 22 38 0 27 0 0.00 M M 10.9 23 260 M M 1 36 250
3 62 35 49 11 16 0 0.00 M M 14.4 23 220 M M 0 33 210
4 66 30 48 10 17 0 0.00 M M 10.7 31 190 M M 0 41 180
5 67 35 51 13 14 0 0.00 M M 15.5 36 170 M M 2 56 190
6 35 27 31 -8 34 0 0.11 M M 25.5 41 260 M M 10 12 63 250
7 44 24 34 -5 31 0 T M M 23.8 35 240 M M 5 52 250
8 44 23 34 -5 31 0 0.00 M M 12.6 22 240 M M 4 31 250
9 53 23 38 -1 27 0 0.00 M M 14.1 25 260 M M 3 39 230
10 52 25 39 0 26 0 0.00 M M 11.1 24 310 M M 4 38 310
11 60 18 39 0 26 0 0.00 M M 8.5 24 240 M M 0 32 230
12 71 28 50 10 15 0 0.00 M M 10.3 28 190 M M 1 38 200
13 70 36 53 13 12 0 0.00 M M 9.3 22 240 M M 2 31 270
14 70 32 51 11 14 0 0.00 M M 8.1 30 170 M M 0 40 180
15 61 32 47 7 18 0 T M M 11.9 24 220 M M 4 32 190
16 62 39 51 11 14 0 0.03 M M 17.1 31 260 M M 4 47 240
17 55 20 38 -2 27 0 T M M 16.1 33 260 M M 8 50 290
18 45 14 30 -11 35 0 0.00 M M 6.6 20 40 M M 3 29 290
================================================================================
SM 1013 487 415 0 0.14 M 236.8 M 59
================================================================================
AV 56.3 27.1 13.2 FASTST M M 3 MAX(MPH)
MISC ----> 41 260 63 250
================================================================================
NOTES:
# LAST OF SEVERAL OCCURRENCES
COLUMN 17 PEAK WIND IN M.P.H.
PRELIMINARY LOCAL CLIMATOLOGICAL DATA (WS FORM: F-6) , PAGE 2
STATION: RAWLINS WYOMING AIRPORT
MONTH: APRIL
YEAR: 2024
LATITUDE: 41 47 N
LONGITUDE: 107 12 W
[TEMPERATURE DATA] [PRECIPITATION DATA] SYMBOLS USED IN COLUMN 16
AVERAGE MONTHLY: 41.7 TOTAL FOR MONTH: 0.14 1 = FOG OR MIST
DPTR FM NORMAL: 2.5 DPTR FM NORMAL: -0.59 2 = FOG REDUCING VISIBILITY
HIGHEST: 71 ON 12 GRTST 24HR 0.11 ON 5- 6 TO 1/4 MILE OR LESS
LOWEST: 14 ON 18 3 = THUNDER
SNOW, ICE PELLETS, HAIL 4 = ICE PELLETS
TOTAL MONTH: M 5 = HAIL
GRTST 24HR M ON M 6 = FREEZING RAIN OR DRIZZLE
GRTST DEPTH: M ON M 7 = DUSTSTORM OR SANDSTORM:
VSBY 1/2 MILE OR LESS
8 = SMOKE OR HAZE
[NO. OF DAYS WITH] [WEATHER - DAYS WITH] 9 = BLOWING SNOW
X = TORNADO
MAX 32 OR BELOW: 0 0.01 INCH OR MORE: 2
MAX 90 OR ABOVE: 0 0.10 INCH OR MORE: 1
MIN 32 OR BELOW: 14 0.50 INCH OR MORE: 0
MIN 0 OR BELOW: 0 1.00 INCH OR MORE: 0
[HDD (BASE 65) ]
TOTAL THIS MO. 415 CLEAR (SCALE 0-3) 10
DPTR FM NORMAL -51 PTCLDY (SCALE 4-7) 6
TOTAL FM JUL 1 6689 CLOUDY (SCALE 8-10) 2
DPTR FM NORMAL -561
[CDD (BASE 65) ]
TOTAL THIS MO. 0
DPTR FM NORMAL 0 [PRESSURE DATA]
TOTAL FM JAN 1 0 HIGHEST SLP M ON M
DPTR FM NORMAL 0 LOWEST SLP 29.33 ON 5
[REMARKS]