006
CXUS56 KPQR 211200
CF6SLE
PRELIMINARY LOCAL CLIMATOLOGICAL DATA (WS FORM: F-6)

                                          STATION:   SALEM OR
                                          MONTH:     MAY
                                          YEAR:      2018
                                          LATITUDE:   44 55 N
                                          LONGITUDE: 123  0 W

  TEMPERATURE IN F:       :PCPN:    SNOW:  WIND      :SUNSHINE: SKY     :PK WND
================================================================================
1   2   3   4   5  6A  6B    7    8   9   10  11  12  13   14  15   16   17  18
                                     12Z  AVG MX 2MIN
DY MAX MIN AVG DEP HDD CDD  WTR  SNW DPTH SPD SPD DIR MIN PSBL S-S WX    SPD DR
================================================================================

 1  59  45  52  -1  13   0 0.00  0.0    0  3.7 10 350   M    M   9        11 350
 2  73  39  56   3   9   0 0.00  0.0    0  3.4 10  70   M    M   2        13  70
 3  76  46  61   7   4   0 0.00  0.0    0  6.6 20 270   M    M   1        23 280
 4  67  50  59   5   6   0 0.00  0.0    0  1.9 13 310   M    M   6        16 320
 5  74  50  62   8   3   0 0.00    M    M  4.0 10 340   M    M   1        14  30
 6  71  52  62   8   3   0 0.09  0.0    M  6.4 14 220   M    M   5 3      20 210
 7  75  52  64  10   1   0 0.00    M    M  3.0  8 220   M    M   5        11 270
 8  77  45  61   6   4   0 0.09    M    0  4.2 20 240   M    M   2        27 260
 9  68  48  58   3   7   0 0.00  0.0    0  7.9 17 290   M    M   5 1      20 280
10  65  47  56   1   9   0 0.01    M    0  8.2 24 310   M    M   7        29 320
11  67  48  58   3   7   0 0.00  0.0    0  3.4 12  70   M    M   6        13  60
12  81  49  65   9   0   0 0.00  0.0    0  5.8 16  20   M    M   4        20  10
13  89  50  70  14   0   5 0.00  0.0    0  3.9 14 310   M    M   0        19 350
14  87  50  69  13   0   4 0.00  0.0    0  5.1 15 270   M    M   1        19 290
15  73  50  62   6   3   0 0.00  0.0    0  6.2 14 270   M    M   6        17 280
16  68  54  61   5   4   0 0.00  0.0    0  5.9 13 260   M    M  10        16 160
17  70  50  60   3   5   0 0.00  0.0    0  3.4 12  50   M    M   8        14  50
18  70  47  59   2   6   0 0.00  0.0    0  4.6 16 320   M    M   7        19 320
19  68  51  60   3   5   0 0.00  0.0    0  4.3 12 270   M    M   7        15 310
20  71  47  59   2   6   0 0.00  0.0    0  5.9 16 320   M    M   7        22 290
================================================================================
SM 1449  970        95   9  0.19     0.0  97.8          M       99
================================================================================
AV 72.5 48.5                               4.9 FASTST   M    M   5    MAX(MPH)
                                 MISC ---->  # 24 310               # 29  320
================================================================================
NOTES:
# LAST OF SEVERAL OCCURRENCES

COLUMN 17 PEAK WIND IN M.P.H.

PRELIMINARY LOCAL CLIMATOLOGICAL DATA (WS FORM: F-6) , PAGE 2

                                          STATION:  SALEM OR
                                          MONTH:    MAY
                                          YEAR:     2018
                                          LATITUDE:   44 55 N
                                          LONGITUDE: 123  0 W

[TEMPERATURE DATA]      [PRECIPITATION DATA]       SYMBOLS USED IN COLUMN 16

AVERAGE MONTHLY: 60.5   TOTAL FOR MONTH:   0.19    1 = FOG OR MIST
DPTR FM NORMAL:   5.3   DPTR FM NORMAL:   -1.22    2 = FOG REDUCING VISIBILITY
HIGHEST:    89 ON 13    GRTST 24HR  0.09 ON  8- 8      TO 1/4 MILE OR LESS
LOWEST:     39 ON  2                               3 = THUNDER
                        SNOW, ICE PELLETS, HAIL    4 = ICE PELLETS
                        TOTAL MONTH:   0.0 INCH    5 = HAIL
                        GRTST 24HR     0.0         6 = FREEZING RAIN OR DRIZZLE
                        GRTST DEPTH:   0           7 = DUSTSTORM OR SANDSTORM:
                                                       VSBY 1/2 MILE OR LESS
                                                   8 = SMOKE OR HAZE
[NO. OF DAYS WITH]      [WEATHER - DAYS WITH]      9 = BLOWING SNOW
                                                   X = TORNADO
MAX 32 OR BELOW:   0    0.01 INCH OR MORE:   3
MAX 90 OR ABOVE:   0    0.10 INCH OR MORE:   0
MIN 32 OR BELOW:   0    0.50 INCH OR MORE:   0
MIN  0 OR BELOW:   0    1.00 INCH OR MORE:   0

[HDD (BASE 65) ]
TOTAL THIS MO.    95    CLEAR  (SCALE 0-3)   6
DPTR FM NORMAL  -105    PTCLDY (SCALE 4-7)  12
TOTAL FM JUL 1  3985    CLOUDY (SCALE 8-10)  2
DPTR FM NORMAL  -458

[CDD (BASE 65) ]
TOTAL THIS MO.     9
DPTR FM NORMAL     9    [PRESSURE DATA]
TOTAL FM JAN 1     9    HIGHEST SLP M ON M
DPTR FM NORMAL     9    LOWEST  SLP 29.78 ON 14

[REMARKS]
