000
CXUS54 KMAF 261100
CF6SNK
PRELIMINARY LOCAL CLIMATOLOGICAL DATA (WS FORM: F-6)

                                          STATION:   Snyder Winston Field
                                          MONTH:     MAY
                                          YEAR:      2018
                                          LATITUDE:   32 41 N
                                          LONGITUDE: 100 57 W

  TEMPERATURE IN F:       :PCPN:    SNOW:  WIND      :SUNSHINE: SKY     :PK WND
================================================================================
1   2   3   4   5  6A  6B    7    8   9   10  11  12  13   14  15   16   17  18
                                     12Z  AVG MX 2MIN
DY MAX MIN AVG DEP HDD CDD  WTR  SNW DPTH SPD SPD DIR MIN PSBL S-S WX    SPD DR
================================================================================

 1  88  68  78   M   0  13 0.00  0.0    0 14.9 21 180   M    M   4        29 170
 2  93  65  79   M   0  14 0.00  0.0    0 15.3 21 220   M    M   5 3      32 220
 3  85  63  74   M   0   9 0.00  0.0    0  9.2 18 240   M    M   1 1      28 240
 4  78  60  69   M   0   4 0.00  0.0    0 11.4 20  30   M    M   2        33 310
 5  85  54  70   M   0   5 0.00  0.0    0  5.1 13  20   M    M   1        20  20
 6  90  55  73   M   0   8 0.00  0.0    0  8.4 14 130   M    M   0        16 240
 7  93  63  78   M   0  13 0.00  0.0    0 11.3 22 150   M    M   0        25 150
 8  95  66  81   M   0  16 0.00  0.0    0 14.7 24 180   M    M   0        33 180
 9  95  66  81   M   0  16 0.00  0.0    0 13.4 24 150   M    M   0        28 150
10  95  64  80   M   0  15 0.00  0.0    0 19.1 31 160   M    M   0        38 170
11  97  67  82   M   0  17 0.00  0.0    0 18.9 29 190   M    M   0        35 190
12  97  67  82   M   0  17 0.00  0.0    0 13.8 18 200   M    M   0 3      27 140
13  93  71  82   M   0  17 0.00  0.0    0 13.5 20 160   M    M   2        28 160
14  92  67  80   M   0  15 0.00  0.0    0 11.4 21 150   M    M   2 3      58 210
15  91  61  76   M   0  11 0.00  0.0    0  8.0 17  80   M    M   1 3      32  80
16  89  62  76   M   0  11 0.00  0.0    0  9.5 16  80   M    M   2 3      20 120
17  94  65  80   M   0  15 0.00  0.0    0 13.3 28 350   M    M   0 3      38 350
18  96  63  80   M   0  15 0.00  0.0    0 15.9 27 170   M    M   0        35 180
19  83  69  76   M   0  11 0.00  0.0    0 12.6 18 150   M    M   2 3      25 180
20  71  59  65   M   0   0 0.00  0.0    0 11.7 25  10   M    M   6 3      35  10
21  83  61  72   M   0   7 0.00  0.0    0  8.6 14 130   M    M   3        17  90
22  85  65  75   M   0  10 0.00  0.0    0  8.9 20 140   M    M   1        22 150
23  88  67  78   M   0  13 0.00  0.0    0 11.0 17 140   M    M   2        22 130
24  90  68  79   M   0  14 0.00  0.0    0  8.1 15 190   M    M   2        18 190
25  98  68  83   M   0  18 0.00  0.0    0  8.2 16  90   M    M   0 8      20 200
================================================================================
SM 2244 1604         0 304  0.00     0.0 296.2          M       36
================================================================================
AV 89.8 64.2                              11.8 FASTST   M    M   1    MAX(MPH)
                                 MISC ---->  # 31 160               # 58  210
================================================================================
NOTES:
# LAST OF SEVERAL OCCURRENCES

COLUMN 17 PEAK WIND IN M.P.H.

PRELIMINARY LOCAL CLIMATOLOGICAL DATA (WS FORM: F-6) , PAGE 2

                                          STATION:  Snyder Winston Field
                                          MONTH:    MAY
                                          YEAR:     2018
                                          LATITUDE:   32 41 N
                                          LONGITUDE: 100 57 W

[TEMPERATURE DATA]      [PRECIPITATION DATA]       SYMBOLS USED IN COLUMN 16

AVERAGE MONTHLY: 77.0   TOTAL FOR MONTH:   0.00    1 = FOG OR MIST
DPTR FM NORMAL:     M   DPTR FM NORMAL:       M    2 = FOG REDUCING VISIBILITY
HIGHEST:    98 ON 25    GRTST 24HR  0.00 ON 25-25      TO 1/4 MILE OR LESS
LOWEST:     54 ON  5                               3 = THUNDER
                        SNOW, ICE PELLETS, HAIL    4 = ICE PELLETS
                        TOTAL MONTH:   0.0 INCH    5 = HAIL
                        GRTST 24HR     0.0         6 = FREEZING RAIN OR DRIZZLE
                        GRTST DEPTH:   0           7 = DUSTSTORM OR SANDSTORM:
                                                       VSBY 1/2 MILE OR LESS
                                                   8 = SMOKE OR HAZE
[NO. OF DAYS WITH]      [WEATHER - DAYS WITH]      9 = BLOWING SNOW
                                                   X = TORNADO
MAX 32 OR BELOW:   0    0.01 INCH OR MORE:   0
MAX 90 OR ABOVE:  15    0.10 INCH OR MORE:   0
MIN 32 OR BELOW:   0    0.50 INCH OR MORE:   0
MIN  0 OR BELOW:   0    1.00 INCH OR MORE:   0

[HDD (BASE 65) ]
TOTAL THIS MO.     0    CLEAR  (SCALE 0-3)  21
DPTR FM NORMAL     M    PTCLDY (SCALE 4-7)   4
TOTAL FM JUL 1  2614    CLOUDY (SCALE 8-10)  0
DPTR FM NORMAL     M

[CDD (BASE 65) ]
TOTAL THIS MO.   304
DPTR FM NORMAL     M    [PRESSURE DATA]
TOTAL FM JAN 1   408    HIGHEST SLP M ON M
DPTR FM NORMAL     M    LOWEST  SLP M ON M

[REMARKS]
