000
CXUS54 KSHV 191500
CF6TXK
PRELIMINARY LOCAL CLIMATOLOGICAL DATA (WS FORM: F-6)

                                          STATION:   TEXARKANA
                                          MONTH:     APRIL
                                          YEAR:      2018
                                          LATITUDE:   33 27 N
                                          LONGITUDE:  94  0 W

  TEMPERATURE IN F:       :PCPN:    SNOW:  WIND      :SUNSHINE: SKY     :PK WND
================================================================================
1   2   3   4   5  6A  6B    7    8   9   10  11  12  13   14  15   16   17  18
                                     12Z  AVG MX 2MIN
DY MAX MIN AVG DEP HDD CDD  WTR  SNW DPTH SPD SPD DIR MIN PSBL S-S WX    SPD DR
================================================================================

 1  74  59  67   7   0   2 0.00  0.0    0  6.8 17 240   M    M   7        21 220
 2  75  51  63   3   2   0    T  0.0    0  7.1 23 180   M    M   7 1      31 180
 3  81  50  66   5   0   1 0.01  0.0    0 15.3 28 210   M    M   5 3      37 220
 4  62  40  51 -10  14   0 0.00  0.0    0  5.3 14  40   M    M   0        18 340
 5  62  42  52  -9  13   0    T    M    0  4.7 16 150   M    M   8 3      19 150
 6  63  54  59  -2   6   0 0.81  0.0    0  7.4 16  40   M    M   8 13     23  20
 7  56  32  44 -18  21   0    T    M    0 11.6 22  40   M    M   9        29  20
 8  58  31  45 -17  20   0 0.00  0.0    0  4.3 14 140   M    M   5        19 140
 9  67  42  55  -7  10   0 0.00  0.0    0  5.5 15  30   M    M   2        21  20
10  69  43  56  -6   9   0 0.00  0.0    0  5.6 18  10   M    M   0        24  10
11  77  45  61  -2   4   0 0.00  0.0    0  9.1 17 170   M    M   0        23 210
12  81  51  66   3   0   1 0.00  0.0    0 14.3 23 180   M    M   1        32 160
13  79  62  71   8   0   6 0.47  0.0    0 11.2 31 280   M    M   8 13     49 280
14  65  42  54  -9  11   0 0.05    M    0 14.0 25 300   M    M   1 138    35 300
15  57  38  48 -16  17   0 0.00  0.0    0 13.3 24 300   M    M   1        35 270
16  71  33  52 -12  13   0 0.00  0.0    0  5.8 14 210   M    M   0        18 230
17  82  52  67   3   0   2 0.00  0.0    0 14.0 28 220   M    M   0        34 220
18  80  58  69   5   0   4 0.00  0.0    0 11.5 20 200   M    M   3        25 200
================================================================================
SM 1259  825       140  16  1.34     0.0 166.8          M       65
================================================================================
AV 69.9 45.8                               9.3 FASTST   M    M   4    MAX(MPH)
                                 MISC ---->  # 31 280               # 49  280
================================================================================
NOTES:
# LAST OF SEVERAL OCCURRENCES

COLUMN 17 PEAK WIND IN M.P.H.

PRELIMINARY LOCAL CLIMATOLOGICAL DATA (WS FORM: F-6) , PAGE 2

                                          STATION:  TEXARKANA
                                          MONTH:    APRIL
                                          YEAR:     2018
                                          LATITUDE:   33 27 N
                                          LONGITUDE:  94  0 W

[TEMPERATURE DATA]      [PRECIPITATION DATA]       SYMBOLS USED IN COLUMN 16

AVERAGE MONTHLY: 57.9   TOTAL FOR MONTH:   1.34    1 = FOG OR MIST
DPTR FM NORMAL:  -4.3   DPTR FM NORMAL:   -0.88    2 = FOG REDUCING VISIBILITY
HIGHEST:    82 ON 17    GRTST 24HR  0.81 ON  6- 6      TO 1/4 MILE OR LESS
LOWEST:     31 ON  8                               3 = THUNDER
                        SNOW, ICE PELLETS, HAIL    4 = ICE PELLETS
                        TOTAL MONTH:   0.0 INCH    5 = HAIL
                        GRTST 24HR     0.0         6 = FREEZING RAIN OR DRIZZLE
                        GRTST DEPTH:   0           7 = DUSTSTORM OR SANDSTORM:
                                                       VSBY 1/2 MILE OR LESS
                                                   8 = SMOKE OR HAZE
[NO. OF DAYS WITH]      [WEATHER - DAYS WITH]      9 = BLOWING SNOW
                                                   X = TORNADO
MAX 32 OR BELOW:   0    0.01 INCH OR MORE:   4
MAX 90 OR ABOVE:   0    0.10 INCH OR MORE:   2
MIN 32 OR BELOW:   2    0.50 INCH OR MORE:   1
MIN  0 OR BELOW:   0    1.00 INCH OR MORE:   0

[HDD (BASE 65) ]
TOTAL THIS MO.   140    CLEAR  (SCALE 0-3)  10
DPTR FM NORMAL    56    PTCLDY (SCALE 4-7)   4
TOTAL FM JUL 1  2474    CLOUDY (SCALE 8-10)  4
DPTR FM NORMAL  -104

[CDD (BASE 65) ]
TOTAL THIS MO.    16
DPTR FM NORMAL   -19    [PRESSURE DATA]
TOTAL FM JAN 1    58    HIGHEST SLP M ON M
DPTR FM NORMAL     0    LOWEST  SLP 29.53 ON 13

[REMARKS]
