000
CXUS54 KSHV 251500
CF6TYR
PRELIMINARY LOCAL CLIMATOLOGICAL DATA (WS FORM: F-6)

                                          STATION:   TYLER
                                          MONTH:     APRIL
                                          YEAR:      2018
                                          LATITUDE:   32 22 N
                                          LONGITUDE:  95 24 W

  TEMPERATURE IN F:       :PCPN:    SNOW:  WIND      :SUNSHINE: SKY     :PK WND
================================================================================
1   2   3   4   5  6A  6B    7    8   9   10  11  12  13   14  15   16   17  18
                                     12Z  AVG MX 2MIN
DY MAX MIN AVG DEP HDD CDD  WTR  SNW DPTH SPD SPD DIR MIN PSBL S-S WX    SPD DR
================================================================================

 1  78  53  66   6   0   1    T  0.0    0  9.8 21 200   M    M   6        25 210
 2  81  49  65   4   0   0 0.00  0.0    0  8.7 25 170   M    M   6        33 150
 3  79  54  67   6   0   2 0.04  0.0    0 15.0 31 130   M    M   6 13     38 140
 4  67  43  55  -6  10   0 0.00  0.0    0  8.8 20  10   M    M   0        24  10
 5  72  47  60  -1   5   0 0.00  0.0    0 11.5 17 170   M    M   7        22 180
 6  83  59  71   9   0   6 0.33  0.0    0 12.2 24 340   M    M   9 13     30 320
 7  59  40  50 -12  15   0 0.09    M    0 11.8 21 360   M    M  10 1      26 350
 8  60  36  48 -14  17   0 0.00  0.0    0  7.3 15  80   M    M   6        21  70
 9  70  49  60  -2   5   0 0.00  0.0    0  5.3 14 360   M    M   6        20  60
10  73  47  60  -3   5   0 0.00  0.0    0  6.2 16  10   M    M   0        21 360
11  80  45  63   0   2   0 0.00  0.0    0 10.8 23 180   M    M   0        28 170
12  84  59  72   9   0   7 0.00  0.0    0 19.6 29 170   M    M   2        36 200
13  78  61  70   6   0   5 0.40  0.0    0 15.1 32 250   M    M  10 13     41 240
14  62  45  54 -10  11   0 0.01    M    0 13.7 26 310   M    M   1        34 310
15  61  38  50 -14  15   0 0.00  0.0    0 11.5 24 330   M    M   0        31 280
16  78  37  58  -6   7   0 0.00  0.0    0  7.4 22 190   M    M   0 8      29 200
17  84  59  72   7   0   7 0.00  0.0    0 17.9 28 180   M    M   0        35 180
18  81  55  68   3   0   3 0.00  0.0    0 10.6 21 220   M    M   4        28 180
19  71  51  61  -4   4   0 0.00  0.0    0  9.0 18  10   M    M   0        28 360
20  69  47  58  -8   7   0 0.00  0.0    0  9.8 18  80   M    M   0        24  80
21  69  51  60  -6   5   0 1.02  0.0    0  7.3 23 150   M    M   7 13     30 150
22  67  53  60  -6   5   0    T  0.0    0 10.5 22 300   M    M   8 1      28 300
23  71  50  61  -6   4   0 0.00  0.0    0  6.9 17 300   M    M   5        20 300
24  82  50  66  -1   0   1 0.00  0.0    0  4.2 13 360   M    M   0        17  20
================================================================================
SM 1759 1178       117  32  1.89     0.0 250.9          M       93
================================================================================
AV 73.3 49.1                              10.5 FASTST   M    M   4    MAX(MPH)
                                 MISC ---->  # 32 250               # 41  240
================================================================================
NOTES:
# LAST OF SEVERAL OCCURRENCES

COLUMN 17 PEAK WIND IN M.P.H.

PRELIMINARY LOCAL CLIMATOLOGICAL DATA (WS FORM: F-6) , PAGE 2

                                          STATION:  TYLER
                                          MONTH:    APRIL
                                          YEAR:     2018
                                          LATITUDE:   32 22 N
                                          LONGITUDE:  95 24 W

[TEMPERATURE DATA]      [PRECIPITATION DATA]       SYMBOLS USED IN COLUMN 16

AVERAGE MONTHLY: 61.2   TOTAL FOR MONTH:   1.89    1 = FOG OR MIST
DPTR FM NORMAL:  -2.3   DPTR FM NORMAL:   -0.52    2 = FOG REDUCING VISIBILITY
HIGHEST:    84 ON 17,12 GRTST 24HR  1.02 ON 21-21      TO 1/4 MILE OR LESS
LOWEST:     36 ON  8                               3 = THUNDER
                        SNOW, ICE PELLETS, HAIL    4 = ICE PELLETS
                        TOTAL MONTH:   0.0 INCH    5 = HAIL
                        GRTST 24HR     0.0         6 = FREEZING RAIN OR DRIZZLE
                        GRTST DEPTH:   0           7 = DUSTSTORM OR SANDSTORM:
                                                       VSBY 1/2 MILE OR LESS
                                                   8 = SMOKE OR HAZE
[NO. OF DAYS WITH]      [WEATHER - DAYS WITH]      9 = BLOWING SNOW
                                                   X = TORNADO
MAX 32 OR BELOW:   0    0.01 INCH OR MORE:   6
MAX 90 OR ABOVE:   0    0.10 INCH OR MORE:   3
MIN 32 OR BELOW:   0    0.50 INCH OR MORE:   1
MIN  0 OR BELOW:   0    1.00 INCH OR MORE:   1

[HDD (BASE 65) ]
TOTAL THIS MO.   117    CLEAR  (SCALE 0-3)  11
DPTR FM NORMAL    26    PTCLDY (SCALE 4-7)  10
TOTAL FM JUL 1  2061    CLOUDY (SCALE 8-10)  3
DPTR FM NORMAL  -195

[CDD (BASE 65) ]
TOTAL THIS MO.    32
DPTR FM NORMAL   -21    [PRESSURE DATA]
TOTAL FM JAN 1   124    HIGHEST SLP M ON M
DPTR FM NORMAL    38    LOWEST  SLP 29.53 ON 13

[REMARKS]
