000
CXUS55 KSEW 230930
CF6UIL
PRELIMINARY LOCAL CLIMATOLOGICAL DATA (WS FORM: F-6)

                                          STATION:   QUILLAYUTE WA AIRPORT
                                          MONTH:     APRIL
                                          YEAR:      2018
                                          LATITUDE:   47 57 N
                                          LONGITUDE: 124 33 W

  TEMPERATURE IN F:       :PCPN:    SNOW:  WIND      :SUNSHINE: SKY     :PK WND
================================================================================
1   2   3   4   5  6A  6B    7    8   9   10  11  12  13   14  15   16   17  18
                                     12Z  AVG MX 2MIN
DY MAX MIN AVG DEP HDD CDD  WTR  SNW DPTH SPD SPD DIR MIN PSBL S-S WX    SPD DR
================================================================================

 1  47  38  43  -2  22   0 0.13  0.0    0  9.5 21 280   M    M   8 1      29 270
 2  50  35  43  -2  22   0 0.08  0.0    0  6.9 18 270   M    M   9        28 320
 3  47  37  42  -4  23   0    T  0.0    0  3.6 13 270   M    M  10        14 270
 4  48  38  43  -3  22   0 0.81  0.0    0  4.4  8 130   M    M  10 1      11  70
 5  51  45  48   2  17   0 0.92  0.0    0  7.8 14 140   M    M  10 1      23 170
 6  61  49  55   9  10   0 0.10  0.0    0  5.2 10  50   M    M   6 1      14 170
 7  56  45  51   5  14   0 2.41  0.0    0 13.7 23 170   M    M  10 1      46 150
 8  50  46  48   2  17   0 0.76  0.0    0 10.2 18 230   M    M  10 1      30 210
 9  58  44  51   5  14   0 0.00  0.0    0  5.1 13  50   M    M   4        16  50
10  59  45  52   6  13   0 0.41  0.0    0 11.9 24 190   M    M   8 1      42 190
11  48  37  43  -3  22   0 1.00  0.0    0  6.7 20 140   M    M   9 1      32 140
12  50  37  44  -2  21   0 0.41  0.0    0  6.0 15 230   M    M   9 1      21 160
13  50  43  47   1  18   0 2.18  0.0    0 10.4 22 240   M    M  10 1      34 210
14  51  38  45  -1  20   0 0.01  0.0    0  3.3 12 240   M    M   7 1      14 150
15  53  37  45  -1  20   0 0.36  0.0    0  4.9 17  50   M    M   7 1      21  50
16  49  41  45  -2  20   0 0.28  0.0    0  7.3 18 280   M    M  10 1      27 270
17  50  41  46  -1  19   0 0.05  0.0    0  6.6 17 240   M    M   9 1      24 260
18  55  34  45  -2  20   0 0.05  0.0    0  4.2 15 280   M    M   6        18 270
19  56  31  44  -3  21   0 0.00  0.0    0  4.7 15 280   M    M   2        19 270
20  51  38  45  -2  20   0 0.28  0.0    0  5.6 20 240   M    M   8 1      28 240
21  53  35  44  -3  21   0 0.03  0.0    0  7.7 18 260   M    M   6 1      25 250
22  58  30  44  -3  21   0 0.00  0.0    0  5.5 16 290   M    M   1        20 270
================================================================================
SM 1151  864       417   0 10.27     0.0 151.2          M      169
================================================================================
AV 52.3 39.3                               6.9 FASTST   M    M   8    MAX(MPH)
                                 MISC ---->  # 24 190               # 46  150
================================================================================
NOTES:
# LAST OF SEVERAL OCCURRENCES

COLUMN 17 PEAK WIND IN M.P.H.

PRELIMINARY LOCAL CLIMATOLOGICAL DATA (WS FORM: F-6) , PAGE 2

                                          STATION:  QUILLAYUTE WA AIRPORT
                                          MONTH:    APRIL
                                          YEAR:     2018
                                          LATITUDE:   47 57 N
                                          LONGITUDE: 124 33 W

[TEMPERATURE DATA]      [PRECIPITATION DATA]       SYMBOLS USED IN COLUMN 16

AVERAGE MONTHLY: 45.8   TOTAL FOR MONTH:  10.27    1 = FOG OR MIST
DPTR FM NORMAL:  -0.4   DPTR FM NORMAL:    4.20    2 = FOG REDUCING VISIBILITY
HIGHEST:    61 ON  6    GRTST 24HR  2.41 ON  7- 7      TO 1/4 MILE OR LESS
LOWEST:     30 ON 22                               3 = THUNDER
                        SNOW, ICE PELLETS, HAIL    4 = ICE PELLETS
                        TOTAL MONTH:   0.0 INCH    5 = HAIL
                        GRTST 24HR     0.0         6 = FREEZING RAIN OR DRIZZLE
                        GRTST DEPTH:   0           7 = DUSTSTORM OR SANDSTORM:
                                                       VSBY 1/2 MILE OR LESS
                                                   8 = SMOKE OR HAZE
[NO. OF DAYS WITH]      [WEATHER - DAYS WITH]      9 = BLOWING SNOW
                                                   X = TORNADO
MAX 32 OR BELOW:   0    0.01 INCH OR MORE:  18
MAX 90 OR ABOVE:   0    0.10 INCH OR MORE:  13
MIN 32 OR BELOW:   2    0.50 INCH OR MORE:   6
MIN  0 OR BELOW:   0    1.00 INCH OR MORE:   3

[HDD (BASE 65) ]
TOTAL THIS MO.   417    CLEAR  (SCALE 0-3)   2
DPTR FM NORMAL     3    PTCLDY (SCALE 4-7)   9
TOTAL FM JUL 1  4756    CLOUDY (SCALE 8-10) 11
DPTR FM NORMAL  -151

[CDD (BASE 65) ]
TOTAL THIS MO.     0
DPTR FM NORMAL     0    [PRESSURE DATA]
TOTAL FM JAN 1     0    HIGHEST SLP M ON M
DPTR FM NORMAL     0    LOWEST  SLP 29.23 ON  7

[REMARKS]
