000
CDUS43 KUNR 250834
CLI2WX


CLIMATE REPORT
NATIONAL WEATHER SERVICE RAPID CITY SD
234 AM MDT FRI MAY 25 2018


...................................

...THE BUFFALO SD CLIMATE SUMMARY FOR MAY 24 2018...

CLIMATE NORMAL PERIOD 1981 TO 2010
CLIMATE RECORD PERIOD 9999 TO 9999


WEATHER ITEM   OBSERVED TIME   NORMAL DEPARTURE LAST
                VALUE   (LST)  VALUE  FROM      YEAR
                                      NORMAL
......................................................
TEMPERATURE (F)
 YESTERDAY
  MAXIMUM         82    426 PM  68     14       76
  MINIMUM         54    317 AM  44     10       41
  AVERAGE         68            56     12       59

PRECIPITATION (IN)
  YESTERDAY        0.00          0.15  -0.15     0.22
  MONTH TO DATE    1.61          2.10  -0.49     1.64
  SINCE MAR 1      4.50          4.42   0.08     6.35
  SINCE JAN 1      5.98          4.99   0.99     6.65

DEGREE DAYS
 HEATING
  YESTERDAY        0             9     -9        6
  MONTH TO DATE  171           305   -134      239
  SINCE MAR 1   2119          1961    158     1656
  SINCE JUL 1   8054          7758    296     7007

 COOLING
  YESTERDAY        3             0      3        0
  MONTH TO DATE   19             0     19       13
  SINCE MAR 1     19             0     19       13
  SINCE JAN 1     19             0     19       13
......................................................


WIND (MPH)
  HIGHEST WIND SPEED    30   HIGHEST WIND DIRECTION     W (280)
  HIGHEST GUST SPEED    38   HIGHEST GUST DIRECTION     W (270)
  AVERAGE WIND SPEED    13.7




RELATIVE HUMIDITY (PERCENT)
 HIGHEST    87          1200 AM
 LOWEST     34           400 PM
 AVERAGE    61

..........................................................




SUNRISE AND SUNSET
MAY 25 2018...........SUNRISE   513 AM MDT   SUNSET   830 PM MDT
MAY 26 2018...........SUNRISE   513 AM MDT   SUNSET   831 PM MDT


-  INDICATES NEGATIVE NUMBERS.
R  INDICATES RECORD WAS SET OR TIED.
MM INDICATES DATA IS MISSING.
T  INDICATES TRACE AMOUNT.




$$
