000
CDUS44 KSJT 240727
CLIABI


CLIMATE REPORT
NATIONAL WEATHER SERVICE SAN ANGELO TX
226 AM CDT THU MAY 24 2018


...................................

...THE ABILENE CLIMATE SUMMARY FOR MAY 23 2018...

CLIMATE NORMAL PERIOD 1981 TO 2010
CLIMATE RECORD PERIOD 1886 TO 2018


WEATHER ITEM   OBSERVED TIME   RECORD YEAR NORMAL DEPARTURE LAST
                VALUE   (LST)  VALUE       VALUE  FROM      YEAR
                                                  NORMAL
..................................................................
TEMPERATURE (F)
 YESTERDAY
  MAXIMUM         90    525 PM 106    2000  86      4       66
  MINIMUM         67    626 AM  45    1893  64      3       50
  AVERAGE         79                        75      4       58

PRECIPITATION (IN)
  YESTERDAY        0.00          2.46 1908   0.12  -0.12     0.44
  MONTH TO DATE    1.77                      2.18  -0.41     2.73
  SINCE MAR 1      3.54                      5.56  -2.02     4.49
  SINCE JAN 1      5.95                      7.94  -1.99     7.87

DEGREE DAYS
 HEATING
  YESTERDAY        0                         0      0        7
  MONTH TO DATE    0                        13    -13       16
  SINCE MAR 1    382                       422    -40      245
  SINCE JUL 1   2583                      2555     28     1826

 COOLING
  YESTERDAY       14                        10      4        0
  MONTH TO DATE  258                       177     81      108
  SINCE MAR 1    363                       305     58      296
  SINCE JAN 1    375                       310     65      327
..................................................................


WIND (MPH)
  HIGHEST WIND SPEED    21   HIGHEST WIND DIRECTION    SE (130)
  HIGHEST GUST SPEED    26   HIGHEST GUST DIRECTION    SE (120)
  AVERAGE WIND SPEED    11.3


SKY COVER
  POSSIBLE SUNSHINE  MM
  AVERAGE SKY COVER 0.1


WEATHER CONDITIONS
 THE FOLLOWING WEATHER WAS RECORDED YESTERDAY.
  NO SIGNIFICANT WEATHER WAS OBSERVED.


RELATIVE HUMIDITY (PERCENT)
 HIGHEST    93           600 AM
 LOWEST     34           400 PM
 AVERAGE    64

..........................................................


THE ABILENE CLIMATE NORMALS FOR TODAY
                         NORMAL    RECORD    YEAR
 MAXIMUM TEMPERATURE (F)   86       109      2000
 MINIMUM TEMPERATURE (F)   64        48      2017
                                             1930


SUNRISE AND SUNSET
MAY 24 2018...........SUNRISE   635 AM CDT   SUNSET   836 PM CDT
MAY 25 2018...........SUNRISE   635 AM CDT   SUNSET   837 PM CDT


-  INDICATES NEGATIVE NUMBERS.
R  INDICATES RECORD WAS SET OR TIED.
MM INDICATES DATA IS MISSING.
T  INDICATES TRACE AMOUNT.




$$
